000
CXUS52 KAKQ 011844
CLMECG


CLIMATE REPORT
NATIONAL WEATHER SERVICE WAKEFIELD, VA
241 PM EDT WED JUN 1 2016

...................................

...THE ELIZABETH CITY NC CLIMATE SUMMARY FOR THE MONTH OF MAY 2016...

CLIMATE NORMAL PERIOD 1981 TO 2010
CLIMATE RECORD PERIOD 1934 TO 2016

WEATHER         OBSERVED          NORMAL  DEPART  LAST YEAR`S
                 VALUE   DATE(S)  VALUE   FROM    VALUE  DATE(S)
                                          NORMAL
................................................................
TEMPERATURE (F)
RECORD
 HIGH             101   05/23/1941
 LOW               32   05/10/1997
HIGHEST            87   05/26        80       7       88  05/19
                                                          05/18
LOWEST             46   05/16        54      -8       46  05/02
AVG. MAXIMUM     75.0              76.8    -1.8     78.4
AVG. MINIMUM     58.2              56.7     1.5     60.1
MEAN             66.6              66.8    -0.2     69.2
DAYS MAX >= 90      0               0.7    -0.7        0
DAYS MAX <= 32      0               0.0     0.0        0
DAYS MIN <= 32      0               0.0     0.0        0
DAYS MIN <= 0       0               0.0     0.0        0

PRECIPITATION (INCHES)
RECORD
 MAXIMUM           MM   MM
 MINIMUM           MM   MM
TOTALS           4.36              3.61    0.75     3.42
DAILY AVG.       0.14              0.12    0.02     0.11
DAYS >= .01        18              11.5     6.5        7
DAYS >= .10         9               6.5     2.5        5
DAYS >= .50         3               2.8     0.2        2
DAYS >= 1.00        0               1.1    -1.1        1
GREATEST
 24 HR. TOTAL    1.35   05/29 TO 05/30

DEGREE_DAYS
HEATING TOTAL      58                68     -10       29
 SINCE 7/1       2481              3229    -748     3235
COOLING TOTAL     115               122      -7      170
 SINCE 1/1        170               164       6      205
.................................................................

WIND (MPH)
AVERAGE WIND SPEED              8.2
HIGHEST WIND SPEED/DIRECTION    24/MM     DATE   MM
HIGHEST GUST SPEED/DIRECTION    33/MM     DATE   MM

SKY COVER
POSSIBLE SUNSHINE (PERCENT)   MM
AVERAGE SKY COVER           0.50

AVERAGE RH (PERCENT)     78

WEATHER CONDITIONS. NUMBER OF DAYS WITH
THUNDERSTORM              0     MIXED PRECIP               0
HEAVY RAIN                8     RAIN                      12
LIGHT RAIN               20     FREEZING RAIN              0
LT FREEZING RAIN          0     HAIL                       0
HEAVY SNOW                0     SNOW                       0
LIGHT SNOW                0     SLEET                      0
FOG                      20     FOG W/VIS <= 1/4 MILE      4
HAZE                      2

-  INDICATES NEGATIVE NUMBERS.
R  INDICATES RECORD WAS SET OR TIED.
MM INDICATES DATA IS MISSING.
T  INDICATES TRACE AMOUNT.

$$
