000
CXUS51 KAKQ 012159
CLMRIC


CLIMATE REPORT
NATIONAL WEATHER SERVICE WAKEFIELD, VA
458 PM EST THU DEC 1 2016

...................................

...THE RICHMOND VA CLIMATE SUMMARY FOR THE MONTH OF NOVEMBER 2016...

CLIMATE NORMAL PERIOD 1981 TO 2010
CLIMATE RECORD PERIOD 1871 TO 2016

WEATHER         OBSERVED          NORMAL  DEPART  LAST YEAR`S
                 VALUE   DATE(S)  VALUE   FROM    VALUE  DATE(S)
                                          NORMAL
................................................................
TEMPERATURE (F)
RECORD
 HIGH              87   11/01/1950
 LOW               10   11/16/1933
                        11/29/1930
HIGHEST            83   11/03        78       5       78  11/06
LOWEST             21   11/22        25      -4       26  11/24
AVG. MAXIMUM     62.1              61.4     0.7     63.3
AVG. MINIMUM     37.5              39.4    -1.9     42.7
MEAN             49.8              50.4    -0.6     53.0
DAYS MAX >= 90      0               0.0     0.0        0
DAYS MAX <= 32      0               0.0     0.0        0
DAYS MIN <= 32      9               7.1     1.9        5
DAYS MIN <= 0       0               0.0     0.0        0

PRECIPITATION (INCHES)
RECORD
 MAXIMUM         9.60   2009
 MINIMUM         0.11   1890
TOTALS           1.08              3.24   -2.16     3.91
DAILY AVG.       0.04              0.11   -0.07     0.13
DAYS >= .01         7               8.3    -1.3       11
DAYS >= .10         5               5.4    -0.4        7
DAYS >= .50         0               2.2    -2.2        2
DAYS >= 1.00        0               0.9    -0.9        2
GREATEST
 24 HR. TOTAL    0.41   11/03 TO 11/04

SNOWFALL (INCHES)
RECORDS
 TOTAL            7.3   5
                        0
                        -26215
TOTALS            0.0
SINCE 7/1         0.0               0.2    -0.2      0.0
SNOWDEPTH AVG.      0                MM      MM        0
DAYS >= 1.0         0               0.1    -0.1        0
GREATEST
 SNOW DEPTH         0   MM                             0  MM
 24 HR TOTAL      0.0   11/30 TO 11/30           11/30 TO 11/30
                                                          11/30 TO 11/30
                                                          11/30 TO 11/30

DEGREE_DAYS
HEATING TOTAL     454
 SINCE 7/1        590               676     -86      592
COOLING TOTAL       4                 5      -1        8
 SINCE 1/1       1699              1548     151     1817
.................................................

WIND (MPH)
AVERAGE WIND SPEED              6.3
HIGHEST WIND SPEED/DIRECTION    31/300    DATE  11/19
HIGHEST GUST SPEED/DIRECTION    40/290    DATE  11/19

SKY COVER
POSSIBLE SUNSHINE (PERCENT)   MM
AVERAGE SKY COVER           0.40

AVERAGE RH (PERCENT)     66

WEATHER CONDITIONS. NUMBER OF DAYS WITH
THUNDERSTORM              0     MIXED PRECIP               0
HEAVY RAIN                3     RAIN                       3
LIGHT RAIN               10     FREEZING RAIN              0
LT FREEZING RAIN          0     HAIL                       0
HEAVY SNOW                0     SNOW                       0
LIGHT SNOW                0     SLEET                      0
FOG                      15     FOG W/VIS <= 1/4 MILE      3
HAZE                      7

-  INDICATES NEGATIVE NUMBERS.
R  INDICATES RECORD WAS SET OR TIED.
MM INDICATES DATA IS MISSING.
T  INDICATES TRACE AMOUNT.

$$
