000
CXUS51 KAKQ 011811
CLMRIC


CLIMATE REPORT
NATIONAL WEATHER SERVICE WAKEFIELD, VA
1244 PM EST SUN JAN 1 2017

...................................

...THE RICHMOND VA CLIMATE SUMMARY FOR THE YEAR OF 2016...

CLIMATE NORMAL PERIOD 1981 TO 2010
CLIMATE RECORD PERIOD 1871 TO 2016

WEATHER         OBSERVED          NORMAL  DEPART  LAST YEAR`S
                 VALUE   DATE(S)  VALUE   FROM    VALUE  DATE(S)
                                          NORMAL
................................................................
TEMPERATURE (F)
RECORD
 HIGH             107   08/06/1918
 LOW              -12   01/29/1940
HIGHEST            99   08/26        MM      MM      100  06/23
                        08/14
LOWEST              9   02/14        MM      MM        4  02/21
                                                          02/20
AVG. MAXIMUM     69.5              69.6    -0.1     70.1
AVG. MINIMUM     49.2              48.1     1.1     49.8
MEAN             59.3              58.9     0.4     59.9
DAYS MAX >= 90     43              42.0     1.0       47
DAYS MAX <= 32      9               4.5     4.5       10
DAYS MIN <= 32     74              73.5     0.5       68
DAYS MIN <= 0       0               0.1    -0.1        0

PRECIPITATION (INCHES)
RECORD
 MAXIMUM        72.02  1889
 MINIMUM        22,92  1941
TOTALS          52.75             43.60    9.15    49.07
DAILY AVG.       0.14              0.12    0.02     0.13
DAYS >= .01       121             114.0     7.0      127
DAYS >= .10        85              73.6    11.4       86
DAYS >= .50        35              29.3     5.7       38
DAYS >= 1.00       12              11.1     0.9        9
GREATEST
 24 HR. TOTAL    5.35
 STORM TOTAL       MM
 (MM/DD(HH))

SNOWFALL (INCHES)
RECORDS
 TOTAL             MM   MM
 24 HR TOTAL       MM
 SNOW DEPTH        MM   MM
TOTALS           15.1              10.3     4.8     12.8
 LIQUID EQUIV    1.51              1.00    0.51     1.28
SINCE 7/1         0.0               2.3    -2.3      0.0
 LIQUID 7/1      0.00              0.20   -0.20     0.00
SNOWDEPTH AVG.      0                MM      MM        0
DAYS >= TRACE      12               6.1     5.9       14
DAYS >= 1.0         3               2.9     0.1        3
GREATEST
 SNOW DEPTH         9   01/24                          6  02/17
 24 HR TOTAL      6.1   MM                       12/31 TO 12/31
                                                          12/31 TO 12/31
                                                          12/31 TO 12/31
 STORM TOTAL       MM
 (MM/DD(HH))

DEGREE_DAYS
HEATING TOTAL    3654              3771    -117     3531
 SINCE 7/1         MM              1419      MM       MM
COOLING TOTAL    1699              1549     150     1825
 SINCE 1/1       1699              1549     150     1825
..................................................



-  INDICATES NEGATIVE NUMBERS.
R  INDICATES RECORD WAS SET OR TIED.
MM INDICATES DATA IS MISSING.
T  INDICATES TRACE AMOUNT.

$$
