000
CXUS51 KAKQ 011037
CLMSBY


CLIMATE REPORT
NATIONAL WEATHER SERVICE WAKEFIELD, VA
628 AM EDT WED NOV 1 2017

...................................

...THE SALISBURY MD CLIMATE SUMMARY FOR THE MONTH OF OCTOBER 2017...

CLIMATE NORMAL PERIOD 1981 TO 2010
CLIMATE RECORD PERIOD 1900 TO 2017

WEATHER         OBSERVED          NORMAL  DEPART  LAST YEAR`S
                 VALUE   DATE(S)  VALUE   FROM    VALUE  DATE(S)
                                          NORMAL
................................................................
TEMPERATURE (F)
RECORD
 HIGH              98   10/06/1941


 LOW               23   10/29/2001
HIGHEST            88   10/10        76      12       86  10/19
LOWEST             34   10/27        42      -8       33  10/26
AVG. MAXIMUM     72.7              68.3     4.4     71.4
AVG. MINIMUM     51.6              46.2     5.4     50.8
MEAN             62.2              57.2     5.0     61.1
DAYS MAX >= 90      0               0.1    -0.1        0
DAYS MAX <= 32      0               0.0     0.0        0
DAYS MIN <= 32      0               1.5    -1.5        0
DAYS MIN <= 0       0               0.0     0.0        0

PRECIPITATION (INCHES)
RECORD
 MAXIMUM         9.23   2012
 MINIMUM         0.13   2000
TOTALS           3.94              3.49    0.45     4.04
DAILY AVG.       0.13              0.11    0.02     0.13
DAYS >= .01        11               8.1     2.9        7
DAYS >= .10         5               5.1    -0.1        7
DAYS >= .50         3               2.4     0.6        2
DAYS >= 1.00        1               1.0     0.0        2
GREATEST
 24 HR. TOTAL    2.13   10/29 TO 10/29

SNOWFALL (INCHES)
RECORDS
 TOTAL              T   5
                        0
                        -26215
TOTALS            0.0
SINCE 7/1         0.0               0.0     0.0      0.0
SNOWDEPTH AVG.      0                MM      MM        0
DAYS >= 1.0         0               0.0     0.0        0
GREATEST
 SNOW DEPTH         0   MM                             0  MM
 24 HR TOTAL      0.0   10/31 TO 10/31           10/31 TO 10/31
                                                          10/31 TO 10/31
                                                          10/31 TO 10/31

DEGREE_DAYS
HEATING TOTAL     155               265    -110      171
 SINCE 7/1        168               313    -145      175
COOLING TOTAL      75                25      50       59
 SINCE 1/1       1414              1150     264     1475
..................................................

WIND (MPH)
AVERAGE WIND SPEED              6.4
HIGHEST WIND SPEED/DIRECTION    26/200    DATE  10/09
HIGHEST GUST SPEED/DIRECTION    37/270    DATE  10/30

SKY COVER
POSSIBLE SUNSHINE (PERCENT)   MM
AVERAGE SKY COVER           0.40

AVERAGE RH (PERCENT)     79

WEATHER CONDITIONS. NUMBER OF DAYS WITH
THUNDERSTORM              0     MIXED PRECIP               0
HEAVY RAIN                3     RAIN                       6
LIGHT RAIN               12     FREEZING RAIN              0
LT FREEZING RAIN          0     HAIL                       0
HEAVY SNOW                0     SNOW                       0
LIGHT SNOW                0     SLEET                      0
FOG                      19     FOG W/VIS <= 1/4 MILE      6
HAZE                      3

-  INDICATES NEGATIVE NUMBERS.
R  INDICATES RECORD WAS SET OR TIED.
MM INDICATES DATA IS MISSING.
T  INDICATES TRACE AMOUNT.

$$
