000
CXUS53 KLBF 171410
CF6BBW
PRELIMINARY LOCAL CLIMATOLOGICAL DATA (WS FORM: F-6)
STATION: BROKEN BOW
MONTH: APRIL
YEAR: 2024
LATITUDE: 41 26 N
LONGITUDE: 99 39 W
TEMPERATURE IN F: :PCPN: SNOW: WIND :SUNSHINE: SKY :PK WND
================================================================================
1 2 3 4 5 6A 6B 7 8 9 10 11 12 13 14 15 16 17 18
12Z AVG MX 2MIN
DY MAX MIN AVG DEP HDD CDD WTR SNW DPTH SPD SPD DIR MIN PSBL S-S WX SPD DR
================================================================================
1 41 32 37 -8 28 0 0.02 M M 17.0 26 340 M M 10 1 36 340
2 56 31 44 -1 21 0 0.00 M M 20.1 37 330 M M 3 52 330
3 58 29 44 -2 21 0 0.00 M M 15.0 26 350 M M 0 40 290
4 65 24 45 -1 20 0 0.00 M M 4.4 12 100 M M 0 15 40
5 66 33 50 4 15 0 0.00 M M 15.8 31 140 M M 0 43 140
6 67 41 54 8 11 0 0.23 M M 20.5 44 110 M M 3 13 64 120
7 52 39 46 0 19 0 0.05 M M 21.0 33 300 M M 9 1 45 300
8 57 30 44 -3 21 0 T M M 12.2 30 290 M M 5 38 270
9 67 31 49 2 16 0 0.00 M M 7.1 21 260 M M 0 30 240
10 68 38 53 6 12 0 T M M 13.5 41 320 M M 2 59 310
11 61 29 45 -2 20 0 0.00 M M 17.3 32 330 M M 0 47 330
12 72 23 48 0 17 0 0.00 M M 8.5 26 170 M M 0 32 170
13 87 38 63 15 2 0 0.00 M M 4.5 15 190 M M 0 21 150
14 82 49 66 18 0 1 0.00 M M 10.7 21 60 M M 0 28 60
15 85 49 67 19 0 2 T M M 19.7 39 140 M M 2 54 140
16 68 51 60 11 5 0 0.39 M M 22.9 44 300 M M 6 13 55 300
================================================================================
SM 1052 567 228 3 0.69 M 230.2 M 40
================================================================================
AV 65.8 35.4 14.4 FASTST M M 3 MAX(MPH)
MISC ----> # 44 110 64 120
================================================================================
NOTES:
# LAST OF SEVERAL OCCURRENCES
COLUMN 17 PEAK WIND IN M.P.H.
PRELIMINARY LOCAL CLIMATOLOGICAL DATA (WS FORM: F-6) , PAGE 2
STATION: BROKEN BOW
MONTH: APRIL
YEAR: 2024
LATITUDE: 41 26 N
LONGITUDE: 99 39 W
[TEMPERATURE DATA] [PRECIPITATION DATA] SYMBOLS USED IN COLUMN 16
AVERAGE MONTHLY: 50.6 TOTAL FOR MONTH: 0.69 1 = FOG OR MIST
DPTR FM NORMAL: 3.8 DPTR FM NORMAL: -0.53 2 = FOG REDUCING VISIBILITY
HIGHEST: 87 ON 13 GRTST 24HR 0.39 ON 16-16 TO 1/4 MILE OR LESS
LOWEST: 23 ON 12 3 = THUNDER
SNOW, ICE PELLETS, HAIL 4 = ICE PELLETS
TOTAL MONTH: M 5 = HAIL
GRTST 24HR M ON M 6 = FREEZING RAIN OR DRIZZLE
GRTST DEPTH: M ON M 7 = DUSTSTORM OR SANDSTORM:
VSBY 1/2 MILE OR LESS
8 = SMOKE OR HAZE
[NO. OF DAYS WITH] [WEATHER - DAYS WITH] 9 = BLOWING SNOW
X = TORNADO
MAX 32 OR BELOW: 0 0.01 INCH OR MORE: 4
MAX 90 OR ABOVE: 0 0.10 INCH OR MORE: 2
MIN 32 OR BELOW: 8 0.50 INCH OR MORE: 0
MIN 0 OR BELOW: 0 1.00 INCH OR MORE: 0
[HDD (BASE 65) ]
TOTAL THIS MO. 228 CLEAR (SCALE 0-3) 11
DPTR FM NORMAL -64 PTCLDY (SCALE 4-7) 3
TOTAL FM JUL 1 5357 CLOUDY (SCALE 8-10) 2
DPTR FM NORMAL -468
[CDD (BASE 65) ]
TOTAL THIS MO. 3
DPTR FM NORMAL 3 [PRESSURE DATA]
TOTAL FM JAN 1 3 HIGHEST SLP M ON M
DPTR FM NORMAL 2 LOWEST SLP 29.11 ON 7
[REMARKS]