000
CXUS55 KGJT 280910
CF6CEZ
PRELIMINARY LOCAL CLIMATOLOGICAL DATA (WS FORM: F-6)
STATION: CORTEZ CO
MONTH: MARCH
YEAR: 2024
LATITUDE: 37 17 N
LONGITUDE: 108 38 W
TEMPERATURE IN F: :PCPN: SNOW: WIND :SUNSHINE: SKY :PK WND
================================================================================
1 2 3 4 5 6A 6B 7 8 9 10 11 12 13 14 15 16 17 18
12Z AVG MX 2MIN
DY MAX MIN AVG DEP HDD CDD WTR SNW DPTH SPD SPD DIR MIN PSBL S-S WX SPD DR
================================================================================
1 58 21 40 3 25 0 0.00 M M 7.8 23 200 M M 0 8 28 200
2 63 22 43 6 22 0 0.00 M M 18.0 41 210 M M 2 8 52 220
3 57 28 43 6 22 0 T M M 16.4 33 220 M M 7 44 220
4 53 26 40 2 25 0 0.00 M M 11.4 22 210 M M 4 29 210
5 55 20 38 0 27 0 0.00 M M 5.4 17 200 M M 2 23 190
6 54 21 38 0 27 0 0.00 M M 6.0 18 210 M M 5 28 200
7 48 25 37 -1 28 0 0.07 M M 7.0 20 140 M M 7 24 170
8 52 22 37 -2 28 0 0.00 M M 7.9 24 330 M M 3 1 38 290
9 52 24 38 -1 27 0 0.00 M M 5.1 13 60 M M 3 19 270
10 56 17 37 -2 28 0 0.00 M M 5.1 14 290 M M 0 18 290
11 59 22 41 2 24 0 0.00 M M 6.1 20 190 M M 2 27 180
12 57 22 40 0 25 0 0.00 M M 8.1 22 200 M M 4 34 270
13 47 24 36 -4 29 0 0.04 M M 5.0 24 350 M M 8 1 33 350
14 48 18 33 -7 32 0 0.03 M M 5.6 24 150 M M 4 1 33 140
15 50 32 41 1 24 0 0.33 M M 14.1 31 120 M M 10 1 45 110
16 47 32 40 -1 25 0 0.19 M M 4.6 16 260 M M 8 1 22 250
17 47 29 38 -3 27 0 0.22 M M 4.2 21 210 M M 7 1 24 210
18 54 25 40 -1 25 0 0.00 M M 4.9 16 210 M M 2 23 210
19 56 25 41 0 24 0 0.07 M M 4.9 18 330 M M 5 8 28 340
20 58 27 43 2 22 0 0.00 M M 5.7 22 40 M M 1 3 30 20
21 63 27 45 3 20 0 0.00 M M 8.4 20 270 M M 2 28 280
22 63 27 45 3 20 0 0.00 M M 6.1 17 300 M M 1 23 300
23 61 32 47 5 18 0 0.00 M M 9.4 24 200 M M 3 32 210
24 46 31 39 -3 26 0 0.33 M M 5.4 22 160 M M 9 12 29 160
25 45 26 36 -6 29 0 0.00 M M 8.5 21 320 M M 7 31 320
26 46 23 35 -8 30 0 T M M 5.0 28 330 M M 5 1 40 320
27 49 20 35 -8 30 0 0.00 M M 7.3 17 290 M M 2 23 290
================================================================================
SM 1444 668 689 0 1.28 M 203.4 M 113
================================================================================
AV 53.5 24.7 7.5 FASTST M M 4 MAX(MPH)
MISC ----> 41 210 52 220
================================================================================
NOTES:
# LAST OF SEVERAL OCCURRENCES
COLUMN 17 PEAK WIND IN M.P.H.
PRELIMINARY LOCAL CLIMATOLOGICAL DATA (WS FORM: F-6) , PAGE 2
STATION: CORTEZ CO
MONTH: MARCH
YEAR: 2024
LATITUDE: 37 17 N
LONGITUDE: 108 38 W
[TEMPERATURE DATA] [PRECIPITATION DATA] SYMBOLS USED IN COLUMN 16
AVERAGE MONTHLY: 39.1 TOTAL FOR MONTH: 1.28 1 = FOG OR MIST
DPTR FM NORMAL: -0.9 DPTR FM NORMAL: 0.54 2 = FOG REDUCING VISIBILITY
HIGHEST: 63 ON 22,21 GRTST 24HR 0.35 ON 14-15 TO 1/4 MILE OR LESS
LOWEST: 17 ON 10 3 = THUNDER
SNOW, ICE PELLETS, HAIL 4 = ICE PELLETS
TOTAL MONTH: M 5 = HAIL
GRTST 24HR M ON M 6 = FREEZING RAIN OR DRIZZLE
GRTST DEPTH: M ON M 7 = DUSTSTORM OR SANDSTORM:
VSBY 1/2 MILE OR LESS
8 = SMOKE OR HAZE
[NO. OF DAYS WITH] [WEATHER - DAYS WITH] 9 = BLOWING SNOW
X = TORNADO
MAX 32 OR BELOW: 0 0.01 INCH OR MORE: 8
MAX 90 OR ABOVE: 0 0.10 INCH OR MORE: 4
MIN 32 OR BELOW: 27 0.50 INCH OR MORE: 0
MIN 0 OR BELOW: 0 1.00 INCH OR MORE: 0
[HDD (BASE 65) ]
TOTAL THIS MO. 689 CLEAR (SCALE 0-3) 13
DPTR FM NORMAL 14 PTCLDY (SCALE 4-7) 11
TOTAL FM JUL 1 4977 CLOUDY (SCALE 8-10) 3
DPTR FM NORMAL -349
[CDD (BASE 65) ]
TOTAL THIS MO. 0
DPTR FM NORMAL 0 [PRESSURE DATA]
TOTAL FM JAN 1 0 HIGHEST SLP M ON M
DPTR FM NORMAL 0 LOWEST SLP 29.32 ON 24
[REMARKS]