000
CXUS54 KFWD 260730
CF6DAL
PRELIMINARY LOCAL CLIMATOLOGICAL DATA (WS FORM: F-6)
STATION: DALLAS LOVE FIELD
MONTH: APRIL
YEAR: 2024
LATITUDE: 32 51 N
LONGITUDE: 96 51 W
TEMPERATURE IN F: :PCPN: SNOW: WIND :SUNSHINE: SKY :PK WND
================================================================================
1 2 3 4 5 6A 6B 7 8 9 10 11 12 13 14 15 16 17 18
12Z AVG MX 2MIN
DY MAX MIN AVG DEP HDD CDD WTR SNW DPTH SPD SPD DIR MIN PSBL S-S WX SPD DR
================================================================================
1 81 68 75 11 0 10 0.06 0.0 0 11.1 20 170 M M 10 38 32 180
2 68 50 59 -5 6 0 T 0.0 0 13.2 29 320 M M 5 36 330
3 74 49 62 -2 3 0 0.00 0.0 0 9.0 24 330 M M 0 41 330
4 84 47 66 1 0 1 0.00 0.0 0 3.0 10 160 M M 0 23 10
5 86 58 72 7 0 7 0.00 0.0 0 9.0 17 160 M M 3 26 170
6 77 62 70 5 0 5 0.00 0.0 0 14.0 24 180 M M 8 39 180
7 79 61 70 5 0 5 T 0.0 0 7.3 16 240 M M 5 25 220
8 83 55 69 3 0 4 0.04 0.0 0 7.4 20 150 M M 7 138 28 130
9 69 60 65 -1 0 0 1.80 0.0 0 9.2 29 10 M M 9 13 43 10
10 66 52 59 -7 6 0 0.36 0.0 0 11.9 31 310 M M 9 13 47 310
11 74 48 61 -5 4 0 0.00 0.0 0 8.8 23 310 M M 0 33 10
12 80 50 65 -1 0 0 0.00 0.0 0 7.1 18 180 M M 4 29 180
13 82 62 72 6 0 7 0.00 0.0 0 11.5 24 160 M M 5 39 170
14 81 64 73 6 0 8 0.00 0.0 0 11.6 18 160 M M 7 28 190
15 79 69 74 7 0 9 T 0.0 0 12.5 25 150 M M 10 37 160
16 85 70 78 11 0 13 0.05 0.0 0 9.6 20 160 M M 8 1 28 160
17 85 70 78 11 0 13 0.00 0.0 0 8.9 15 160 M M 9 1 24 180
18 88 64 76 8 0 11 0.00 0.0 0 10.1 18 340 M M 7 1 31 10
19 74 60 67 -1 0 2 0.00 0.0 0 8.4 15 360 M M 10 28 40
20 63 48 56 -12 9 0 4.22 0.0 0 9.0 21 80 M M 10 13 35 50
21 67 50 59 -9 6 0 0.00 0.0 M 6.7 17 340 M M 4 28 20
22 71 46 59 -9 6 0 0.00 0.0 M 6.6 16 150 M M 1 23 150
23 76 58 67 -2 0 2 0.00 0.0 M 11.8 23 180 M M 5 36 190
24 82 67 75 6 0 10 0.00 0.0 M 7.5 15 160 M M 7 22 140
25 79 70 75 6 0 10 T 0.0 M 11.9 20 160 M M 9 34 160
================================================================================
SM 1933 1458 40 117 6.53 0.0 237.1 M 152
================================================================================
AV 77.3 58.3 9.5 FASTST M M 6 MAX(MPH)
MISC ----> 31 310 47 310
================================================================================
NOTES:
# LAST OF SEVERAL OCCURRENCES
COLUMN 17 PEAK WIND IN M.P.H.
PRELIMINARY LOCAL CLIMATOLOGICAL DATA (WS FORM: F-6) , PAGE 2
STATION: DALLAS LOVE FIELD
MONTH: APRIL
YEAR: 2024
LATITUDE: 32 51 N
LONGITUDE: 96 51 W
[TEMPERATURE DATA] [PRECIPITATION DATA] SYMBOLS USED IN COLUMN 16
AVERAGE MONTHLY: 67.8 TOTAL FOR MONTH: 6.53 1 = FOG OR MIST
DPTR FM NORMAL: 1.3 DPTR FM NORMAL: 3.99 2 = FOG REDUCING VISIBILITY
HIGHEST: 88 ON 18 GRTST 24HR 4.22 ON 20-20 TO 1/4 MILE OR LESS
LOWEST: 46 ON 22 3 = THUNDER
SNOW, ICE PELLETS, HAIL 4 = ICE PELLETS
TOTAL MONTH: 0.0 INCH 5 = HAIL
GRTST 24HR 0.0 6 = FREEZING RAIN OR DRIZZLE
GRTST DEPTH: 0 7 = DUSTSTORM OR SANDSTORM:
VSBY 1/2 MILE OR LESS
8 = SMOKE OR HAZE
[NO. OF DAYS WITH] [WEATHER - DAYS WITH] 9 = BLOWING SNOW
X = TORNADO
MAX 32 OR BELOW: 0 0.01 INCH OR MORE: 6
MAX 90 OR ABOVE: 0 0.10 INCH OR MORE: 3
MIN 32 OR BELOW: 0 0.50 INCH OR MORE: 2
MIN 0 OR BELOW: 0 1.00 INCH OR MORE: 2
[HDD (BASE 65) ]
TOTAL THIS MO. 40 CLEAR (SCALE 0-3) 5
DPTR FM NORMAL -20 PTCLDY (SCALE 4-7) 12
TOTAL FM JUL 1 1778 CLOUDY (SCALE 8-10) 8
DPTR FM NORMAL -203
[CDD (BASE 65) ]
TOTAL THIS MO. 117
DPTR FM NORMAL 19 [PRESSURE DATA]
TOTAL FM JAN 1 210 HIGHEST SLP M ON M
DPTR FM NORMAL 50 LOWEST SLP 29.50 ON 1
[REMARKS]