000
CXUS53 KFGF 220815
CF6DVL
PRELIMINARY LOCAL CLIMATOLOGICAL DATA (WS FORM: F-6)
STATION: DEVILS LAKE ND
MONTH: APRIL
YEAR: 2024
LATITUDE: 48 7 N
LONGITUDE: 98 54 W
TEMPERATURE IN F: :PCPN: SNOW: WIND :SUNSHINE: SKY :PK WND
================================================================================
1 2 3 4 5 6A 6B 7 8 9 10 11 12 13 14 15 16 17 18
12Z AVG MX 2MIN
DY MAX MIN AVG DEP HDD CDD WTR SNW DPTH SPD SPD DIR MIN PSBL S-S WX SPD DR
================================================================================
1 44 18 31 -1 34 0 M M M 6.5 10 200 M M 2 M M
2 44 27 36 3 29 0 M M M 14.8 24 360 M M 4 35 360
3 51 21 36 2 29 0 M M M 7.8 10 40 M M 0 M M
4 54 20 37 3 28 0 M M M 5.3 12 150 M M 0 8 M M
5 57 26 42 8 23 0 M M M 10.4 17 120 M M 0 22 120
6 57 36 47 12 18 0 M M M 19.6 28 120 M M 1 38 120
7 45 33 39 3 26 0 T M M 13.2 21 100 M M 7 24 80
8 49 34 42 6 23 0 T M M 5.1 9 310 M M 10 M M
9 62 31 47 11 18 0 M M M 6.5 16 280 M M 4 1 M M
10 59 31 45 8 20 0 0.05 M M 10.9 22 350 M M 5 36 320
11 55 31 43 6 22 0 T M M 14.3 24 300 M M 3 32 350
12 58 24 41 3 24 0 M M M 4.7 13 140 M M 1 128 M M
13 73 39 56 18 9 0 T M M 8.5 20 350 M M 3 35 340
14 65 34 50 11 15 0 T M M 9.3 14 330 M M 2 24 330
15 54 40 47 8 18 0 0.04 M M 17.2 28 100 M M 6 39 100
16 46 40 43 3 22 0 0.31 M M 15.3 25 70 M M 10 1 37 70
17 50 36 43 3 22 0 T M M 19.0 32 290 M M 9 1 39 270
18 36 28 32 -8 33 0 T M M 24.8 31 280 M M 10 43 270
19 33 24 29 -12 36 0 T M M 21.0 26 290 M M 10 1 33 320
20 50 21 36 -5 29 0 M M M 13.8 21 290 M M 1 30 290
21 60 27 44 2 21 0 M M M 10.6 16 270 M M 0 22 270
================================================================================
SM 1102 621 499 0 0.40 M 258.5 M 88
================================================================================
AV 52.5 29.6 12.3 FASTST M M 4 MAX(MPH)
MISC ----> 32 290 43 270
================================================================================
NOTES:
# LAST OF SEVERAL OCCURRENCES
COLUMN 17 PEAK WIND IN M.P.H.
PRELIMINARY LOCAL CLIMATOLOGICAL DATA (WS FORM: F-6) , PAGE 2
STATION: DEVILS LAKE ND
MONTH: APRIL
YEAR: 2024
LATITUDE: 48 7 N
LONGITUDE: 98 54 W
[TEMPERATURE DATA] [PRECIPITATION DATA] SYMBOLS USED IN COLUMN 16
AVERAGE MONTHLY: 41.0 TOTAL FOR MONTH: 0.40 1 = FOG OR MIST
DPTR FM NORMAL: 3.8 DPTR FM NORMAL: 0.40 2 = FOG REDUCING VISIBILITY
HIGHEST: 73 ON 13 GRTST 24HR 0.31 ON 16-16 TO 1/4 MILE OR LESS
LOWEST: 18 ON 1 3 = THUNDER
SNOW, ICE PELLETS, HAIL 4 = ICE PELLETS
TOTAL MONTH: M 5 = HAIL
GRTST 24HR M ON M 6 = FREEZING RAIN OR DRIZZLE
GRTST DEPTH: M ON M 7 = DUSTSTORM OR SANDSTORM:
VSBY 1/2 MILE OR LESS
8 = SMOKE OR HAZE
[NO. OF DAYS WITH] [WEATHER - DAYS WITH] 9 = BLOWING SNOW
X = TORNADO
MAX 32 OR BELOW: 0 0.01 INCH OR MORE: 3
MAX 90 OR ABOVE: 0 0.10 INCH OR MORE: 1
MIN 32 OR BELOW: 13 0.50 INCH OR MORE: 0
MIN 0 OR BELOW: 0 1.00 INCH OR MORE: 0
[HDD (BASE 65) ]
TOTAL THIS MO. 499 CLEAR (SCALE 0-3) 11
DPTR FM NORMAL -82 PTCLDY (SCALE 4-7) 5
TOTAL FM JUL 1 7688 CLOUDY (SCALE 8-10) 5
DPTR FM NORMAL -1276
[CDD (BASE 65) ]
TOTAL THIS MO. 0
DPTR FM NORMAL 0 [PRESSURE DATA]
TOTAL FM JAN 1 0 HIGHEST SLP M ON M
DPTR FM NORMAL 0 LOWEST SLP M ON M
[REMARKS]