000
CXUS52 KJAX 290800
CF6JAX
PRELIMINARY LOCAL CLIMATOLOGICAL DATA (WS FORM: F-6)
STATION: JACKSONVILLE
MONTH: MARCH
YEAR: 2024
LATITUDE: 30 30 N
LONGITUDE: 81 42 W
TEMPERATURE IN F: :PCPN: SNOW: WIND :SUNSHINE: SKY :PK WND
================================================================================
1 2 3 4 5 6A 6B 7 8 9 10 11 12 13 14 15 16 17 18
12Z AVG MX 2MIN
DY MAX MIN AVG DEP HDD CDD WTR SNW DPTH SPD SPD DIR MIN PSBL S-S WX SPD DR
================================================================================
1 75 58 67 7 0 2 0.29 0.0 0 7.0 13 40 M M 10 1 17 50
2 79 61 70 10 0 5 0.01 0.0 0 5.9 17 360 M M 10 13 23 30
3 69 61 65 5 0 0 0.70 0.0 0 5.9 13 40 M M 9 123 16 70
4 70 58 64 4 1 0 0.00 0.0 0 6.3 12 70 M M 9 12 17 70
5 74 57 66 5 0 1 0.13 0.0 0 4.8 13 110 M M 10 12 17 110
6 81 63 72 11 0 7 0.57 0.0 0 10.0 18 220 M M 7 1 26 200
7 78 55 67 6 0 2 0.00 0.0 0 5.3 16 60 M M 5 12 22 70
8 78 58 68 7 0 3 0.00 0.0 0 8.6 17 90 M M 7 26 100
9 88 69 79 18 0 14 1.69 0.0 0 11.7 26 210 M M 9 13 37 200
10 72 55 64 2 1 0 0.00 0.0 0 10.8 18 280 M M 7 26 270
11 64 44 54 -8 11 0 0.00 0.0 0 5.0 14 30 M M 6 19 40
12 77 43 60 -2 5 0 0.00 0.0 0 3.2 13 230 M M 5 20 300
13 79 51 65 3 0 0 0.00 0.0 0 3.1 13 220 M M 5 16 220
14 80 47 64 2 1 0 0.00 0.0 0 3.2 12 80 M M 4 18 60
15 88 53 71 9 0 6 0.00 0.0 0 6.2 16 260 M M 5 22 270
16 85 62 74 12 0 9 0.00 0.0 0 6.4 16 260 M M 8 1 22 270
17 84 67 76 13 0 11 0.16 0.0 0 7.2 15 170 M M 7 13 20 300
18 77 59 68 5 0 3 0.10 0.0 0 7.2 22 320 M M 8 13 32 330
19 64 42 53 -10 12 0 0.00 0.0 0 6.9 23 320 M M 2 36 310
20 74 38 56 -7 9 0 0.00 0.0 0 4.4 13 240 M M 3 19 210
21 77 41 59 -4 6 0 0.00 0.0 0 4.8 16 120 M M 3 25 100
22 70 61 66 3 0 1 0.74 0.0 M 8.3 18 130 M M 10 18 29 110
23 79 60 70 6 0 5 0.12 0.0 0 6.7 22 320 M M 7 13 31 310
24 65 55 60 -4 5 0 0.00 0.0 0 14.4 29 40 M M 5 44 40
25 72 58 65 1 0 0 0.00 0.0 0 12.0 22 50 M M 8 30 40
26 81 65 73 9 0 8 0.00 0.0 0 10.9 22 160 M M 8 28 170
27 76 65 71 7 0 6 0.26 0.0 0 7.3 26 150 M M 9 13 36 140
28 75 55 65 1 0 0 0.80 0.0 0 7.3 21 340 M M 7 13 29 310
================================================================================
SM 2131 1561 51 83 5.57 0.0 200.8 M 193
================================================================================
AV 76.1 55.8 7.2 FASTST M M 7 MAX(MPH)
MISC ----> 29 40 44 40
================================================================================
NOTES:
# LAST OF SEVERAL OCCURRENCES
COLUMN 17 PEAK WIND IN M.P.H.
PRELIMINARY LOCAL CLIMATOLOGICAL DATA (WS FORM: F-6) , PAGE 2
STATION: JACKSONVILLE
MONTH: MARCH
YEAR: 2024
LATITUDE: 30 30 N
LONGITUDE: 81 42 W
[TEMPERATURE DATA] [PRECIPITATION DATA] SYMBOLS USED IN COLUMN 16
AVERAGE MONTHLY: 65.9 TOTAL FOR MONTH: 5.57 1 = FOG OR MIST
DPTR FM NORMAL: 3.8 DPTR FM NORMAL: 2.60 2 = FOG REDUCING VISIBILITY
HIGHEST: 88 ON 15, 9 GRTST 24HR 1.69 ON 9- 9 TO 1/4 MILE OR LESS
LOWEST: 38 ON 20 3 = THUNDER
SNOW, ICE PELLETS, HAIL 4 = ICE PELLETS
TOTAL MONTH: 0.0 INCH 5 = HAIL
GRTST 24HR 0.0 6 = FREEZING RAIN OR DRIZZLE
GRTST DEPTH: 0 7 = DUSTSTORM OR SANDSTORM:
VSBY 1/2 MILE OR LESS
8 = SMOKE OR HAZE
[NO. OF DAYS WITH] [WEATHER - DAYS WITH] 9 = BLOWING SNOW
X = TORNADO
MAX 32 OR BELOW: 0 0.01 INCH OR MORE: 12
MAX 90 OR ABOVE: 0 0.10 INCH OR MORE: 11
MIN 32 OR BELOW: 0 0.50 INCH OR MORE: 5
MIN 0 OR BELOW: 0 1.00 INCH OR MORE: 1
[HDD (BASE 65) ]
TOTAL THIS MO. 51 CLEAR (SCALE 0-3) 3
DPTR FM NORMAL -82 PTCLDY (SCALE 4-7) 16
TOTAL FM JUL 1 1011 CLOUDY (SCALE 8-10) 9
DPTR FM NORMAL -160
[CDD (BASE 65) ]
TOTAL THIS MO. 83
DPTR FM NORMAL 27 [PRESSURE DATA]
TOTAL FM JAN 1 123 HIGHEST SLP M ON M
DPTR FM NORMAL 28 LOWEST SLP 29.65 ON 23
[REMARKS]