000
CXUS52 KMFL 231030
CF6OPF
PRELIMINARY LOCAL CLIMATOLOGICAL DATA (WS FORM: F-6)
STATION: OPA-LOCKA ARPT
MONTH: APRIL
YEAR: 2024
LATITUDE: 25 53 N
LONGITUDE: 80 17 W
TEMPERATURE IN F: :PCPN: SNOW: WIND :SUNSHINE: SKY :PK WND
================================================================================
1 2 3 4 5 6A 6B 7 8 9 10 11 12 13 14 15 16 17 18
12Z AVG MX 2MIN
DY MAX MIN AVG DEP HDD CDD WTR SNW DPTH SPD SPD DIR MIN PSBL S-S WX SPD DR
================================================================================
1 84 65 75 1 0 10 0.00 M M 6.8 16 110 M M 3 23 120
2 87 67 77 3 0 12 0.00 0.0 0 9.5 20 150 M M 2 26 150
3 91 75 83 9 0 18 0.00 0.0 0 15.0 29 220 M M 2 40 190
4 81 67 74 -1 0 9 0.22 0.0 0 9.9 21 340 M M 6 13 29 220
5 80 63 72 -3 0 7 0.00 0.0 0 8.0 16 340 M M 0 22 320
6 81 59 70 -5 0 5 0.00 0.0 0 7.0 17 280 M M 0 22 290
7 82 65 74 -1 0 9 0.00 0.0 0 8.2 16 90 M M 3 22 80
8 80 63 72 -3 0 7 0.00 0.0 0 11.3 22 80 M M 4 29 80
9 81 72 77 2 0 12 T 0.0 0 14.5 22 130 M M 7 30 130
10 84 71 78 2 0 13 0.00 M M 13.7 21 140 M M 2 28 140
11 89 75 82 6 0 17 T M M 16.9 26 220 M M 5 36 190
12 84 69 77 1 0 12 0.00 M M 7.9 17 330 M M 1 22 340
13 82 64 73 -3 0 8 0.00 M M 10.4 18 60 M M 0 35 60
14 80 65 73 -3 0 8 0.00 M M 8.4 18 50 M M 2 34 60
15 82 62 72 -4 0 7 0.00 M M 6.9 17 80 M M 1 23 90
16 83 68 76 0 0 11 0.00 M M 9.2 23 100 M M 3 30 100
17 83 70 77 1 0 12 0.00 0.0 0 10.2 20 100 M M 2 32 140
18 85 66 76 0 0 11 0.00 0.0 0 8.0 16 140 M M 2 22 130
19 87 71 79 2 0 14 0.00 0.0 0 6.4 15 130 M M 1 22 120
20 88 70 79 2 0 14 0.00 0.0 0 6.6 16 120 M M 0 23 110
21 88 72 80 3 0 15 0.00 M M 7.7 17 160 M M 1 24 160
22 87 69 78 1 0 13 0.03 0.0 0 8.4 18 280 M M 4 3 24 280
================================================================================
SM 1849 1488 0 244 0.25 0.0 210.9 M 51
================================================================================
AV 84.0 67.6 9.6 FASTST M M 2 MAX(MPH)
MISC ----> 29 220 40 190
================================================================================
NOTES:
# LAST OF SEVERAL OCCURRENCES
COLUMN 17 PEAK WIND IN M.P.H.
PRELIMINARY LOCAL CLIMATOLOGICAL DATA (WS FORM: F-6) , PAGE 2
STATION: OPA-LOCKA ARPT
MONTH: APRIL
YEAR: 2024
LATITUDE: 25 53 N
LONGITUDE: 80 17 W
[TEMPERATURE DATA] [PRECIPITATION DATA] SYMBOLS USED IN COLUMN 16
AVERAGE MONTHLY: 75.8 TOTAL FOR MONTH: 0.25 1 = FOG OR MIST
DPTR FM NORMAL: 0.2 DPTR FM NORMAL: -1.78 2 = FOG REDUCING VISIBILITY
HIGHEST: 91 ON 3 GRTST 24HR 0.22 ON 4- 4 TO 1/4 MILE OR LESS
LOWEST: 59 ON 6 3 = THUNDER
SNOW, ICE PELLETS, HAIL 4 = ICE PELLETS
TOTAL MONTH: 0.0 INCH 5 = HAIL
GRTST 24HR 0.0 6 = FREEZING RAIN OR DRIZZLE
GRTST DEPTH: 0 7 = DUSTSTORM OR SANDSTORM:
VSBY 1/2 MILE OR LESS
8 = SMOKE OR HAZE
[NO. OF DAYS WITH] [WEATHER - DAYS WITH] 9 = BLOWING SNOW
X = TORNADO
MAX 32 OR BELOW: 0 0.01 INCH OR MORE: 2
MAX 90 OR ABOVE: 1 0.10 INCH OR MORE: 1
MIN 32 OR BELOW: 0 0.50 INCH OR MORE: 0
MIN 0 OR BELOW: 0 1.00 INCH OR MORE: 0
[HDD (BASE 65) ]
TOTAL THIS MO. 0 CLEAR (SCALE 0-3) 15
DPTR FM NORMAL 0 PTCLDY (SCALE 4-7) 7
TOTAL FM JUL 1 38 CLOUDY (SCALE 8-10) 0
DPTR FM NORMAL -82
[CDD (BASE 65) ]
TOTAL THIS MO. 244
DPTR FM NORMAL 8 [PRESSURE DATA]
TOTAL FM JAN 1 889 HIGHEST SLP M ON M
DPTR FM NORMAL 105 LOWEST SLP 29.75 ON 3
[REMARKS]