000
CXUS55 KCYS 011623
CLMDGW
CLIMATE REPORT
NATIONAL WEATHER SERVICE CHEYENNE WY
923 AM MST FRI MAR 01 2024
...................................
...THE CONVERSE CO (DOUGLAS) WY ARPT CLIMATE SUMMARY FOR THE MONTH OF FEBRUARY 2024...
CLIMATE NORMAL PERIOD 1991 TO 2020
CLIMATE RECORD PERIOD 1998 TO 2024
WEATHER OBSERVED NORMAL DEPART LAST YEAR`S
VALUE DATE(S) VALUE FROM VALUE DATE(S)
NORMAL
................................................................
TEMPERATURE (F)
RECORD
HIGH 99 02/10/2016
LOW -33 02/18/2006
HIGHEST 60 02/01 MM MM 49
LOWEST -7 02/17 MM MM -30
AVG. MAXIMUM 44.9 40.1 4.8 35.5
AVG. MINIMUM 20.6 14.1 6.5 8.0
MEAN 32.8 27.1 5.7 21.8
DAYS MAX >= 90 0 0.0 0.0 0
DAYS MAX <= 32 5 9.1 -4.1 7
DAYS MIN <= 32 25 26.9 -1.9 28
DAYS MIN <= 0 3 4.1 -1.1 6
PRECIPITATION (INCHES)
RECORD
MAXIMUM 1.23 2017
TOTALS 0.62 0.31 0.31 MM
DAYS >= .01 7 5.9 1.1 MM
DAYS >= .10 2 1.2 0.8 0
DAYS >= .50 0 0.0 0.0 0
DAYS >= 1.00 0 0.0 0.0 0
GREATEST
24 HR. TOTAL 0.28 02/03 TO 02/03 MM
DEGREE DAYS
HEATING TOTAL 927 1061 -134 1205
SINCE 7/1 4903 5352 -449 MM
COOLING TOTAL 0 0 0 0
SINCE 1/1 0 0 0 MM
................................................................
WIND (MPH)
AVERAGE WIND SPEED 10.1
HIGHEST WIND SPEED/DIRECTION 48/280 DATE 02/26
HIGHEST GUST SPEED/DIRECTION 69/300 DATE 02/26
SKY COVER
POSSIBLE SUNSHINE (PERCENT) MM
AVERAGE SKY COVER 0.34
NUMBER OF DAYS FAIR 18
NUMBER OF DAYS PC 7
NUMBER OF DAYS CLOUDY 4
AVERAGE RH (PERCENT) 65
WEATHER CONDITIONS. NUMBER OF DAYS WITH
THUNDERSTORM 0 MIXED PRECIP 0
HEAVY RAIN 0 RAIN 1
LIGHT RAIN 2 FREEZING RAIN 0
LT FREEZING RAIN 0 HAIL 0
HEAVY SNOW 1 SNOW 2
LIGHT SNOW 8 SLEET 0
FOG 9 FOG W/VIS <= 1/4 MILE 3
HAZE 1
- INDICATES NEGATIVE NUMBERS.
R INDICATES RECORD WAS SET OR TIED.
MM INDICATES DATA IS MISSING.
T INDICATES TRACE AMOUNT.
$$