000
CXUS54 KMAF 181110
CF6MAF
PRELIMINARY LOCAL CLIMATOLOGICAL DATA (WS FORM: F-6)
STATION: MIDLAND INTERNATIONAL AIRPORT
MONTH: APRIL
YEAR: 2024
LATITUDE: 31 57 N
LONGITUDE: 102 11 W
TEMPERATURE IN F: :PCPN: SNOW: WIND :SUNSHINE: SKY :PK WND
================================================================================
1 2 3 4 5 6A 6B 7 8 9 10 11 12 13 14 15 16 17 18
12Z AVG MX 2MIN
DY MAX MIN AVG DEP HDD CDD WTR SNW DPTH SPD SPD DIR MIN PSBL S-S WX SPD DR
================================================================================
1 80 55 68 5 0 3 0.00 0.0 0 13.9 51 290 M M 2 8 65 280
2 66 43 55 -8 10 0 0.00 0.0 M 14.2 28 350 M M 0 37 360
3 77 38 58 -5 7 0 0.00 0.0 0 7.6 16 270 M M 0 23 270
4 84 43 64 1 1 0 0.00 0.0 0 7.0 17 140 M M 0 24 140
5 83 50 67 3 0 2 0.00 0.0 0 18.4 32 170 M M 0 40 180
6 80 54 67 3 0 2 0.00 0.0 0 18.4 37 290 M M 0 48 280
7 77 40 59 -5 6 0 0.00 0.0 0 9.3 21 240 M M 0 31 230
8 80 44 62 -2 3 0 0.00 0.0 0 8.4 23 50 M M 0 29 70
9 59 45 52 -12 13 0 0.00 0.0 0 20.1 28 30 M M 7 37 360
10 71 43 57 -8 8 0 T 0.0 0 15.0 30 350 M M 3 1 41 350
11 78 41 60 -5 5 0 0.00 0.0 0 6.3 17 170 M M 0 26 160
12 82 50 66 1 0 1 0.00 0.0 0 15.8 32 170 M M 0 40 180
13 89 57 73 7 0 8 0.00 0.0 0 11.0 18 210 M M 0 25 170
14 94 59 77 11 0 12 0.00 0.0 0 6.7 20 220 M M 0 28 230
15 92 66 79 13 0 14 0.00 0.0 0 11.8 24 250 M M 1 32 230
16 86 54 70 4 0 5 0.00 0.0 0 8.6 18 240 M M 1 26 250
17 90 55 73 7 0 8 0.00 0.0 0 10.8 22 240 M M 0 28 220
================================================================================
SM 1368 837 53 55 T 0.0 203.3 M 14
================================================================================
AV 80.5 49.2 12.0 FASTST M M 1 MAX(MPH)
MISC ----> 51 290 65 280
================================================================================
NOTES:
# LAST OF SEVERAL OCCURRENCES
COLUMN 17 PEAK WIND IN M.P.H.
PRELIMINARY LOCAL CLIMATOLOGICAL DATA (WS FORM: F-6) , PAGE 2
STATION: MIDLAND INTERNATIONAL AIRPORT
MONTH: APRIL
YEAR: 2024
LATITUDE: 31 57 N
LONGITUDE: 102 11 W
[TEMPERATURE DATA] [PRECIPITATION DATA] SYMBOLS USED IN COLUMN 16
AVERAGE MONTHLY: 64.9 TOTAL FOR MONTH: T 1 = FOG OR MIST
DPTR FM NORMAL: 0.3 DPTR FM NORMAL: -0.41 2 = FOG REDUCING VISIBILITY
HIGHEST: 94 ON 14 GRTST 24HR T ON 10-10 TO 1/4 MILE OR LESS
LOWEST: 38 ON 3 3 = THUNDER
SNOW, ICE PELLETS, HAIL 4 = ICE PELLETS
TOTAL MONTH: 0.0 INCH 5 = HAIL
GRTST 24HR 0.0 6 = FREEZING RAIN OR DRIZZLE
GRTST DEPTH: 0 7 = DUSTSTORM OR SANDSTORM:
VSBY 1/2 MILE OR LESS
8 = SMOKE OR HAZE
[NO. OF DAYS WITH] [WEATHER - DAYS WITH] 9 = BLOWING SNOW
X = TORNADO
MAX 32 OR BELOW: 0 0.01 INCH OR MORE: 0
MAX 90 OR ABOVE: 3 0.10 INCH OR MORE: 0
MIN 32 OR BELOW: 0 0.50 INCH OR MORE: 0
MIN 0 OR BELOW: 0 1.00 INCH OR MORE: 0
[HDD (BASE 65) ]
TOTAL THIS MO. 53 CLEAR (SCALE 0-3) 16
DPTR FM NORMAL -9 PTCLDY (SCALE 4-7) 1
TOTAL FM JUL 1 2216 CLOUDY (SCALE 8-10) 0
DPTR FM NORMAL -116
[CDD (BASE 65) ]
TOTAL THIS MO. 55
DPTR FM NORMAL 2 [PRESSURE DATA]
TOTAL FM JAN 1 89 HIGHEST SLP M ON M
DPTR FM NORMAL -1 LOWEST SLP 29.49 ON 15
[REMARKS]