000
CXUS53 KMPX 280910
CF6MPX
PRELIMINARY LOCAL CLIMATOLOGICAL DATA (WS FORM: F-6)
STATION: CHANHASSEN MN
MONTH: MARCH
YEAR: 2024
LATITUDE: 44 50 N
LONGITUDE: 93 34 W
TEMPERATURE IN F: :PCPN: SNOW: WIND :SUNSHINE: SKY :PK WND
================================================================================
1 2 3 4 5 6A 6B 7 8 9 10 11 12 13 14 15 16 17 18
12Z AVG MX 2MIN
DY MAX MIN AVG DEP HDD CDD WTR SNW DPTH SPD SPD DIR MIN PSBL S-S WX SPD DR
================================================================================
1 57 35 46 22 19 0 0.00 0.0 0 M M M M M M M M
2 62 31 47 23 18 0 0.00 0.0 0 M M M M M M M M
3 73 36 55 30 10 0 T 0.0 0 M M M M M M M M
4 37 26 32 7 33 0 0.00 0.0 0 M M M M M M M M
5 48 22 35 9 30 0 0.00 0.0 0 M M M M M M M M
6 55 22 39 13 26 0 0.00 0.0 0 M M M M M M M M
7 45 28 37 10 28 0 0.00 0.0 0 M M M M M M M M
8 36 23 30 3 35 0 0.00 0.0 0 M M M M M M M M
9 39 20 30 2 35 0 0.00 0.0 0 M M M M M M M M
10 51 15 33 5 32 0 0.00 0.0 0 M M M M M M M M
11 68 29 49 21 16 0 0.00 0.0 0 M M M M M M M M
12 65 40 53 24 12 0 0.00 0.0 0 M M M M M M M M
13 63 37 50 20 15 0 0.00 0.0 0 M M M M M M M M
14 57 34 46 16 19 0 0.00 0.0 0 M M M M M M M M
15 50 29 40 10 25 0 0.00 0.0 0 M M M M M M M M
16 49 27 38 7 27 0 T T 0 M M M M M M M M
17 29 21 25 -7 40 0 T T 0 M M M M M M M M
18 37 20 29 -3 36 0 T T 0 M M M M M M M M
19 49 26 38 6 27 0 0.00 0.0 0 M M M M M M M M
20 29 15 22 -11 43 0 0.00 0.0 0 M M M M M M M M
21 29 23 26 -7 39 0 0.14 1.8 0 M M M M M M M M
22 32 22 27 -7 38 0 0.05 1.0 3 M M M M M M M M
23 32 16 24 -10 41 0 0.01 0.3 T M M M M M M M M
24 31 24 28 -7 37 0 0.85 8.1 T M M M M M M M M
25 35 31 33 -2 32 0 0.62 0.1 5 M M M M M M M M
26 32 19 26 -10 39 0 0.73 3.6 3 M M M M M M M M
27 26 16 21 -15 44 0 0.00 0.0 5 M M M M M M M M
================================================================================
SM 1216 687 796 0 2.40 14.9 M M M
================================================================================
AV 45.0 25.4 M FASTST M M M MAX(MPH)
MISC ----> M M M M
================================================================================
NOTES:
# LAST OF SEVERAL OCCURRENCES
COLUMN 17 PEAK WIND IN M.P.H.
PRELIMINARY LOCAL CLIMATOLOGICAL DATA (WS FORM: F-6) , PAGE 2
STATION: CHANHASSEN MN
MONTH: MARCH
YEAR: 2024
LATITUDE: 44 50 N
LONGITUDE: 93 34 W
[TEMPERATURE DATA] [PRECIPITATION DATA] SYMBOLS USED IN COLUMN 16
AVERAGE MONTHLY: 35.2 TOTAL FOR MONTH: 2.40 1 = FOG OR MIST
DPTR FM NORMAL: 5.2 DPTR FM NORMAL: 1.12 2 = FOG REDUCING VISIBILITY
HIGHEST: 73 ON 3 GRTST 24HR 0.85 ON 24-24 TO 1/4 MILE OR LESS
LOWEST: 15 ON 20,10 3 = THUNDER
SNOW, ICE PELLETS, HAIL 4 = ICE PELLETS
TOTAL MONTH: 14.9 INCHES 5 = HAIL
GRTST 24HR 8.1 ON 24-24 6 = FREEZING RAIN OR DRIZZLE
GRTST DEPTH: 5 ON 27,25 7 = DUSTSTORM OR SANDSTORM:
VSBY 1/2 MILE OR LESS
8 = SMOKE OR HAZE
[NO. OF DAYS WITH] [WEATHER - DAYS WITH] 9 = BLOWING SNOW
X = TORNADO
MAX 32 OR BELOW: 8 0.01 INCH OR MORE: 6
MAX 90 OR ABOVE: 0 0.10 INCH OR MORE: 4
MIN 32 OR BELOW: 22 0.50 INCH OR MORE: 3
MIN 0 OR BELOW: 0 1.00 INCH OR MORE: 0
[HDD (BASE 65) ]
TOTAL THIS MO. 796 CLEAR (SCALE 0-3) 0
DPTR FM NORMAL -149 PTCLDY (SCALE 4-7) 0
TOTAL FM JUL 1 5663 CLOUDY (SCALE 8-10) 27
DPTR FM NORMAL -1291
[CDD (BASE 65) ]
TOTAL THIS MO. 0
DPTR FM NORMAL 0 [PRESSURE DATA]
TOTAL FM JAN 1 0 HIGHEST SLP M ON M
DPTR FM NORMAL 0 LOWEST SLP M ON M
[REMARKS]