000
CXUS55 KALY 280710
CF6POU
PRELIMINARY LOCAL CLIMATOLOGICAL DATA (WS FORM: F-6)
STATION: POUGHKEEPSIE NY
MONTH: MARCH
YEAR: 2024
LATITUDE: 41 37 N
LONGITUDE: 73 53 W
TEMPERATURE IN F: :PCPN: SNOW: WIND :SUNSHINE: SKY :PK WND
================================================================================
1 2 3 4 5 6A 6B 7 8 9 10 11 12 13 14 15 16 17 18
12Z AVG MX 2MIN
DY MAX MIN AVG DEP HDD CDD WTR SNW DPTH SPD SPD DIR MIN PSBL S-S WX SPD DR
================================================================================
1 48 20 34 1 31 0 0.00 M M 5.2 15 260 M M 0 21 260
2 46 37 42 9 23 0 0.60 M M 4.4 12 350 M M 10 1 17 350
3 62 39 51 18 14 0 0.00 M M 5.2 15 20 M M 6 22 10
4 59 35 47 13 18 0 0.00 M M 3.6 13 130 M M 8 1 20 130
5 47 44 46 12 19 0 0.32 M M 3.3 9 90 M M 10 1 13 70
6 53 45 49 15 16 0 1.35 M M 3.8 13 20 M M 10 1 16 20
7 50 41 46 11 19 0 0.12 M M 12.2 22 20 M M 9 1 34 40
8 57 29 43 8 22 0 0.00 M M 3.9 14 10 M M 0 18 20
9 43 39 41 6 24 0 1.04 M M 6.8 16 130 M M 8 18 25 140
10 49 34 42 6 23 0 0.04 M M 10.0 24 270 M M 10 1 36 260
11 51 34 43 7 22 0 0.00 M M 14.7 30 290 M M 5 46 290
12 64 30 47 11 18 0 0.00 M M 5.6 17 280 M M 0 26 280
13 70 31 51 15 14 0 0.00 M M 3.4 13 240 M M 1 20 170
14 72 36 54 17 11 0 0.00 M M 2.4 12 140 M M 2 16 130
15 66 43 55 18 10 0 T M M 6.9 17 10 M M 6 26 20
16 59 32 46 8 19 0 0.00 M M 4.2 16 250 M M 2 21 220
17 57 33 45 7 20 0 0.01 M M 7.8 22 260 M M 6 30 280
18 49 32 41 3 24 0 0.00 M M 9.2 18 280 M M 6 26 300
19 44 32 38 -1 27 0 0.00 M M 10.7 20 260 M M 7 29 280
20 46 30 38 -1 27 0 0.04 M M 6.9 22 310 M M 8 138 33 300
21 39 26 33 -6 32 0 0.00 M M 13.7 26 270 M M 3 40 290
22 41 18 30 -10 35 0 0.00 M M 3.3 9 20 M M 5 14 90
23 37 31 34 -6 31 0 2.05 M M 8.9 24 10 M M 10 1 37 20
24 43 25 34 -6 31 0 0.00 M M 8.7 16 30 M M 0 25 20
25 54 25 40 -1 25 0 0.00 M M 4.7 14 10 M M 0 16 10
26 57 33 45 4 20 0 0.00 M M 5.4 13 110 M M 8 20 100
27 50 41 46 4 19 0 0.23 M M 1.6 14 270 M M 10 1 16 280
================================================================================
SM 1413 895 594 0 5.80 M 176.5 M 150
================================================================================
AV 52.3 33.1 6.5 FASTST M M 6 MAX(MPH)
MISC ----> 30 290 46 290
================================================================================
NOTES:
# LAST OF SEVERAL OCCURRENCES
COLUMN 17 PEAK WIND IN M.P.H.
PRELIMINARY LOCAL CLIMATOLOGICAL DATA (WS FORM: F-6) , PAGE 2
STATION: POUGHKEEPSIE NY
MONTH: MARCH
YEAR: 2024
LATITUDE: 41 37 N
LONGITUDE: 73 53 W
[TEMPERATURE DATA] [PRECIPITATION DATA] SYMBOLS USED IN COLUMN 16
AVERAGE MONTHLY: 42.7 TOTAL FOR MONTH: 5.80 1 = FOG OR MIST
DPTR FM NORMAL: 5.7 DPTR FM NORMAL: 3.09 2 = FOG REDUCING VISIBILITY
HIGHEST: 72 ON 14 GRTST 24HR 2.05 ON 23-23 TO 1/4 MILE OR LESS
LOWEST: 18 ON 22 3 = THUNDER
SNOW, ICE PELLETS, HAIL 4 = ICE PELLETS
TOTAL MONTH: M 5 = HAIL
GRTST 24HR M ON M 6 = FREEZING RAIN OR DRIZZLE
GRTST DEPTH: M ON M 7 = DUSTSTORM OR SANDSTORM:
VSBY 1/2 MILE OR LESS
8 = SMOKE OR HAZE
[NO. OF DAYS WITH] [WEATHER - DAYS WITH] 9 = BLOWING SNOW
X = TORNADO
MAX 32 OR BELOW: 0 0.01 INCH OR MORE: 10
MAX 90 OR ABOVE: 0 0.10 INCH OR MORE: 7
MIN 32 OR BELOW: 13 0.50 INCH OR MORE: 4
MIN 0 OR BELOW: 0 1.00 INCH OR MORE: 3
[HDD (BASE 65) ]
TOTAL THIS MO. 594 CLEAR (SCALE 0-3) 8
DPTR FM NORMAL -164 PTCLDY (SCALE 4-7) 11
TOTAL FM JUL 1 4457 CLOUDY (SCALE 8-10) 8
DPTR FM NORMAL -722
[CDD (BASE 65) ]
TOTAL THIS MO. 0
DPTR FM NORMAL 0 [PRESSURE DATA]
TOTAL FM JAN 1 0 HIGHEST SLP M ON M
DPTR FM NORMAL 0 LOWEST SLP 29.32 ON 10
[REMARKS]