000
CXUS55 KTWC 260855
CF6SAD
PRELIMINARY LOCAL CLIMATOLOGICAL DATA (WS FORM: F-6)
STATION: SAFFORD AZ AIRPORT
MONTH: APRIL
YEAR: 2024
LATITUDE: 32 50 N
LONGITUDE: 109 38 W
TEMPERATURE IN F: :PCPN: SNOW: WIND :SUNSHINE: SKY :PK WND
================================================================================
1 2 3 4 5 6A 6B 7 8 9 10 11 12 13 14 15 16 17 18
12Z AVG MX 2MIN
DY MAX MIN AVG DEP HDD CDD WTR SNW DPTH SPD SPD DIR MIN PSBL S-S WX SPD DR
================================================================================
1 55 42 49 -12 16 0 0.20 M M 7.8 22 300 M M M 1 30 310
2 67 38 53 -9 12 0 0.00 M M 7.3 15 270 M M 1 21 290
3 75 38 57 -5 8 0 0.00 M M 5.3 13 290 M M 0 19 280
4 82 43 63 1 2 0 0.00 M M 7.7 18 150 M M 0 24 140
5 78 45 62 0 3 0 T M M 15.5 35 180 M M 2 50 170
6 60 39 50 -12 15 0 0.07 M M 15.1 31 300 M M 3 45 300
7 69 33 51 -12 14 0 0.00 M M 3.4 13 310 M M 0 17 310
8 70 42 56 -7 9 0 0.00 M M 7.1 21 310 M M 0 27 300
9 72 45 59 -4 6 0 0.00 M M 10.3 25 320 M M 2 36 330
10 79 37 58 -5 7 0 0.00 M M 6.8 21 290 M M 0 31 280
11 85 41 63 -1 2 0 0.00 M M 5.9 15 160 M M 0 20 160
12 85 57 71 7 0 6 0.00 M M 9.6 14 100 M M 0 M M
13 85 45 65 1 0 0 0.00 M M 6.7 23 190 M M 0 30 190
14 84 45 65 1 0 0 0.00 M M 4.0 10 110 M M 0 17 99
15 72 49 61 -4 4 0 0.00 M M 13.3 36 290 M M 0 49 310
16 80 40 60 -5 5 0 0.00 M M 6.6 16 300 M M 0 22 300
17 86 43 65 0 0 0 0.00 M M 5.7 13 300 M M 0 18 310
18 86 46 66 1 0 1 0.00 M M 3.2 9 90 M M 0 13 160
19 91 47 69 3 0 4 0.00 M M 6.4 20 300 M M 0 26 300
20 88 51 70 4 0 5 0.00 M M 8.5 16 320 M M 0 22 280
21 88 48 68 2 0 3 0.00 M M 6.9 17 18 M M M 26 160
22 90 60 75 9 0 10 0.00 M M 10.0 16 150 M M M 24 160
23 90 55 73 7 0 8 0.00 M M 6.5 18 300 M M M 26 300
24 89 53 71 4 0 6 0.00 M M 8.4 22 200 M M M 28 200
25 81 50 66 -1 0 1 0.00 0.0 0 11.3 30 290 M M M 51 270
================================================================================
SM 1987 1132 103 44 0.27 0.0 199.3 M 8
================================================================================
AV 79.5 45.3 8.0 FASTST M M 0 MAX(MPH)
MISC ----> 36 290 51 270
================================================================================
NOTES:
# LAST OF SEVERAL OCCURRENCES
COLUMN 17 PEAK WIND IN M.P.H.
PRELIMINARY LOCAL CLIMATOLOGICAL DATA (WS FORM: F-6) , PAGE 2
STATION: SAFFORD AZ AIRPORT
MONTH: APRIL
YEAR: 2024
LATITUDE: 32 50 N
LONGITUDE: 109 38 W
[TEMPERATURE DATA] [PRECIPITATION DATA] SYMBOLS USED IN COLUMN 16
AVERAGE MONTHLY: 62.4 TOTAL FOR MONTH: 0.27 1 = FOG OR MIST
DPTR FM NORMAL: -1.7 DPTR FM NORMAL: 0.10 2 = FOG REDUCING VISIBILITY
HIGHEST: 91 ON 19 GRTST 24HR 0.20 ON 1- 1 TO 1/4 MILE OR LESS
LOWEST: 33 ON 7 3 = THUNDER
SNOW, ICE PELLETS, HAIL 4 = ICE PELLETS
TOTAL MONTH: 0.0 INCH 5 = HAIL
GRTST 24HR 0.0 6 = FREEZING RAIN OR DRIZZLE
GRTST DEPTH: 0 7 = DUSTSTORM OR SANDSTORM:
VSBY 1/2 MILE OR LESS
8 = SMOKE OR HAZE
[NO. OF DAYS WITH] [WEATHER - DAYS WITH] 9 = BLOWING SNOW
X = TORNADO
MAX 32 OR BELOW: 0 0.01 INCH OR MORE: 2
MAX 90 OR ABOVE: 3 0.10 INCH OR MORE: 1
MIN 32 OR BELOW: 0 0.50 INCH OR MORE: 0
MIN 0 OR BELOW: 0 1.00 INCH OR MORE: 0
[HDD (BASE 65) ]
TOTAL THIS MO. 103 CLEAR (SCALE 0-3) 19
DPTR FM NORMAL 29 PTCLDY (SCALE 4-7) 0
TOTAL FM JUL 1 2127 CLOUDY (SCALE 8-10) 6
DPTR FM NORMAL -32
[CDD (BASE 65) ]
TOTAL THIS MO. 44
DPTR FM NORMAL -8 [PRESSURE DATA]
TOTAL FM JAN 1 44 HIGHEST SLP M ON M
DPTR FM NORMAL -16 LOWEST SLP 29.57 ON 5
[REMARKS]