000
CXUS53 KLSX 171400
CF6SET
PRELIMINARY LOCAL CLIMATOLOGICAL DATA (WS FORM: F-6)
STATION: ST_CHARLES MO
MONTH: APRIL
YEAR: 2024
LATITUDE: 38 55 N
LONGITUDE: 90 26 W
TEMPERATURE IN F: :PCPN: SNOW: WIND :SUNSHINE: SKY :PK WND
================================================================================
1 2 3 4 5 6A 6B 7 8 9 10 11 12 13 14 15 16 17 18
12Z AVG MX 2MIN
DY MAX MIN AVG DEP HDD CDD WTR SNW DPTH SPD SPD DIR MIN PSBL S-S WX SPD DR
================================================================================
1 79 56 68 17 0 3 2.06 0.0 0 7.0 28 290 M M 6 123 42 270
2 64 44 54 2 11 0 0.48 0.0 0 16.2 30 300 M M 9 138 53 300
3 46 39 43 -9 22 0 0.10 M M 17.0 31 300 M M 8 54 320
4 49 38 44 -8 21 0 0.00 0.0 0 13.3 22 340 M M 8 32 350
5 55 32 44 -9 21 0 0.00 0.0 0 5.9 15 80 M M 3 19 90
6 61 33 47 -6 18 0 0.00 0.0 0 11.4 21 120 M M 0 28 110
7 77 45 61 7 4 0 0.01 0.0 0 14.2 24 250 M M 5 3 34 260
8 78 41 60 6 5 0 0.00 0.0 0 5.6 17 170 M M 0 24 170
9 70 47 59 5 6 0 0.00 0.0 0 4.7 12 20 M M 4 17 300
10 62 53 58 3 7 0 0.49 M M 8.6 18 40 M M 9 1 24 30
11 69 51 60 5 5 0 0.02 0.0 0 14.3 35 300 M M 5 60 300
12 69 46 58 2 7 0 0.00 0.0 0 15.7 29 300 M M 1 50 300
13 81 39 60 4 5 0 0.00 0.0 0 6.2 18 140 M M 1 25 150
14 88 52 70 14 0 5 0.00 0.0 0 7.4 18 260 M M 0 26 240
15 86 56 71 14 0 6 0.00 M M 6.6 16 170 M M 1 22 180
16 87 65 76 19 0 11 0.01 M M 17.4 32 160 M M 2 3 55 170
================================================================================
SM 1121 737 132 25 3.17 0.0 171.5 M 62
================================================================================
AV 70.1 46.1 10.7 FASTST M M 4 MAX(MPH)
MISC ----> 35 300 60 300
================================================================================
NOTES:
# LAST OF SEVERAL OCCURRENCES
COLUMN 17 PEAK WIND IN M.P.H.
PRELIMINARY LOCAL CLIMATOLOGICAL DATA (WS FORM: F-6) , PAGE 2
STATION: ST_CHARLES MO
MONTH: APRIL
YEAR: 2024
LATITUDE: 38 55 N
LONGITUDE: 90 26 W
[TEMPERATURE DATA] [PRECIPITATION DATA] SYMBOLS USED IN COLUMN 16
AVERAGE MONTHLY: 58.1 TOTAL FOR MONTH: 3.17 1 = FOG OR MIST
DPTR FM NORMAL: 3.9 DPTR FM NORMAL: 1.04 2 = FOG REDUCING VISIBILITY
HIGHEST: 88 ON 14 GRTST 24HR 2.54 ON 1- 2 TO 1/4 MILE OR LESS
LOWEST: 32 ON 5 3 = THUNDER
SNOW, ICE PELLETS, HAIL 4 = ICE PELLETS
TOTAL MONTH: 0.0 INCH 5 = HAIL
GRTST 24HR 0.0 6 = FREEZING RAIN OR DRIZZLE
GRTST DEPTH: 0 7 = DUSTSTORM OR SANDSTORM:
VSBY 1/2 MILE OR LESS
8 = SMOKE OR HAZE
[NO. OF DAYS WITH] [WEATHER - DAYS WITH] 9 = BLOWING SNOW
X = TORNADO
MAX 32 OR BELOW: 0 0.01 INCH OR MORE: 7
MAX 90 OR ABOVE: 0 0.10 INCH OR MORE: 4
MIN 32 OR BELOW: 1 0.50 INCH OR MORE: 1
MIN 0 OR BELOW: 0 1.00 INCH OR MORE: 1
[HDD (BASE 65) ]
TOTAL THIS MO. 132 CLEAR (SCALE 0-3) 8
DPTR FM NORMAL -52 PTCLDY (SCALE 4-7) 4
TOTAL FM JUL 1 3836 CLOUDY (SCALE 8-10) 4
DPTR FM NORMAL -670
[CDD (BASE 65) ]
TOTAL THIS MO. 25
DPTR FM NORMAL 16 [PRESSURE DATA]
TOTAL FM JAN 1 31 HIGHEST SLP M ON M
DPTR FM NORMAL 18 LOWEST SLP 29.44 ON 2
[REMARKS]