000
CXUS53 KGRB 011018
CLMGRB
CLIMATE REPORT
NATIONAL WEATHER SERVICE GREEN BAY
418 AM CST FRI MAR 01 2024
...................................
...THE GREEN BAY WI CLIMATE SUMMARY FOR THE MONTH OF FEBRUARY 2024...
CLIMATE NORMAL PERIOD: 1991 TO 2020
CLIMATE RECORD PERIOD: 1886 TO 2024
WEATHER OBSERVED NORMAL DEPART LAST YEAR`S
VALUE DATE(S) VALUE FROM VALUE DATE(S)
NORMAL
................................................................
TEMPERATURE (F)
RECORD
HIGH 70 02/27/2024
LOW -33 02/10/1899
HIGHEST 70R 02/27 43 27 48 02/15
LOWEST 6 02/29 -12 18 -8 02/03
AVG. MAXIMUM 42.4 29.0 13.4 33.8
AVG. MINIMUM 23.7 13.2 10.5 17.5
MEAN 33.1 21.1 12.0 25.6
DAYS MAX >= 90 0 0.0 0.0 0
DAYS MAX <= 32 4 17.1 -13.1 11
DAYS MIN <= 32 27 26.7 0.3 28
DAYS MIN <= 0 0 5.6 -5.6 3
PRECIPITATION (INCHES)
RECORD
MAXIMUM 4.54 1922
MINIMUM 0.04 1969
TOTALS 0.47 1.20 -0.73 2.37
DAYS >= .01 5 8.9 -3.9 12
DAYS >= .10 2 3.6 -1.6 7
DAYS >= .50 0 0.5 -0.5 1
DAYS >= 1.00 0 0.0 0.0 0
GREATEST
24 HR. TOTAL 0.21 02/14 TO 02/15
SNOWFALL (INCHES)
RECORDS
TOTAL 30.2 1890
TOTALS 4.5 12.0 -7.5 23.5
SINCE 7/1 33.2 42.8 -9.6 MM
SNOWDEPTH AVG. 0 4
DAYS >= 1.0 2 3.5 -1.5 6
GREATEST
SNOW DEPTH 3 02/28 11 02/23
02/24
24 HR TOTAL MM
DEGREE DAYS
HEATING TOTAL 917 1229 -312 1092
SINCE 7/1 4483 5589 -1106 MM
COOLING TOTAL 0 0 0 0
SINCE 1/1 0 0 0 MM
................................................................
WIND (MPH)
AVERAGE WIND SPEED 8.4
HIGHEST WIND SPEED/DIRECTION 28/300 DATE 02/28
HIGHEST GUST SPEED/DIRECTION 38/230 DATE 02/17
SKY COVER
POSSIBLE SUNSHINE (PERCENT) MM
AVERAGE SKY COVER 0.43
NUMBER OF DAYS FAIR 15
NUMBER OF DAYS PC 6
NUMBER OF DAYS CLOUDY 8
AVERAGE RH (PERCENT) 69
WEATHER CONDITIONS. NUMBER OF DAYS WITH
THUNDERSTORM 0 MIXED PRECIP 0
HEAVY RAIN 0 RAIN 0
LIGHT RAIN 3 FREEZING RAIN 0
LT FREEZING RAIN 0 HAIL 0
HEAVY SNOW 0 SNOW 0
LIGHT SNOW 5 SLEET 0
FOG 13 FOG W/VIS <= 1/4 MILE 6
HAZE 5
- INDICATES NEGATIVE NUMBERS.
R INDICATES RECORD WAS SET OR TIED.
MM INDICATES DATA IS MISSING.
T INDICATES TRACE AMOUNT.
$$