000
CXUS54 KFWD 010730
CF60F2
PRELIMINARY LOCAL CLIMATOLOGICAL DATA (WS FORM: F-6)
STATION: BOWIE
MONTH: MAY
YEAR: 2021
LATITUDE: 33 36 N
LONGITUDE: 97 47 W
TEMPERATURE IN F: :PCPN: SNOW: WIND :SUNSHINE: SKY :PK WND
================================================================================
1 2 3 4 5 6A 6B 7 8 9 10 11 12 13 14 15 16 17 18
12Z AVG MX 2MIN
DY MAX MIN AVG DEP HDD CDD WTR SNW DPTH SPD SPD DIR MIN PSBL S-S WX SPD DR
================================================================================
1 69 61 65 -1 0 0 0.08 M M 3.0 7 170 M M 9 12 M M
2 79 64 72 6 0 7 T M M 5.6 10 140 M M 7 1 18 160
3 87 64 76 10 0 11 0.00 M M 6.7 10 340 M M 2 18 310
4 70 51 61 -5 4 0 0.00 M M 12.2 21 340 M M 4 28 320
5 75 46 61 -6 4 0 0.00 M M 1.9 6 90 M M 0 M M
6 79 54 67 0 0 2 0.00 M M 2.9 9 360 M M 3 17 50
7 84 54 69 2 0 4 0.00 M M 8.9 18 190 M M 0 24 180
8 86 62 74 6 0 9 0.00 M M 14.4 24 180 M M 0 32 180
9 75 56 66 -2 0 1 0.00 M M 11.1 18 180 M M 1 29 190
10 57 52 55 -13 10 0 M M M 5.6 10 20 M M 10 1 20 50
11 58 53 56 -12 9 0 0.73 M M 5.7 10 30 M M 10 1 20 10
12 64 52 58 -11 7 0 0.01 M M 5.6 10 360 M M 10 1 M M
13 71 51 61 -8 4 0 0.00 M M 1.3 6 170 M M 6 M M
14 77 50 64 -5 1 0 0.00 M M 6.2 18 170 M M 1 24 170
15 78 60 69 -1 0 4 0.02 M M 7.7 14 170 M M 5 20 160
16 78 62 70 0 0 5 0.60 M M 8.1 13 170 M M 8 1 21 70
17 82 63 73 3 0 8 0.71 M M 5.6 15 280 M M 3 26 280
18 72 58 65 -5 0 0 0.51 M M 3.8 10 230 M M 6 3 18 230
19 79 58 69 -1 0 4 0.11 M M 3.5 13 320 M M 4 17 320
20 78 64 71 0 0 6 0.00 M M 3.4 8 140 M M 2 M M
21 82 66 74 3 0 9 0.00 M M 6.8 13 150 M M 7 1 17 120
22 75 69 72 1 0 7 0.19 M M 6.3 13 140 M M 10 21 140
23 74 65 70 -2 0 5 0.07 M M 6.8 10 150 M M 7 1 20 160
24 73 64 69 -3 0 4 0.90 M M 6.6 10 160 M M 9 20 140
25 80 66 73 1 0 8 0.19 M M 4.7 12 180 M M 5 21 250
26 87 69 78 6 0 13 0.00 M M 5.9 10 170 M M 5 1 16 170
27 86 66 76 3 0 11 0.42 M M 10.3 18 180 M M 5 29 140
28 76 64 70 -3 0 5 0.09 M M 3.1 7 120 M M 7 1 M M
29 80 61 71 -2 0 6 0.00 M M 3.1 7 80 M M 4 M M
30 75 62 69 -5 0 4 0.00 M M 5.8 9 120 M M 6 18 110
31 73 62 68 -6 0 3 0.97 M M 5.0 12 160 M M 8 18 140
================================================================================
SM 2359 1849 39 136 5.60 M 187.6 M 164
================================================================================
AV 76.1 59.6 6.1 FASTST M M 5 MAX(MPH)
MISC ----> 24 180 32 180
================================================================================
NOTES:
# LAST OF SEVERAL OCCURRENCES
COLUMN 17 PEAK WIND IN M.P.H.
PRELIMINARY LOCAL CLIMATOLOGICAL DATA (WS FORM: F-6) , PAGE 2
STATION: BOWIE
MONTH: MAY
YEAR: 2021
LATITUDE: 33 36 N
LONGITUDE: 97 47 W
[TEMPERATURE DATA] [PRECIPITATION DATA] SYMBOLS USED IN COLUMN 16
AVERAGE MONTHLY: 67.9 TOTAL FOR MONTH: 5.60 1 = FOG OR MIST
DPTR FM NORMAL: -1.9 DPTR FM NORMAL: 0.60 2 = FOG REDUCING VISIBILITY
HIGHEST: 87 ON 26, 3 GRTST 24HR 0.97 ON 31-31 TO 1/4 MILE OR LESS
LOWEST: 46 ON 5 3 = THUNDER
SNOW, ICE PELLETS, HAIL 4 = ICE PELLETS
TOTAL MONTH: M 5 = HAIL
GRTST 24HR M ON M 6 = FREEZING RAIN OR DRIZZLE
GRTST DEPTH: M ON M 7 = DUSTSTORM OR SANDSTORM:
VSBY 1/2 MILE OR LESS
8 = SMOKE OR HAZE
[NO. OF DAYS WITH] [WEATHER - DAYS WITH] 9 = BLOWING SNOW
X = TORNADO
MAX 32 OR BELOW: 0 0.01 INCH OR MORE: 15
MAX 90 OR ABOVE: 0 0.10 INCH OR MORE: 10
MIN 32 OR BELOW: 0 0.50 INCH OR MORE: 6
MIN 0 OR BELOW: 0 1.00 INCH OR MORE: 0
[HDD (BASE 65) ]
TOTAL THIS MO. 39 CLEAR (SCALE 0-3) 8
DPTR FM NORMAL 9 PTCLDY (SCALE 4-7) 16
TOTAL FM JUL 1 2676 CLOUDY (SCALE 8-10) 7
DPTR FM NORMAL -402
[CDD (BASE 65) ]
TOTAL THIS MO. 136
DPTR FM NORMAL -42 [PRESSURE DATA]
TOTAL FM JAN 1 189 HIGHEST SLP M ON M
DPTR FM NORMAL -59 LOWEST SLP M ON M
[REMARKS]
#FINAL-05-21#