000
CXUS54 KFWD 020337
CF60F2
PRELIMINARY LOCAL CLIMATOLOGICAL DATA (WS FORM: F-6)
STATION: BOWIE
MONTH: FEBRUARY
YEAR: 2020
LATITUDE: 33 36 N
LONGITUDE: 97 47 W
TEMPERATURE IN F: :PCPN: SNOW: WIND :SUNSHINE: SKY :PK WND
================================================================================
1 2 3 4 5 6A 6B 7 8 9 10 11 12 13 14 15 16 17 18
12Z AVG MX 2MIN
DY MAX MIN AVG DEP HDD CDD WTR SNW DPTH SPD SPD DIR MIN PSBL S-S WX SPD DR
================================================================================
1 70 31 51 8 14 0 0.00 0.0 0 4.3 10 280 M M 0 16 280
2 84 37 61 18 4 0 0.00 0.0 0 7.3 14 190 M M 0 23 220
3 75 58 67 24 0 2 0.00 0.0 0 10.3 16 200 M M 4 24 200
4 64 36 50 7 15 0 0.26 M 0 12.5 18 350 M M 10 1 24 360
5 36 31 34 -9 31 0 0.34 M 0 12.4 17 340 M M 10 1 24 340
6 44 21 33 -10 32 0 0.00 0.0 M 5.5 10 250 M M 1 1 16 250
7 56 32 44 0 21 0 0.00 0.0 M 5.1 13 330 M M 3 16 340
8 65 33 49 5 16 0 0.00 0.0 0 6.4 15 170 M M 4 22 140
9 78 53 66 22 0 1 0.16 0.0 0 12.7 21 190 M M 9 29 190
10 53 38 46 2 19 0 0.42 0.0 0 9.6 16 350 M M 8 24 330
11 45 40 43 -1 22 0 0.11 0.0 0 8.0 13 360 M M 10 17 360
12 49 40 45 1 20 0 0.59 0.0 0 4.9 10 290 M M 10 M M
13 46 33 40 -5 25 0 0.00 0.0 0 9.2 17 350 M M 5 23 10
14 52 27 40 -5 25 0 0.00 0.0 0 4.5 10 160 M M 0 M M
15 69 41 55 10 10 0 0.00 0.0 0 9.6 16 190 M M 0 24 170
16 76 43 60 15 5 0 0.00 0.0 0 3.7 8 210 M M 2 12 M M
17 77 51 64 18 1 0 0.00 0.0 0 7.7 14 340 M M 0 18 280
18 63 45 54 8 11 0 0.00 0.0 0 9.5 17 20 M M 5 28 20
19 59 37 48 2 17 0 M 0.0 0 4.8 8 90 M M 5 M M
20 53 33 43 -3 22 0 0.06 0.0 0 8.0 18 360 M M 7 30 360
21 52 25 39 -7 26 0 0.00 0.0 0 3.0 7 360 M M 0 M M
22 63 41 52 5 13 0 0.00 0.0 0 9.3 17 170 M M 1 20 190
23 60 50 55 8 10 0 0.00 0.0 0 10.7 17 180 M M 5 27 190
24 65 47 56 9 9 0 0.00 0.0 0 13.7 24 290 M M 1 36 290
25 60 40 50 2 15 0 0.00 0.0 0 12.1 20 320 M M 2 28 310
26 50 29 40 -8 25 0 M M 0 15.4 22 330 M M 5 31 330
27 66 27 47 -1 18 0 0.00 0.0 0 5.6 15 200 M M 0 20 260
28 68 33 51 3 14 0 0.00 0.0 0 4.1 9 270 M M 0 M M
29 79 40 60 12 5 0 0.00 0.0 0 8.5 23 180 M M 0 29 180
================================================================================
SM 1777 1092 445 3 1.94 0.0 238.4 M 107
================================================================================
AV 61.3 37.7 8.2 FASTST M M 4 MAX(MPH)
MISC ----> # 24 290 # 36 290
================================================================================
NOTES:
# LAST OF SEVERAL OCCURRENCES
COLUMN 17 PEAK WIND IN M.P.H.
PRELIMINARY LOCAL CLIMATOLOGICAL DATA (WS FORM: F-6) , PAGE 2
STATION: BOWIE
MONTH: FEBRUARY
YEAR: 2020
LATITUDE: 33 36 N
LONGITUDE: 97 47 W
[TEMPERATURE DATA] [PRECIPITATION DATA] SYMBOLS USED IN COLUMN 16
AVERAGE MONTHLY: 49.5 TOTAL FOR MONTH: 1.94 1 = FOG OR MIST
DPTR FM NORMAL: 4.4 DPTR FM NORMAL: -0.50 2 = FOG REDUCING VISIBILITY
HIGHEST: 84 ON 2 GRTST 24HR 0.59 ON 12-12 TO 1/4 MILE OR LESS
LOWEST: 21 ON 6 3 = THUNDER
SNOW, ICE PELLETS, HAIL 4 = ICE PELLETS
TOTAL MONTH: 0.0 INCH 5 = HAIL
GRTST 24HR 0.0 6 = FREEZING RAIN OR DRIZZLE
GRTST DEPTH: 0 7 = DUSTSTORM OR SANDSTORM:
VSBY 1/2 MILE OR LESS
8 = SMOKE OR HAZE
[NO. OF DAYS WITH] [WEATHER - DAYS WITH] 9 = BLOWING SNOW
X = TORNADO
MAX 32 OR BELOW: 0 0.01 INCH OR MORE: 7
MAX 90 OR ABOVE: 0 0.10 INCH OR MORE: 6
MIN 32 OR BELOW: 8 0.50 INCH OR MORE: 1
MIN 0 OR BELOW: 0 1.00 INCH OR MORE: 0
[HDD (BASE 65) ]
TOTAL THIS MO. 445 CLEAR (SCALE 0-3) 14
DPTR FM NORMAL -112 PTCLDY (SCALE 4-7) 10
TOTAL FM JUL 1 1929 CLOUDY (SCALE 8-10) 5
DPTR FM NORMAL -596
[CDD (BASE 65) ]
TOTAL THIS MO. 3
DPTR FM NORMAL 1 [PRESSURE DATA]
TOTAL FM JAN 1 4 HIGHEST SLP M ON M
DPTR FM NORMAL 2 LOWEST SLP M ON M
[REMARKS]
#FINAL-02-20#