000
CXUS55 KBOU 010900
CF633V
PRELIMINARY LOCAL CLIMATOLOGICAL DATA (WS FORM: F-6)
STATION: WALDEN
MONTH: JULY
YEAR: 2023
LATITUDE: 40 45 N
LONGITUDE: 106 16 W
TEMPERATURE IN F: :PCPN: SNOW: WIND :SUNSHINE: SKY :PK WND
================================================================================
1 2 3 4 5 6A 6B 7 8 9 10 11 12 13 14 15 16 17 18
12Z AVG MX 2MIN
DY MAX MIN AVG DEP HDD CDD WTR SNW DPTH SPD SPD DIR MIN PSBL S-S WX SPD DR
================================================================================
1 68 34 51 M 14 0 M M M 5.8 15 290 M M 3 23 320
2 73 41 57 M 8 0 M M M 6.5 22 270 M M 2 26 270
3 79 36 58 M 7 0 M M M 7.4 18 300 M M 2 23 290
4 70 46 58 M 7 0 M M M 6.2 16 340 M M 6 35 0
5 72 45 59 M 6 0 M M M 6.1 14 340 M M 3 23 320
6 66 45 56 M 9 0 M M M 9.3 22 300 M M 7 30 320
7 70 37 54 M 11 0 M M M 6.0 22 270 M M 3 32 270
8 70 43 57 M 8 0 M M M 6.5 20 20 M M 3 31 350
9 73 39 56 M 9 0 M M M 5.2 10 360 M M 2 20 310
10 79 37 58 M 7 0 M M M 8.3 17 270 M M 2 28 300
11 79 39 59 M 6 0 M M M 9.2 22 260 M M 1 27 300
12 81 41 61 M 4 0 M M M 7.6 15 240 M M 4 22 270
13 81 45 63 M 2 0 M M M 6.6 16 260 M M 3 39 270
14 77 39 58 M 7 0 M M M 8.8 14 300 M M 2 29 270
15 77 37 57 M 8 0 M M M 5.9 16 270 M M 1 22 0
16 79 36 58 M 7 0 M M M 7.6 18 260 M M 1 23 260
17 86 41 64 M 1 0 M M M 9.7 23 230 M M 0 35 230
18 79 45 62 M 3 0 M M M 9.0 18 280 M M 4 30 300
19 72 50 61 M 4 0 M M M 4.9 12 60 M M 6 M M
20 75 43 59 M 6 0 M M M 7.0 18 340 M M 5 29 300
21 73 37 55 M 10 0 M M M 4.1 26 340 M M 4 43 340
22 77 37 57 M 8 0 M M M 3.8 9 130 M M 1 17 280
23 81 39 60 M 5 0 M M M 6.0 17 30 M M 2 32 20
24 86 43 65 M 0 0 M M M 5.8 17 200 M M 1 30 200
25 82 45 64 M 1 0 M M M 10.1 21 250 M M 2 26 250
26 81 48 65 M 0 0 M M M 8.2 20 210 M M 3 26 210
27 81 43 62 M 3 0 M M M 7.9 20 250 M M 2 27 310
28 84 48 66 M 0 1 M M M 7.8 16 320 M M 2 27 320
29 82 43 63 M 2 0 M M M 4.8 12 130 M M 2 32 150
30 84 46 65 M 0 0 M M M 7.0 14 140 M M 4 22 140
31 79 50 65 M 0 0 M M M 6.4 27 100 M M 3 33 100
================================================================================
SM 2396 1298 163 1 M M 215.6 M 86
================================================================================
AV 77.3 41.9 7.0 FASTST M M 3 MAX(MPH)
MISC ----> 27 100 43 340
================================================================================
NOTES:
# LAST OF SEVERAL OCCURRENCES
COLUMN 17 PEAK WIND IN M.P.H.
PRELIMINARY LOCAL CLIMATOLOGICAL DATA (WS FORM: F-6) , PAGE 2
STATION: WALDEN
MONTH: JULY
YEAR: 2023
LATITUDE: 40 45 N
LONGITUDE: 106 16 W
[TEMPERATURE DATA] [PRECIPITATION DATA] SYMBOLS USED IN COLUMN 16
AVERAGE MONTHLY: 59.6 TOTAL FOR MONTH: M 1 = FOG OR MIST
DPTR FM NORMAL: 0.0 DPTR FM NORMAL: M 2 = FOG REDUCING VISIBILITY
HIGHEST: 86 ON 17,24 GRTST 24HR M ON M TO 1/4 MILE OR LESS
LOWEST: 34 ON 1 3 = THUNDER
SNOW, ICE PELLETS, HAIL 4 = ICE PELLETS
TOTAL MONTH: M 5 = HAIL
GRTST 24HR M ON M 6 = FREEZING RAIN OR DRIZZLE
GRTST DEPTH: M ON M 7 = DUSTSTORM OR SANDSTORM:
VSBY 1/2 MILE OR LESS
8 = SMOKE OR HAZE
[NO. OF DAYS WITH] [WEATHER - DAYS WITH] 9 = BLOWING SNOW
X = TORNADO
MAX 32 OR BELOW: 0 0.01 INCH OR MORE: 0
MAX 90 OR ABOVE: 0 0.10 INCH OR MORE: 0
MIN 32 OR BELOW: 0 0.50 INCH OR MORE: 0
MIN 0 OR BELOW: 0 1.00 INCH OR MORE: 0
[HDD (BASE 65) ]
TOTAL THIS MO. 163 CLEAR (SCALE 0-3) 21
DPTR FM NORMAL M PTCLDY (SCALE 4-7) 10
TOTAL FM JUL 1 163 CLOUDY (SCALE 8-10) 0
DPTR FM NORMAL M
[CDD (BASE 65) ]
TOTAL THIS MO. 1
DPTR FM NORMAL M [PRESSURE DATA]
TOTAL FM JAN 1 1 HIGHEST SLP M ON M
DPTR FM NORMAL M LOWEST SLP M ON M
[REMARKS]
#FINAL-07-23#