000
CXUS56 KMFR 011030
CF6AAT
PRELIMINARY LOCAL CLIMATOLOGICAL DATA (WS FORM: F-6)
STATION: ALTURAS CA
MONTH: NOVEMBER
YEAR: 2022
LATITUDE: 41 29 N
LONGITUDE: 120 34 W
TEMPERATURE IN F: :PCPN: SNOW: WIND :SUNSHINE: SKY :PK WND
================================================================================
1 2 3 4 5 6A 6B 7 8 9 10 11 12 13 14 15 16 17 18
12Z AVG MX 2MIN
DY MAX MIN AVG DEP HDD CDD WTR SNW DPTH SPD SPD DIR MIN PSBL S-S WX SPD DR
================================================================================
1 53 25 39 -3 26 0 0.44 M M 9.6 36 190 M M 6 128 51 190
2 35 15 25 -17 40 0 0.36 M M 2.0 9 310 M M 9 12 12 300
3 29 5 17 -25 48 0 0.00 M M 0.9 8 60 M M 8 12 9 60
4 45 28 37 -4 28 0 0.00 M M 2.3 12 270 M M 7 1 16 260
5 44 36 40 -1 25 0 0.05 M M 9.0 21 250 M M 10 1 29 270
6 47 32 40 -1 25 0 0.13 M M 11.0 31 190 M M 7 1 43 210
7 38 17 28 -12 37 0 0.36 M M 6.9 23 280 M M 6 12 35 300
8 37 25 31 -9 34 0 0.10 M M 3.8 13 60 M M 8 18 21 90
9 35 24 30 -10 35 0 0.03 M M 5.5 16 260 M M 10 1 22 260
10 33 14 24 -16 41 0 0.00 M M 1.9 12 50 M M 5 128 15 70
11 40 12 26 -13 39 0 0.00 M M 4.1 13 180 M M 2 18 17 180
12 35 22 29 -10 36 0 0.35 M M 4.2 12 30 M M 9 128 18 10
13 31 6 19 -19 46 0 0.00 M M 3.0 10 340 M M 3 18 14 40
14 38 1 20 -18 45 0 0.00 M M 1.8 10 10 M M 0 18 13 350
15 40 2 21 -17 44 0 0.00 M M 1.2 7 90 M M 0 18 9 80
16 43 2 23 -15 42 0 0.00 M M 1.4 7 80 M M 0 18 9 70
17 37 3 20 -17 45 0 0.00 M M 1.5 13 10 M M 1 18 18 20
18 32 4 18 -19 47 0 0.00 M M 2.8 9 40 M M 0 18 14 30
19 41 0 21 -15 44 0 0.00 M M 5.0 13 60 M M 0 18 17 60
20 42 4 23 -13 42 0 0.00 M M 1.3 10 70 M M 0 18 14 60
21 39 3 21 -15 44 0 0.00 M M 0.9 7 80 M M 0 18 10 90
22 40 8 24 -12 41 0 T M M 1.8 8 220 M M 3 18 10 90
23 41 15 28 -7 37 0 0.00 M M 2.2 8 60 M M 1 18 11 100
24 53 10 32 -3 33 0 0.00 M M 2.8 12 70 M M 0 18 14 80
25 49 18 34 -1 31 0 0.00 M M 2.0 12 70 M M 0 18 14 60
26 42 19 31 -3 34 0 0.00 M M 2.3 10 140 M M 5 18 13 130
27 44 14 29 -5 36 0 0.00 M M 1.2 7 170 M M 3 18 8 180
28 36 24 30 -4 35 0 T M M 9.4 28 320 M M 7 18 37 320
29 36 15 26 -7 39 0 0.00 M M 1.8 15 310 M M 4 18 21 290
30 40 30 35 2 30 0 0.00 M M 9.4 21 200 M M 9 30 180
================================================================================
SM 1195 433 1129 0 1.82 M 113.0 M 123
================================================================================
AV 39.8 14.4 3.8 FASTST M M 4 MAX(MPH)
MISC ----> 36 190 51 190
================================================================================
NOTES:
# LAST OF SEVERAL OCCURRENCES
COLUMN 17 PEAK WIND IN M.P.H.
PRELIMINARY LOCAL CLIMATOLOGICAL DATA (WS FORM: F-6) , PAGE 2
STATION: ALTURAS CA
MONTH: NOVEMBER
YEAR: 2022
LATITUDE: 41 29 N
LONGITUDE: 120 34 W
[TEMPERATURE DATA] [PRECIPITATION DATA] SYMBOLS USED IN COLUMN 16
AVERAGE MONTHLY: 27.1 TOTAL FOR MONTH: 1.82 1 = FOG OR MIST
DPTR FM NORMAL: -10.6 DPTR FM NORMAL: 0.62 2 = FOG REDUCING VISIBILITY
HIGHEST: 53 ON 24, 1 GRTST 24HR 0.66 ON 1- 2 TO 1/4 MILE OR LESS
LOWEST: 0 ON 19 3 = THUNDER
SNOW, ICE PELLETS, HAIL 4 = ICE PELLETS
TOTAL MONTH: M 5 = HAIL
GRTST 24HR M ON M 6 = FREEZING RAIN OR DRIZZLE
GRTST DEPTH: M ON M 7 = DUSTSTORM OR SANDSTORM:
VSBY 1/2 MILE OR LESS
8 = SMOKE OR HAZE
[NO. OF DAYS WITH] [WEATHER - DAYS WITH] 9 = BLOWING SNOW
X = TORNADO
MAX 32 OR BELOW: 3 0.01 INCH OR MORE: 8
MAX 90 OR ABOVE: 0 0.10 INCH OR MORE: 6
MIN 32 OR BELOW: 29 0.50 INCH OR MORE: 0
MIN 0 OR BELOW: 1 1.00 INCH OR MORE: 0
[HDD (BASE 65) ]
TOTAL THIS MO. 1129 CLEAR (SCALE 0-3) 15
DPTR FM NORMAL 309 PTCLDY (SCALE 4-7) 9
TOTAL FM JUL 1 1776 CLOUDY (SCALE 8-10) 6
DPTR FM NORMAL 128
[CDD (BASE 65) ]
TOTAL THIS MO. 0
DPTR FM NORMAL 0 [PRESSURE DATA]
TOTAL FM JAN 1 399 HIGHEST SLP 30.78 ON 16
DPTR FM NORMAL 164 LOWEST SLP 29.41 ON 6
[REMARKS]
#FINAL-11-22#