000
CXUS52 KTAE 010800
CF6ABY
PRELIMINARY LOCAL CLIMATOLOGICAL DATA (WS FORM: F-6)
STATION: ALBANY
MONTH: SEPTEMBER
YEAR: 2020
LATITUDE: 31 31 N
LONGITUDE: 84 11 W
TEMPERATURE IN F: :PCPN: SNOW: WIND :SUNSHINE: SKY :PK WND
================================================================================
1 2 3 4 5 6A 6B 7 8 9 10 11 12 13 14 15 16 17 18
12Z AVG MX 2MIN
DY MAX MIN AVG DEP HDD CDD WTR SNW DPTH SPD SPD DIR MIN PSBL S-S WX SPD DR
================================================================================
1 94 75 85 4 0 20 0.00 0.0 0 3.8 13 240 M M 2 3 15 290
2 93 76 85 4 0 20 0.00 0.0 0 3.5 12 250 M M 3 1 14 250
3 95 72 84 3 0 19 0.00 M M 2.2 10 270 M M 0 1 13 280
4 98 71 85 5 0 20 0.00 0.0 M 2.5 12 340 M M 0 15 300
5 98 73 86 6 0 21 0.00 0.0 M 4.5 14 340 M M 1 20 340
6 92 74 83 3 0 18 0.00 0.0 M 8.5 17 70 M M 1 21 50
7 93 70 82 2 0 17 0.00 0.0 M 6.4 14 70 M M 2 19 80
8 93 73 83 3 0 18 0.00 0.0 M 8.0 17 50 M M 1 24 10
9 89 71 80 0 0 15 0.00 0.0 M 6.6 15 50 M M 4 22 50
10 93 77 85 6 0 20 0.01 0.0 M 7.6 17 50 M M 6 22 50
11 92 75 84 5 0 19 0.41 0.0 M 4.8 28 130 M M 4 138 38 110
12 94 76 85 6 0 20 0.08 0.0 M 8.3 24 80 M M 5 38 30 70
13 92 76 84 5 0 19 0.09 0.0 M 10.2 23 70 M M 5 13 30 80
14 89 77 83 5 0 18 T 0.0 M 8.7 20 90 M M 5 24 90
15 84 74 79 1 0 14 0.45 0.0 M 10.3 21 140 M M 6 18 25 150
16 78 72 75 -3 0 10 5.01 0.0 M 13.8 28 50 M M 9 1 37 50
17 79 71 75 -3 0 10 0.11 0.0 M 10.5 24 190 M M 9 18 33 190
18 84 69 77 0 0 12 0.00 0.0 M 4.0 12 20 M M 5 15 20
19 76 67 72 -5 0 7 T 0.0 M 10.2 20 50 M M 2 26 50
20 74 62 68 -9 0 3 T 0.0 M 11.8 22 50 M M 5 28 40
21 77 61 69 -7 0 4 0.00 0.0 M 12.9 23 40 M M 0 31 40
22 81 59 70 -6 0 5 0.00 0.0 M 8.4 16 60 M M 0 20 60
23 84 65 75 -1 0 10 0.00 0.0 M 4.4 10 130 M M 2 15 140
24 82 67 75 -1 0 10 0.30 0.0 M 8.6 18 160 M M 7 1 23 180
25 89 73 81 6 0 16 0.57 0.0 M 4.5 10 250 M M 7 1 14 240
26 87 69 78 3 0 13 0.00 0.0 M 2.3 10 250 M M 4 17 330
27 75 68 72 -3 0 7 0.43 0.0 M 2.0 10 160 M M 5 1 13 150
28 89 71 80 6 0 15 T 0.0 M 2.5 12 320 M M 6 1 16 220
29 76 58 67 -7 0 2 0.02 0.0 M 5.9 29 330 M M 7 1 38 330
30 79 52 66 -8 0 1 0.00 0.0 M 2.3 13 310 M M 0 16 310
================================================================================
SM 2599 2094 0 403 7.48 0.0 200.0 M 113
================================================================================
AV 86.6 69.8 6.7 FASTST M M 4 MAX(MPH)
MISC ----> 29 330 # 38 110
================================================================================
NOTES:
# LAST OF SEVERAL OCCURRENCES
COLUMN 17 PEAK WIND IN M.P.H.
PRELIMINARY LOCAL CLIMATOLOGICAL DATA (WS FORM: F-6) , PAGE 2
STATION: ALBANY
MONTH: SEPTEMBER
YEAR: 2020
LATITUDE: 31 31 N
LONGITUDE: 84 11 W
[TEMPERATURE DATA] [PRECIPITATION DATA] SYMBOLS USED IN COLUMN 16
AVERAGE MONTHLY: 78.2 TOTAL FOR MONTH: 7.48 1 = FOG OR MIST
DPTR FM NORMAL: 0.5 DPTR FM NORMAL: 4.04 2 = FOG REDUCING VISIBILITY
HIGHEST: 98 ON 5, 4 GRTST 24HR 5.08 ON 16-17 TO 1/4 MILE OR LESS
LOWEST: 52 ON 30 3 = THUNDER
SNOW, ICE PELLETS, HAIL 4 = ICE PELLETS
TOTAL MONTH: 0.0 INCH 5 = HAIL
GRTST 24HR 0.0 6 = FREEZING RAIN OR DRIZZLE
GRTST DEPTH: 0 7 = DUSTSTORM OR SANDSTORM:
VSBY 1/2 MILE OR LESS
8 = SMOKE OR HAZE
[NO. OF DAYS WITH] [WEATHER - DAYS WITH] 9 = BLOWING SNOW
X = TORNADO
MAX 32 OR BELOW: 0 0.01 INCH OR MORE: 11
MAX 90 OR ABOVE: 12 0.10 INCH OR MORE: 7
MIN 32 OR BELOW: 0 0.50 INCH OR MORE: 2
MIN 0 OR BELOW: 0 1.00 INCH OR MORE: 1
[HDD (BASE 65) ]
TOTAL THIS MO. 0 CLEAR (SCALE 0-3) 12
DPTR FM NORMAL -1 PTCLDY (SCALE 4-7) 16
TOTAL FM JUL 1 0 CLOUDY (SCALE 8-10) 2
DPTR FM NORMAL 0
[CDD (BASE 65) ]
TOTAL THIS MO. 403
DPTR FM NORMAL 20 [PRESSURE DATA]
TOTAL FM JAN 1 2725 HIGHEST SLP 30.31 ON 21
DPTR FM NORMAL 369 LOWEST SLP 29.67 ON 17
[REMARKS]
#FINAL-09-20#