000
CXUS54 KFWD 010730
CF6ACT
PRELIMINARY LOCAL CLIMATOLOGICAL DATA (WS FORM: F-6)
STATION: WACO
MONTH: JULY
YEAR: 2023
LATITUDE: 31 37 N
LONGITUDE: 97 13 W
TEMPERATURE IN F: :PCPN: SNOW: WIND :SUNSHINE: SKY :PK WND
================================================================================
1 2 3 4 5 6A 6B 7 8 9 10 11 12 13 14 15 16 17 18
12Z AVG MX 2MIN
DY MAX MIN AVG DEP HDD CDD WTR SNW DPTH SPD SPD DIR MIN PSBL S-S WX SPD DR
================================================================================
1 96 73 85 1 0 20 T 0.0 0 8.7 22 360 M M 3 3 28 20
2 92 76 84 0 0 19 0.00 0.0 0 5.6 14 10 M M 2 18 350
3 97 76 87 3 0 22 0.00 0.0 0 8.4 14 140 M M 0 19 170
4 97 75 86 2 0 21 0.00 0.0 0 10.3 17 180 M M 1 26 160
5 98 79 89 5 0 24 0.00 0.0 0 12.5 21 140 M M 1 26 150
6 97 76 87 2 0 22 0.00 0.0 0 11.2 22 160 M M 2 31 160
7 96 75 86 1 0 21 0.00 0.0 0 11.3 22 170 M M 1 32 130
8 100 77 89 4 0 24 0.00 0.0 0 11.8 18 160 M M 1 27 160
9 100 79 90 5 0 25 0.00 0.0 0 9.2 20 190 M M 2 27 180
10 104 80 92 7 0 27 0.00 0.0 0 10.6 20 180 M M 0 26 180
11 101 79 90 5 0 25 0.00 0.0 0 12.1 24 180 M M 0 32 180
12 105 79 92 7 0 27 0.00 0.0 0 15.6 26 170 M M 0 8 36 170
13 106 80 93 8 0 28 0.00 0.0 0 15.1 23 170 M M 0 30 190
14 104 79 92 7 0 27 0.00 0.0 0 14.4 21 170 M M 0 29 160
15 104 79 92 6 0 27 0.00 0.0 0 10.8 21 180 M M 0 27 170
16 99 80 90 4 0 25 0.00 0.0 0 8.0 14 190 M M 0 19 180
17 106 78 92 6 0 27 0.00 0.0 0 11.1 17 170 M M 0 23 210
18 106 81 94 8 0 29 0.00 0.0 0 13.1 21 180 M M 0 26 180
19 105 79 92 6 0 27 0.00 0.0 0 13.9 22 180 M M 0 27 180
20 104 79 92 6 0 27 0.00 0.0 0 12.7 21 190 M M 0 27 180
21 103 78 91 5 0 26 0.00 0.0 0 8.3 18 180 M M 0 23 190
22 101 77 89 3 0 24 0.00 0.0 0 9.4 17 350 M M 0 29 350
23 100 73 87 1 0 22 0.00 0.0 0 6.1 14 60 M M 0 23 20
24 103 67 85 -1 0 20 0.00 0.0 0 5.6 14 160 M M 0 21 180
25 102 76 89 3 0 24 0.00 0.0 0 10.5 18 180 M M 0 25 180
26 100 79 90 4 0 25 0.00 0.0 0 11.6 17 170 M M 0 24 190
27 100 79 90 4 0 25 0.00 0.0 0 10.4 17 180 M M 0 24 190
28 100 78 89 2 0 24 0.00 0.0 0 10.1 20 170 M M 0 28 140
29 101 76 89 2 0 24 0.00 0.0 0 7.8 16 180 M M 0 20 190
30 103 77 90 3 0 25 0.00 0.0 0 6.7 15 190 M M 0 20 190
31 105 77 91 4 0 26 0.00 0.0 0 6.1 14 150 M M 0 19 160
================================================================================
SM 3135 2396 0 759 T 0.0 319.0 M 13
================================================================================
AV101.1 77.3 10.3 FASTST M M 0 MAX(MPH)
MISC ----> 26 170 36 170
================================================================================
NOTES:
# LAST OF SEVERAL OCCURRENCES
COLUMN 17 PEAK WIND IN M.P.H.
PRELIMINARY LOCAL CLIMATOLOGICAL DATA (WS FORM: F-6) , PAGE 2
STATION: WACO
MONTH: JULY
YEAR: 2023
LATITUDE: 31 37 N
LONGITUDE: 97 13 W
[TEMPERATURE DATA] [PRECIPITATION DATA] SYMBOLS USED IN COLUMN 16
AVERAGE MONTHLY: 89.2 TOTAL FOR MONTH: T 1 = FOG OR MIST
DPTR FM NORMAL: 3.6 DPTR FM NORMAL: -1.82 2 = FOG REDUCING VISIBILITY
HIGHEST: 106 ON 18,17 GRTST 24HR T ON 1- 1 TO 1/4 MILE OR LESS
LOWEST: 67 ON 24 3 = THUNDER
SNOW, ICE PELLETS, HAIL 4 = ICE PELLETS
TOTAL MONTH: 0.0 INCH 5 = HAIL
GRTST 24HR 0.0 6 = FREEZING RAIN OR DRIZZLE
GRTST DEPTH: 0 7 = DUSTSTORM OR SANDSTORM:
VSBY 1/2 MILE OR LESS
8 = SMOKE OR HAZE
[NO. OF DAYS WITH] [WEATHER - DAYS WITH] 9 = BLOWING SNOW
X = TORNADO
MAX 32 OR BELOW: 0 0.01 INCH OR MORE: 0
MAX 90 OR ABOVE: 31 0.10 INCH OR MORE: 0
MIN 32 OR BELOW: 0 0.50 INCH OR MORE: 0
MIN 0 OR BELOW: 0 1.00 INCH OR MORE: 0
[HDD (BASE 65) ]
TOTAL THIS MO. 0 CLEAR (SCALE 0-3) 30
DPTR FM NORMAL 0 PTCLDY (SCALE 4-7) 1
TOTAL FM JUL 1 0 CLOUDY (SCALE 8-10) 0
DPTR FM NORMAL 0
[CDD (BASE 65) ]
TOTAL THIS MO. 759
DPTR FM NORMAL 122 [PRESSURE DATA]
TOTAL FM JAN 1 1665 HIGHEST SLP M ON M
DPTR FM NORMAL 59 LOWEST SLP 29.73 ON 13
[REMARKS]
#FINAL-07-23#