000
CXUS54 KFWD 010735
CLMACT
CLIMATE REPORT
NATIONAL WEATHER SERVICE FORT WORTH TX
235 AM CDT SAT APR 01 2023
...................................
...THE WACO CLIMATE SUMMARY FOR THE MONTH OF MARCH 2023...
CLIMATE NORMAL PERIOD 1991 TO 2020
CLIMATE RECORD PERIOD 1901 TO 2023
WEATHER OBSERVED NORMAL DEPART LAST YEAR`S
VALUE DATE(S) VALUE FROM VALUE DATE(S)
NORMAL
................................................................
TEMPERATURE (F)
RECORD
HIGH 100 03/28/1971
LOW 15 03/11/1948
03/03/1943
HIGHEST 89 03/31 86 3 91 03/26
03/27
LOWEST 26 03/19 29 -3 22 03/12
AVG. MAXIMUM 72.0 70.2 1.8 73.7
AVG. MINIMUM 48.0 47.4 0.6 41.5
MEAN 60.0 58.8 1.2 57.6
DAYS MAX >= 90 0 0.1 -0.1 2
DAYS MAX <= 32 0 0.0 0.0 0
DAYS MAX >= 100 0 0
DAYS MIN <= 32 1 2.5 -1.5 7
DAYS MIN <= 0 0 0.0 0.0 0
DAYS MIN >= 80 0 0
PRECIPITATION (INCHES)
RECORD
MAXIMUM 9.76 2007
MINIMUM T 1925
TOTALS 1.38 3.31 -1.93 1.29
DAILY AVG. 0.04 0.11 -0.07 0.04
DAYS >= .01 10 8.1 1.9 5
DAYS >= .10 3 4.8 -1.8 3
DAYS >= .50 1 2.3 -1.3 2
DAYS >= 1.00 0 1.1 -1.1 0
GREATEST
24 HR. TOTAL 0.73 03/02 TO 03/02 0.61
SNOWFALL (INCHES)
RECORDS
TOTAL 2.5 1915
24 HR TOTAL 2.5 03/09/1915 TO 03/09/1915
TOTALS 0.0 0.1 -0.1 0.0
SINCE 7/1 0.1 0.6 -0.5 MM
SNOWDEPTH AVG. 0 0
DAYS >= TRACE 0 0
DAYS >= 1.0 0 0.0 0.0 0
GREATEST
SNOW DEPTH 0 0 MM
24 HR TOTAL MM MM
DEGREE DAYS
HEATING TOTAL 190 230 -40 260
SINCE 7/1 1899 1994 -95 MM
COOLING TOTAL 41 38 3 39
SINCE 1/1 55 51 4 MM
................................................................
WIND (MPH)
AVERAGE WIND SPEED 11.2
HIGHEST WIND SPEED/DIRECTION 37/270 DATE 03/03
37/330 03/16
HIGHEST GUST SPEED/DIRECTION 54/260 DATE 03/03
SKY COVER
POSSIBLE SUNSHINE (PERCENT) MM
AVERAGE SKY COVER 0.47
NUMBER OF DAYS FAIR 12
NUMBER OF DAYS PC 12
NUMBER OF DAYS CLOUDY 7
AVERAGE RH (PERCENT) 71
WEATHER CONDITIONS. NUMBER OF DAYS WITH
THUNDERSTORM 4 MIXED PRECIP 0
HEAVY RAIN 2 RAIN 3
LIGHT RAIN 13 FREEZING RAIN 0
LT FREEZING RAIN 0 HAIL 0
HEAVY SNOW 0 SNOW 0
LIGHT SNOW 0 SLEET 0
FOG 16 FOG W/VIS <= 1/4 MILE 2
HAZE 4
- INDICATES NEGATIVE NUMBERS.
R INDICATES RECORD WAS SET OR TIED.
MM INDICATES DATA IS MISSING.
T INDICATES TRACE AMOUNT.
$$