000
CXUS54 KFWD 010830
CF6AFW
PRELIMINARY LOCAL CLIMATOLOGICAL DATA (WS FORM: F-6)
STATION: FORT WORTH ALLIANCE
MONTH: NOVEMBER
YEAR: 2022
LATITUDE: 32 58 N
LONGITUDE: 97 19 W
TEMPERATURE IN F: :PCPN: SNOW: WIND :SUNSHINE: SKY :PK WND
================================================================================
1 2 3 4 5 6A 6B 7 8 9 10 11 12 13 14 15 16 17 18
12Z AVG MX 2MIN
DY MAX MIN AVG DEP HDD CDD WTR SNW DPTH SPD SPD DIR MIN PSBL S-S WX SPD DR
================================================================================
1 77 53 65 3 0 0 0.00 M M 6.1 15 170 M M 5 19 180
2 74 56 65 4 0 0 0.00 M M 11.0 20 160 M M 5 1 25 170
3 80 65 73 12 0 8 T M M 15.8 28 170 M M 7 1 39 160
4 77 47 62 2 3 0 0.87 M M 15.1 32 290 M M 7 13 44 290
5 68 42 55 -5 10 0 0.00 M M 9.9 18 160 M M 2 24 150
6 81 56 69 9 0 4 0.00 M M 10.3 20 190 M M 4 27 190
7 80 58 69 9 0 4 0.11 M M 3.7 23 120 M M 9 123 29 120
8 78 68 73 14 0 8 T M M 7.6 12 120 M M 8 18 18 110
9 82 66 74 15 0 9 0.00 M M 12.7 25 160 M M 7 34 160
10 74 64 69 11 0 4 T M M 10.4 22 170 M M 6 27 170
11 70 37 54 -4 11 0 0.09 M M 17.2 29 340 M M 9 13 36 340
12 53 31 42 -16 23 0 0.00 M M 9.0 17 350 M M 3 8 26 350
13 53 32 43 -14 22 0 0.00 M M 6.1 13 110 M M 4 20 130
14 45 41 43 -14 22 0 0.39 M M 10.0 17 50 M M 9 1 24 300
15 48 34 41 -16 24 0 T M M 8.8 20 310 M M 8 26 320
16 58 34 46 -10 19 0 0.00 M M 4.0 15 360 M M 6 20 10
17 61 32 47 -9 18 0 0.00 M M 4.7 13 160 M M 1 8 20 160
18 47 35 41 -15 24 0 T M M 10.4 18 20 M M 7 4 29 30
19 45 32 39 -16 26 0 T T 0 7.3 17 360 M M 7 4 22 360
20 50 28 39 -16 26 0 0.03 M M 4.3 10 340 M M 4 12 190
21 54 41 48 -7 17 0 0.03 M M 6.3 13 190 M M 8 23 180
22 61 41 51 -3 14 0 0.00 M M 4.9 13 160 M M 7 17 170
23 57 50 54 0 11 0 0.23 M M 7.8 15 140 M M 10 13 19 120
24 57 53 55 1 10 0 0.47 M M 8.7 24 10 M M 10 12 30 50
25 59 50 55 1 10 0 0.01 M M 12.1 20 360 M M 10 1 27 10
26 54 46 50 -3 15 0 1.14 M M 9.9 21 240 M M 9 1 31 240
27 64 43 54 1 11 0 0.00 M M 7.6 15 290 M M 2 29 260
28 69 39 54 1 11 0 0.00 M M 10.3 22 170 M M 2 27 170
29 80 40 60 8 5 0 T M M 15.4 32 350 M M 3 1 43 350
30 51 32 42 -10 23 0 0.00 M M 10.7 22 350 M M 2 28 350
================================================================================
SM 1907 1346 355 37 3.37 T 278.1 M 181
================================================================================
AV 63.6 44.9 9.3 FASTST M M 6 MAX(MPH)
MISC ----> # 32 290 44 290
================================================================================
NOTES:
# LAST OF SEVERAL OCCURRENCES
COLUMN 17 PEAK WIND IN M.P.H.
PRELIMINARY LOCAL CLIMATOLOGICAL DATA (WS FORM: F-6) , PAGE 2
STATION: FORT WORTH ALLIANCE
MONTH: NOVEMBER
YEAR: 2022
LATITUDE: 32 58 N
LONGITUDE: 97 19 W
[TEMPERATURE DATA] [PRECIPITATION DATA] SYMBOLS USED IN COLUMN 16
AVERAGE MONTHLY: 54.2 TOTAL FOR MONTH: 3.37 1 = FOG OR MIST
DPTR FM NORMAL: -2.4 DPTR FM NORMAL: 0.86 2 = FOG REDUCING VISIBILITY
HIGHEST: 82 ON 9 GRTST 24HR 1.15 ON 25-26 TO 1/4 MILE OR LESS
LOWEST: 28 ON 20 3 = THUNDER
SNOW, ICE PELLETS, HAIL 4 = ICE PELLETS
TOTAL MONTH: T 5 = HAIL
GRTST 24HR T ON 19-19 6 = FREEZING RAIN OR DRIZZLE
GRTST DEPTH: 0 7 = DUSTSTORM OR SANDSTORM:
VSBY 1/2 MILE OR LESS
8 = SMOKE OR HAZE
[NO. OF DAYS WITH] [WEATHER - DAYS WITH] 9 = BLOWING SNOW
X = TORNADO
MAX 32 OR BELOW: 0 0.01 INCH OR MORE: 10
MAX 90 OR ABOVE: 0 0.10 INCH OR MORE: 6
MIN 32 OR BELOW: 6 0.50 INCH OR MORE: 2
MIN 0 OR BELOW: 0 1.00 INCH OR MORE: 1
[HDD (BASE 65) ]
TOTAL THIS MO. 355 CLEAR (SCALE 0-3) 6
DPTR FM NORMAL 74 PTCLDY (SCALE 4-7) 15
TOTAL FM JUL 1 412 CLOUDY (SCALE 8-10) 9
DPTR FM NORMAL 54
[CDD (BASE 65) ]
TOTAL THIS MO. 37
DPTR FM NORMAL 6 [PRESSURE DATA]
TOTAL FM JAN 1 3407 HIGHEST SLP 30.55 ON 16
DPTR FM NORMAL 485 LOWEST SLP 29.57 ON 4
[REMARKS]
#FINAL-11-22#