000
CXUS52 KCAE 011540
CF6AGS
PRELIMINARY LOCAL CLIMATOLOGICAL DATA (WS FORM: F-6)
STATION: AUGUSTA BUSH FIELD GA
MONTH: NOVEMBER
YEAR: 2023
LATITUDE: 33 22 N
LONGITUDE: 81 58 W
TEMPERATURE IN F: :PCPN: SNOW: WIND :SUNSHINE: SKY :PK WND
================================================================================
1 2 3 4 5 6A 6B 7 8 9 10 11 12 13 14 15 16 17 18
12Z AVG MX 2MIN
DY MAX MIN AVG DEP HDD CDD WTR SNW DPTH SPD SPD DIR MIN PSBL S-S WX SPD DR
================================================================================
1 57 31 44 -16 21 0 0.00 0.0 0 8.6 21 350 M M 3 25 350
2 59 27 43 -17 22 0 0.00 0.0 0 2.7 12 80 M M 0 18 70
3 68 28 48 -11 17 0 0.00 0.0 0 2.4 9 360 M M 0 1 13 360
4 71 35 53 -6 12 0 0.00 0.0 0 2.2 9 320 M M 0 13 360
5 76 33 55 -4 10 0 0.00 0.0 0 1.2 9 360 M M 0 18 12 340
6 77 37 57 -1 8 0 0.00 0.0 0 0.5 7 120 M M 0 1 10 130
7 80 39 60 2 5 0 0.00 0.0 0 2.7 14 260 M M 0 128 18 260
8 83 43 63 5 2 0 0.00 0.0 0 1.2 12 200 M M 2 128 14 190
9 80 46 63 6 2 0 0.00 0.0 0 3.6 15 230 M M 0 12 18 230
10 78 49 64 7 1 0 T 0.0 0 5.3 15 40 M M 4 12 20 250
11 57 50 54 -3 11 0 0.82 0.0 0 7.1 14 30 M M 10 1 16 40
12 60 44 52 -4 13 0 0.03 0.0 0 6.5 14 40 M M 9 1 19 40
13 69 40 55 -1 10 0 0.00 0.0 0 3.1 12 20 M M 0 12 15 30
14 69 42 56 0 9 0 0.00 0.0 0 3.5 21 60 M M 0 1 25 60
15 62 47 55 -1 10 0 0.01 0.0 0 5.9 13 70 M M 5 16 60
16 71 54 63 8 2 0 T 0.0 0 5.8 12 60 M M 6 16 40
17 78 59 69 14 0 4 0.00 0.0 0 5.3 12 80 M M 7 15 110
18 79 51 65 10 0 0 0.00 0.0 0 3.7 13 10 M M 3 18 17 340
19 69 46 58 4 7 0 0.00 0.0 0 3.5 13 70 M M 4 1 14 70
20 72 46 59 5 6 0 0.00 0.0 0 5.8 15 140 M M 6 8 20 150
21 70 55 63 9 2 0 0.35 0.0 0 6.5 16 140 M M 9 1 20 140
22 66 44 55 1 10 0 0.47 0.0 0 8.6 22 280 M M 5 1 30 300
23 63 36 50 -4 15 0 0.00 0.0 M 1.5 8 340 M M 0 10 30
24 67 42 55 2 10 0 T 0.0 0 1.4 8 230 M M 2 1 12 230
25 59 41 50 -3 15 0 0.00 0.0 0 4.7 15 50 M M 2 1 18 70
26 45 36 41 -12 24 0 0.24 0.0 0 2.2 10 340 M M 6 1 13 310
27 58 37 48 -5 17 0 T 0.0 0 7.7 16 330 M M 3 1 21 320
28 56 28 42 -10 23 0 0.00 0.0 0 7.2 20 300 M M 0 26 280
29 56 26 41 -11 24 0 0.00 0.0 0 2.1 8 360 M M 0 9 20
30 60 25 43 -9 22 0 0.00 0.0 0 0.8 8 210 M M 0 128 10 190
================================================================================
SM 2015 1217 330 4 1.92 0.0 123.3 M 86
================================================================================
AV 67.2 40.6 4.1 FASTST M M 3 MAX(MPH)
MISC ----> 22 280 30 300
================================================================================
NOTES:
# LAST OF SEVERAL OCCURRENCES
COLUMN 17 PEAK WIND IN M.P.H.
PRELIMINARY LOCAL CLIMATOLOGICAL DATA (WS FORM: F-6) , PAGE 2
STATION: AUGUSTA BUSH FIELD GA
MONTH: NOVEMBER
YEAR: 2023
LATITUDE: 33 22 N
LONGITUDE: 81 58 W
[TEMPERATURE DATA] [PRECIPITATION DATA] SYMBOLS USED IN COLUMN 16
AVERAGE MONTHLY: 53.9 TOTAL FOR MONTH: 1.92 1 = FOG OR MIST
DPTR FM NORMAL: -1.7 DPTR FM NORMAL: -0.74 2 = FOG REDUCING VISIBILITY
HIGHEST: 83 ON 8 GRTST 24HR 0.85 ON 11-12 TO 1/4 MILE OR LESS
LOWEST: 25 ON 30 3 = THUNDER
SNOW, ICE PELLETS, HAIL 4 = ICE PELLETS
TOTAL MONTH: 0.0 INCH 5 = HAIL
GRTST 24HR 0.0 6 = FREEZING RAIN OR DRIZZLE
GRTST DEPTH: 0 7 = DUSTSTORM OR SANDSTORM:
VSBY 1/2 MILE OR LESS
8 = SMOKE OR HAZE
[NO. OF DAYS WITH] [WEATHER - DAYS WITH] 9 = BLOWING SNOW
X = TORNADO
MAX 32 OR BELOW: 0 0.01 INCH OR MORE: 6
MAX 90 OR ABOVE: 0 0.10 INCH OR MORE: 4
MIN 32 OR BELOW: 6 0.50 INCH OR MORE: 1
MIN 0 OR BELOW: 0 1.00 INCH OR MORE: 0
[HDD (BASE 65) ]
TOTAL THIS MO. 330 CLEAR (SCALE 0-3) 18
DPTR FM NORMAL 32 PTCLDY (SCALE 4-7) 9
TOTAL FM JUL 1 416 CLOUDY (SCALE 8-10) 3
DPTR FM NORMAL 35
[CDD (BASE 65) ]
TOTAL THIS MO. 4
DPTR FM NORMAL -14 [PRESSURE DATA]
TOTAL FM JAN 1 1911 HIGHEST SLP 30.52 ON 2
DPTR FM NORMAL -448 LOWEST SLP 29.74 ON 18
[REMARKS]
#FINAL-11-23#