000
CXAK56 PAJK 011310
CF6AJN
PRELIMINARY LOCAL CLIMATOLOGICAL DATA (WS FORM: F-6)
STATION: JUNEAU
MONTH: OCTOBER
YEAR: 2022
LATITUDE: 58 22 N
LONGITUDE: 134 35 W
TEMPERATURE IN F: :PCPN: SNOW: WIND :SUNSHINE: SKY :PK WND
================================================================================
1 2 3 4 5 6A 6B 7 8 9 10 11 12 13 14 15 16 17 18
12Z AVG MX 2MIN
DY MAX MIN AVG DEP HDD CDD WTR SNW DPTH SPD SPD DIR MIN PSBL S-S WX SPD DR
================================================================================
1 58 47 53 6 12 0 1.20 0.0 0 9.8 38 110 M M 9 1 47 120
2 56 38 47 0 18 0 T 0.0 0 3.9 10 100 M M 6 1 13 70
3 56 37 47 1 18 0 0.00 0.0 0 3.7 9 100 M M 4 2 12 70
4 52 34 43 -3 22 0 0.01 0.0 0 1.3 8 230 M M 9 2 9 230
5 60 47 54 8 11 0 0.07 0.0 0 5.0 18 100 M M 10 1 22 110
6 56 47 52 6 13 0 T 0.0 0 3.9 12 240 M M 10 2 12 240
7 57 47 52 7 13 0 T 0.0 0 3.0 13 80 M M 9 2 15 80
8 57 49 53 8 12 0 0.44 0.0 0 16.8 32 110 M M 10 1 39 110
9 61 47 54 9 11 0 0.44 0.0 0 14.3 32 120 M M 10 1 41 120
10 49 44 47 3 18 0 0.12 0.0 0 8.1 20 110 M M 10 1 23 110
11 52 46 49 5 16 0 0.18 0.0 0 10.4 24 120 M M 10 1 32 120
12 52 48 50 6 15 0 0.92 0.0 0 20.5 36 120 M M 10 1 46 110
13 55 43 49 6 16 0 1.24 0.0 0 18.7 41 120 M M 9 1 55 120
14 46 39 43 0 22 0 0.62 0.0 0 2.0 8 250 M M 9 1 9 250
15 56 43 50 7 15 0 0.77 0.0 0 3.5 20 100 M M 9 2 23 100
16 62 50 56 14 9 0 T 0.0 0 11.6 23 100 M M 8 1 25 100
17 60 40 50 8 15 0 0.75 0.0 0 8.2 35 120 M M 7 1 43 120
18 57 42 50 8 15 0 0.60 0.0 0 13.4 31 110 M M 9 1 39 120
19 54 46 50 9 15 0 0.69 0.0 0 16.1 37 120 M M 10 1 46 120
20 47 44 46 5 19 0 0.36 0.0 0 10.2 23 120 M M 10 1 29 120
21 47 42 45 4 20 0 0.25 0.0 0 7.2 21 120 M M 9 1 26 110
22 46 36 41 1 24 0 0.02 0.0 0 4.4 14 110 M M 8 1 18 100
23 44 30 37 -3 28 0 T 0.0 0 5.7 23 100 M M 8 32 80
24 48 31 40 0 25 0 0.20 0.0 0 2.3 15 140 M M 8 1 19 140
25 41 34 38 -1 27 0 0.15 0.0 0 7.0 28 120 M M 8 1 35 110
26 46 37 42 3 23 0 1.19 0.0 0 16.9 32 110 M M 10 1 41 120
27 43 40 42 4 23 0 0.66 0.0 0 15.0 28 110 M M 10 1 34 110
28 41 34 38 0 27 0 0.44 T 0 11.3 32 110 M M 10 1 39 110
29 42 34 38 0 27 0 0.41 T 0 15.7 25 110 M M 10 1 33 110
30 43 36 40 2 25 0 1.03 0.0 0 21.7 39 110 M M 10 1 49 120
31 39 32 36 -1 29 0 0.35 0.1 0 7.9 22 130 M M 10 1 26 120
================================================================================
SM 1583 1264 583 0 13.11 0.1 299.5 M 279
================================================================================
AV 51.1 40.8 9.7 FASTST M M 9 MAX(MPH)
MISC ----> 41 120 55 120
================================================================================
NOTES:
# LAST OF SEVERAL OCCURRENCES
COLUMN 17 PEAK WIND IN M.P.H.
PRELIMINARY LOCAL CLIMATOLOGICAL DATA (WS FORM: F-6) , PAGE 2
STATION: JUNEAU
MONTH: OCTOBER
YEAR: 2022
LATITUDE: 58 22 N
LONGITUDE: 134 35 W
[TEMPERATURE DATA] [PRECIPITATION DATA] SYMBOLS USED IN COLUMN 16
AVERAGE MONTHLY: 45.9 TOTAL FOR MONTH: 13.11 1 = FOG OR MIST
DPTR FM NORMAL: 3.7 DPTR FM NORMAL: 4.69 2 = FOG REDUCING VISIBILITY
HIGHEST: 62 ON 16 GRTST 24HR 2.48 ON 30- 1 TO 1/4 MILE OR LESS
LOWEST: 30 ON 23 3 = THUNDER
SNOW, ICE PELLETS, HAIL 4 = ICE PELLETS
TOTAL MONTH: 0.1 INCH 5 = HAIL
GRTST 24HR 0.1 ON 31-31 6 = FREEZING RAIN OR DRIZZLE
GRTST DEPTH: 0 7 = DUSTSTORM OR SANDSTORM:
VSBY 1/2 MILE OR LESS
8 = SMOKE OR HAZE
[NO. OF DAYS WITH] [WEATHER - DAYS WITH] 9 = BLOWING SNOW
X = TORNADO
MAX 32 OR BELOW: 0 0.01 INCH OR MORE: 25
MAX 90 OR ABOVE: 0 0.10 INCH OR MORE: 22
MIN 32 OR BELOW: 3 0.50 INCH OR MORE: 11
MIN 0 OR BELOW: 0 1.00 INCH OR MORE: 4
[HDD (BASE 65) ]
TOTAL THIS MO. 583 CLEAR (SCALE 0-3) 0
DPTR FM NORMAL -124 PTCLDY (SCALE 4-7) 6
TOTAL FM JUL 1 1393 CLOUDY (SCALE 8-10) 25
DPTR FM NORMAL -289
[CDD (BASE 65) ]
TOTAL THIS MO. 0
DPTR FM NORMAL 0 [PRESSURE DATA]
TOTAL FM JAN 1 16 HIGHEST SLP 30.42 ON 6
DPTR FM NORMAL 14 LOWEST SLP 28.58 ON 26
[REMARKS]
#FINAL-10-22#