000
CXAK56 PAJK 161310
CF6AJN
PRELIMINARY LOCAL CLIMATOLOGICAL DATA (WS FORM: F-6)
STATION: JUNEAU
MONTH: APRIL
YEAR: 2024
LATITUDE: 58 22 N
LONGITUDE: 134 35 W
TEMPERATURE IN F: :PCPN: SNOW: WIND :SUNSHINE: SKY :PK WND
================================================================================
1 2 3 4 5 6A 6B 7 8 9 10 11 12 13 14 15 16 17 18
12Z AVG MX 2MIN
DY MAX MIN AVG DEP HDD CDD WTR SNW DPTH SPD SPD DIR MIN PSBL S-S WX SPD DR
================================================================================
1 41 32 37 1 28 0 0.21 0.2 0 5.6 16 140 M M 10 1 22 120
2 44 29 37 0 28 0 0.03 0.0 0 2.9 14 300 M M 8 14 18 310
3 49 25 37 0 28 0 T T 0 3.0 14 230 M M 6 1 19 260
4 45 35 40 3 25 0 0.01 0.0 0 4.5 17 120 M M 9 22 130
5 39 35 37 -1 28 0 0.77 T 0 14.6 22 120 M M 10 1 30 120
6 43 33 38 0 27 0 0.42 T 0 9.9 21 120 M M 9 14 27 110
7 42 34 38 0 27 0 0.37 T 0 22.2 36 110 M M 10 18 47 110
8 41 37 39 0 26 0 0.48 0.0 0 14.6 31 110 M M 10 1 39 110
9 46 37 42 3 23 0 0.05 0.0 0 12.1 23 120 M M 8 29 120
10 46 37 42 3 23 0 0.15 0.0 0 12.8 23 140 M M 10 29 140
11 46 33 40 0 25 0 0.02 0.0 0 4.8 14 230 M M 8 1 17 250
12 39 34 37 -3 28 0 0.26 T 0 11.5 29 110 M M 9 1 38 120
13 44 35 40 0 25 0 0.06 0.0 M 6.6 15 250 M M 10 1 22 260
14 45 29 37 -3 28 0 0.01 T 0 3.9 13 250 M M 7 1 17 340
15 53 24 39 -2 26 0 0.00 0.0 0 5.4 17 270 M M 2 1 24 260
================================================================================
SM 663 489 395 0 2.84 0.2 134.4 M 126
================================================================================
AV 44.2 32.6 9.0 FASTST M M 8 MAX(MPH)
MISC ----> 36 110 47 110
================================================================================
NOTES:
# LAST OF SEVERAL OCCURRENCES
COLUMN 17 PEAK WIND IN M.P.H.
PRELIMINARY LOCAL CLIMATOLOGICAL DATA (WS FORM: F-6) , PAGE 2
STATION: JUNEAU
MONTH: APRIL
YEAR: 2024
LATITUDE: 58 22 N
LONGITUDE: 134 35 W
[TEMPERATURE DATA] [PRECIPITATION DATA] SYMBOLS USED IN COLUMN 16
AVERAGE MONTHLY: 38.4 TOTAL FOR MONTH: 2.84 1 = FOG OR MIST
DPTR FM NORMAL: -0.2 DPTR FM NORMAL: 1.18 2 = FOG REDUCING VISIBILITY
HIGHEST: 53 ON 15 GRTST 24HR 0.77 ON 5- 5 TO 1/4 MILE OR LESS
LOWEST: 24 ON 15 3 = THUNDER
SNOW, ICE PELLETS, HAIL 4 = ICE PELLETS
TOTAL MONTH: 0.2 INCH 5 = HAIL
GRTST 24HR 0.2 ON 1- 1 6 = FREEZING RAIN OR DRIZZLE
GRTST DEPTH: 0 7 = DUSTSTORM OR SANDSTORM:
VSBY 1/2 MILE OR LESS
8 = SMOKE OR HAZE
[NO. OF DAYS WITH] [WEATHER - DAYS WITH] 9 = BLOWING SNOW
X = TORNADO
MAX 32 OR BELOW: 0 0.01 INCH OR MORE: 13
MAX 90 OR ABOVE: 0 0.10 INCH OR MORE: 7
MIN 32 OR BELOW: 5 0.50 INCH OR MORE: 1
MIN 0 OR BELOW: 0 1.00 INCH OR MORE: 0
[HDD (BASE 65) ]
TOTAL THIS MO. 395 CLEAR (SCALE 0-3) 1
DPTR FM NORMAL -1 PTCLDY (SCALE 4-7) 3
TOTAL FM JUL 1 6555 CLOUDY (SCALE 8-10) 11
DPTR FM NORMAL -641
[CDD (BASE 65) ]
TOTAL THIS MO. 0
DPTR FM NORMAL 0 [PRESSURE DATA]
TOTAL FM JAN 1 0 HIGHEST SLP M ON M
DPTR FM NORMAL 0 LOWEST SLP 29.46 ON 7
[REMARKS]