000
CXUS51 KALY 011438
CLMALB
CLIMATE REPORT
NATIONAL WEATHER SERVICE ALBANY NY
938 AM EST THU FEB 01 2024
...................................
...THE ALBANY NY CLIMATE SUMMARY FOR THE MONTH OF JANUARY 2024...
CLIMATE NORMAL PERIOD: 1991 TO 2020
CLIMATE RECORD PERIOD: 1874 TO 2024
WEATHER OBSERVED NORMAL DEPART LAST YEAR`S
VALUE DATE(S) VALUE FROM VALUE DATE(S)
NORMAL
................................................................
TEMPERATURE (F)
RECORD
HIGH 71 01/06/2007
01/13/1932
LOW -28 01/19/1971
HIGHEST 53 01/13 51 01/01
01/02
LOWEST 7 01/20 18 01/09
01/21
01/22
01/17
01/31
AVG. MAXIMUM 35.9 32.8 3.1 38.8
AVG. MINIMUM 24.4 15.9 8.5 26.9
MEAN 30.1 24.4 5.7 32.8
DAYS MAX >= 90 0 0.0 0.0 0
DAYS MAX <= 32 9 15.9 -6.9 2
DAYS MIN <= 32 22 28.1 -6.1 28
DAYS MIN <= 0 0 3.9 -3.9 0
PRECIPITATION (INCHES)
RECORD
MAXIMUM 7.30 1836
MINIMUM 0.08 1860
TOTALS 5.10 2.60 2.50 3.31
DAILY AVG. 0.16 0.11
DAYS >= .01 15 12.7 2.3 15
DAYS >= .10 10 5.9 4.1 9
DAYS >= .50 5 1.8 3.2 2
DAYS >= 1.00 1 0.3 0.7 0
GREATEST
24 HR. TOTAL 1.50 01/09 TO 01/10
SNOWFALL (INCHES)
RECORDS
TOTAL 47.8 1987
24 HR TOTAL 21.2 01/15/1983 TO 01/16/1983
SNOW DEPTH 36 01/01/1970
TOTALS 16.3 15.6 0.7 11.0
SINCE 7/1 21.3 31.8 -10.5
SNOWDEPTH AVG. 1
DAYS >= TRACE 19 10.1 8.9
DAYS >= 1.0 4 3.9 0.1
GREATEST
SNOW DEPTH 7 01/08 7 01/24
01/25
24 HR TOTAL 5.5 01/07 TO 01/07
DEGREE DAYS
HEATING TOTAL 1073 1260 -187 991
SINCE 7/1 3014 3620 -606 3110
COOLING TOTAL 0 0 0 0
SINCE 1/1 0 0 0 0
................................................................
WIND (MPH)
AVERAGE WIND SPEED 6.8
HIGHEST WIND SPEED/DIRECTION 39/250 DATE 01/14
HIGHEST GUST SPEED/DIRECTION 58/250 DATE 01/14
SKY COVER
AVERAGE SKY COVER 0.81
AVERAGE RH (PERCENT) 72
WEATHER CONDITIONS. NUMBER OF DAYS WITH
THUNDERSTORM 0 MIXED PRECIP 0
HEAVY RAIN 0 RAIN 4
LIGHT RAIN 9 FREEZING RAIN 0
LT FREEZING RAIN 1 HAIL 1
HEAVY SNOW 2 SNOW 3
LIGHT SNOW 19 SLEET 4
FOG 16 FOG W/VIS <= 1/4 MILE 3
HAZE 2
- INDICATES NEGATIVE NUMBERS.
R INDICATES RECORD WAS SET OR TIED.
MM INDICATES DATA IS MISSING.
T INDICATES TRACE AMOUNT.
$$