000
CXUS54 KCRP 011210
CF6ALI
PRELIMINARY LOCAL CLIMATOLOGICAL DATA (WS FORM: F-6)
STATION: ALICE
MONTH: JUNE
YEAR: 2021
LATITUDE: 27 44 N
LONGITUDE: 98 1 W
TEMPERATURE IN F: :PCPN: SNOW: WIND :SUNSHINE: SKY :PK WND
================================================================================
1 2 3 4 5 6A 6B 7 8 9 10 11 12 13 14 15 16 17 18
12Z AVG MX 2MIN
DY MAX MIN AVG DEP HDD CDD WTR SNW DPTH SPD SPD DIR MIN PSBL S-S WX SPD DR
================================================================================
1 83 67 75 -8 0 10 1.73 0.0 0 7.3 38 350 M M 3 13 48 350
2 91 68 80 -3 0 15 0.16 0.0 0 5.6 29 160 M M 2 13 36 160
3 84 68 76 -7 0 11 2.86 0.0 0 7.5 31 300 M M 6 123 39 300
4 84 67 76 -7 0 11 0.00 0.0 0 5.0 10 340 M M 4 12 13 340
5 90 68 79 -4 0 14 0.00 0.0 0 4.8 14 130 M M 3 12 17 130
6 94 71 83 0 0 18 0.00 0.0 0 10.3 21 160 M M 4 12 26 140
7 95 78 87 4 0 22 0.00 0.0 0 13.2 22 160 M M 8 18 30 160
8 92 78 85 1 0 20 0.00 0.0 0 11.9 21 130 M M 7 18 26 140
9 93 77 85 1 0 20 0.00 0.0 0 11.5 20 140 M M 7 1 25 120
10 95 77 86 2 0 21 0.00 0.0 0 11.1 21 120 M M 6 1 26 140
11 95 76 86 2 0 21 0.00 0.0 M 10.3 21 170 M M 3 1 25 170
12 94 73 84 0 0 19 0.00 0.0 M 7.6 17 110 M M 3 12 22 140
13 94 73 84 0 0 19 0.00 0.0 0 4.8 14 150 M M 2 12 18 150
14 97 69 83 -1 0 18 0.07 0.0 0 5.6 29 30 M M 2 123 38 20
15 95 72 84 0 0 19 0.00 0.0 0 4.9 13 30 M M 1 1 18 50
16 94 72 83 -1 0 18 T 0.0 M 6.9 21 40 M M 2 1 26 40
17 94 71 83 -1 0 18 M 0.0 M 7.3 16 110 M M 1 1 22 120
18 93 73 83 -1 0 18 0.00 0.0 M 6.6 15 50 M M M 21 50
19 95 70 83 -1 0 18 0.00 0.0 M 6.8 18 140 M M 1 18 23 140
20 95 75 85 1 0 20 T 0.0 0 11.0 21 140 M M 1 18 27 140
21 95 81 88 4 0 23 0.00 0.0 M 12.1 21 130 M M 9 18 26 160
22 92 77 85 1 0 20 0.05 0.0 M 5.8 24 90 M M 6 123 32 90
23 93 74 84 0 0 19 0.00 0.0 M 9.0 22 160 M M 3 12 26 160
24 95 76 86 2 0 21 0.00 0.0 0 10.2 23 120 M M 5 1 29 130
25 97 77 87 3 0 22 0.00 0.0 0 13.3 23 130 M M 4 1 29 140
26 95 76 86 1 0 21 0.00 0.0 0 12.8 23 130 M M 4 30 130
27 93 73 83 -2 0 18 T 0.0 0 6.9 17 120 M M 2 13 23 130
28 90 71 81 -4 0 16 2.32 0.0 0 5.4 25 270 M M 2 123 30 270
29 91 73 82 -3 0 17 0.20 0.0 0 6.0 24 120 M M 4 1 32 130
30 90 75 83 -2 0 18 0.03 0.0 0 5.4 20 190 M M 2 13 24 190
================================================================================
SM 2778 2196 0 545 7.42 0.0 246.9 M 107
================================================================================
AV 92.6 73.2 8.2 FASTST M M 4 MAX(MPH)
MISC ----> 38 350 48 350
================================================================================
NOTES:
# LAST OF SEVERAL OCCURRENCES
COLUMN 17 PEAK WIND IN M.P.H.
PRELIMINARY LOCAL CLIMATOLOGICAL DATA (WS FORM: F-6) , PAGE 2
STATION: ALICE
MONTH: JUNE
YEAR: 2021
LATITUDE: 27 44 N
LONGITUDE: 98 1 W
[TEMPERATURE DATA] [PRECIPITATION DATA] SYMBOLS USED IN COLUMN 16
AVERAGE MONTHLY: 82.9 TOTAL FOR MONTH: 7.42 1 = FOG OR MIST
DPTR FM NORMAL: -1.1 DPTR FM NORMAL: 3.76 2 = FOG REDUCING VISIBILITY
HIGHEST: 97 ON 25,14 GRTST 24HR 2.86 ON 3- 3 TO 1/4 MILE OR LESS
LOWEST: 67 ON 4, 1 3 = THUNDER
SNOW, ICE PELLETS, HAIL 4 = ICE PELLETS
TOTAL MONTH: 0.0 INCH 5 = HAIL
GRTST 24HR 0.0 6 = FREEZING RAIN OR DRIZZLE
GRTST DEPTH: 0 7 = DUSTSTORM OR SANDSTORM:
VSBY 1/2 MILE OR LESS
8 = SMOKE OR HAZE
[NO. OF DAYS WITH] [WEATHER - DAYS WITH] 9 = BLOWING SNOW
X = TORNADO
MAX 32 OR BELOW: 0 0.01 INCH OR MORE: 8
MAX 90 OR ABOVE: 27 0.10 INCH OR MORE: 5
MIN 32 OR BELOW: 0 0.50 INCH OR MORE: 3
MIN 0 OR BELOW: 0 1.00 INCH OR MORE: 3
[HDD (BASE 65) ]
TOTAL THIS MO. 0 CLEAR (SCALE 0-3) 14
DPTR FM NORMAL 0 PTCLDY (SCALE 4-7) 14
TOTAL FM JUL 1 818 CLOUDY (SCALE 8-10) 2
DPTR FM NORMAL -66
[CDD (BASE 65) ]
TOTAL THIS MO. 545
DPTR FM NORMAL -23 [PRESSURE DATA]
TOTAL FM JAN 1 1574 HIGHEST SLP 30.09 ON 1
DPTR FM NORMAL 45 LOWEST SLP 29.67 ON 6
[REMARKS]
#FINAL-06-21#