000
CXUS54 KEPZ 221307
CF6ALM
PRELIMINARY LOCAL CLIMATOLOGICAL DATA (WS FORM: F-6)
STATION: ALAMOGORDO
MONTH: JULY
YEAR: 2022
LATITUDE: 32 49 N
LONGITUDE: 106 0 W
TEMPERATURE IN F: :PCPN: SNOW: WIND :SUNSHINE: SKY :PK WND
================================================================================
1 2 3 4 5 6A 6B 7 8 9 10 11 12 13 14 15 16 17 18
12Z AVG MX 2MIN
DY MAX MIN AVG DEP HDD CDD WTR SNW DPTH SPD SPD DIR MIN PSBL S-S WX SPD DR
================================================================================
1 93 72 83 M 0 18 T M M 8.1 18 340 M M 2 3 25 340
2 97 64 81 M 0 16 0.00 M M 6.2 14 80 M M 2 21 80
3 97 64 81 M 0 16 0.00 M M 7.4 16 190 M M 2 28 190
4 97 68 83 M 0 18 0.07 M M 10.6 18 150 M M 2 1 30 20
5 91 66 79 M 0 14 0.04 M M 3.9 8 290 M M 1 12 190
6 95 68 82 M 0 17 0.00 M M 8.8 17 160 M M 1 21 170
7 95 68 82 M 0 17 0.04 M M 5.1 26 80 M M 1 8 35 80
8 93 64 79 M 0 14 0.00 M M 5.3 14 140 M M 0 32 0
9 90 68 79 M 0 14 T M M 7.3 16 180 M M 2 3 27 170
10 97 63 80 M 0 15 0.00 M M 5.3 10 100 M M 0 20 100
11 99 68 84 M 0 19 0.33 M M 6.3 23 220 M M 0 3 40 220
12 93 70 82 M 0 17 0.00 M M 5.2 18 50 M M 1 24 50
13 95 64 80 M 0 15 0.00 M M 5.4 17 190 M M 1 24 190
14 95 68 82 M 0 17 0.00 M M 5.7 10 170 M M 1 17 140
15 100 68 84 M 0 19 0.00 M M 6.9 17 160 M M 1 23 160
16 99 70 85 M 0 20 0.00 M M 7.7 16 180 M M 1 24 210
17 100 64 82 M 0 17 0.00 M M 5.7 15 80 M M 0 21 90
18 102 68 85 M 0 20 0.00 M M 5.8 15 200 M M 0 23 99
19 104 73 89 M 0 24 0.00 M M 4.8 10 190 M M 0 17 190
20 102 81 92 M 0 27 0.00 M M 7.8 15 360 M M 0 37 70
21 102 77 90 M 0 25 0.00 M M 6.4 18 190 M M 0 3 28 190
22 97 70 84 M 0 19 0.00 M M 8.2 20 140 M M 0 26 170
23 99 72 86 M 0 21 0.00 M M 5.5 12 210 M M 1 22 160
24 95 70 83 M 0 18 0.29 M M 7.8 22 160 M M 2 31 160
25 93 70 82 M 0 17 0.00 M M 6.2 17 350 M M 1 3 32 350
26 95 68 82 M 0 17 0.00 M M 9.0 22 160 M M 1 30 160
27 91 70 81 M 0 16 0.00 M M 8.6 20 190 M M 2 24 180
28 95 68 82 M 0 17 0.34 M M 6.2 16 70 M M 2 38 39 90
29 90 64 77 M 0 12 0.01 M M 7.3 26 80 M M 1 3 36 80
30 91 66 79 M 0 14 0.32 M M 7.1 16 70 M M 3 3 25 70
31 95 68 82 M 0 17 0.01 M M 6.6 15 320 M M 2 23 320
================================================================================
SM 2977 2122 0 547 1.45 M 208.1 M 33
================================================================================
AV 96.0 68.5 6.7 FASTST M M 1 MAX(MPH)
MISC ----> # 26 80 40 220
================================================================================
NOTES:
# LAST OF SEVERAL OCCURRENCES
COLUMN 17 PEAK WIND IN M.P.H.
PRELIMINARY LOCAL CLIMATOLOGICAL DATA (WS FORM: F-6) , PAGE 2
STATION: ALAMOGORDO
MONTH: JULY
YEAR: 2022
LATITUDE: 32 49 N
LONGITUDE: 106 0 W
[TEMPERATURE DATA] [PRECIPITATION DATA] SYMBOLS USED IN COLUMN 16
AVERAGE MONTHLY: 82.2 TOTAL FOR MONTH: 1.45 1 = FOG OR MIST
DPTR FM NORMAL: 0.0 DPTR FM NORMAL: M 2 = FOG REDUCING VISIBILITY
HIGHEST: 104 ON 19 GRTST 24HR 0.34 ON 28-28 TO 1/4 MILE OR LESS
LOWEST: 63 ON 10 3 = THUNDER
SNOW, ICE PELLETS, HAIL 4 = ICE PELLETS
TOTAL MONTH: M 5 = HAIL
GRTST 24HR M ON M 6 = FREEZING RAIN OR DRIZZLE
GRTST DEPTH: M ON M 7 = DUSTSTORM OR SANDSTORM:
VSBY 1/2 MILE OR LESS
8 = SMOKE OR HAZE
[NO. OF DAYS WITH] [WEATHER - DAYS WITH] 9 = BLOWING SNOW
X = TORNADO
MAX 32 OR BELOW: 0 0.01 INCH OR MORE: 9
MAX 90 OR ABOVE: 31 0.10 INCH OR MORE: 4
MIN 32 OR BELOW: 0 0.50 INCH OR MORE: 0
MIN 0 OR BELOW: 0 1.00 INCH OR MORE: 0
[HDD (BASE 65) ]
TOTAL THIS MO. 0 CLEAR (SCALE 0-3) 31
DPTR FM NORMAL M PTCLDY (SCALE 4-7) 0
TOTAL FM JUL 1 0 CLOUDY (SCALE 8-10) 0
DPTR FM NORMAL M
[CDD (BASE 65) ]
TOTAL THIS MO. 547
DPTR FM NORMAL M [PRESSURE DATA]
TOTAL FM JAN 1 1306 HIGHEST SLP M ON M
DPTR FM NORMAL M LOWEST SLP M ON M
[REMARKS]
#FINAL-07-22#