000
CXUS54 KEPZ 011200
CF6ALM
PRELIMINARY LOCAL CLIMATOLOGICAL DATA (WS FORM: F-6)
STATION: ALAMOGORDO
MONTH: MARCH
YEAR: 2020
LATITUDE: 32 49 N
LONGITUDE: 106 0 W
TEMPERATURE IN F: :PCPN: SNOW: WIND :SUNSHINE: SKY :PK WND
================================================================================
1 2 3 4 5 6A 6B 7 8 9 10 11 12 13 14 15 16 17 18
12Z AVG MX 2MIN
DY MAX MIN AVG DEP HDD CDD WTR SNW DPTH SPD SPD DIR MIN PSBL S-S WX SPD DR
================================================================================
1 64 45 55 M 10 0 0.00 0.0 0 9.7 23 240 M M 0 31 240
2 66 45 56 M 9 0 0.00 0.0 0 8.2 21 230 M M 0 25 230
3 55 41 48 M 17 0 0.13 M 0 7.1 20 240 M M 5 23 240
4 61 39 50 M 15 0 0.02 0.0 0 6.4 12 170 M M 4 16 230
5 64 32 48 M 17 0 0.00 0.0 0 4.7 10 60 M M 0 M M
6 66 37 52 M 13 0 0.00 0.0 0 9.0 25 180 M M 0 33 180
7 72 39 56 M 9 0 T 0.0 0 7.1 17 160 M M 2 28 160
8 63 48 56 M 9 0 0.30 M 0 11.0 20 160 M M 9 27 160
9 64 41 53 M 12 0 0.00 0.0 0 4.2 8 150 M M 1 M M
10 70 43 57 M 8 0 0.00 0.0 0 5.5 9 170 M M 0 M M
11 75 50 63 M 2 0 0.00 0.0 0 5.7 12 260 M M 4 16 260
12 68 55 62 M 3 0 0.04 0.0 0 7.0 15 150 M M 5 22 140
13 66 50 58 M 7 0 0.25 0.0 0 10.1 21 160 M M 7 3 27 160
14 66 41 54 M 11 0 0.00 0.0 0 6.3 13 180 M M 0 20 180
15 72 41 57 M 8 0 0.00 0.0 0 5.8 18 180 M M 0 17 160
16 73 43 58 M 7 0 0.00 0.0 0 5.6 13 190 M M 0 20 190
17 66 48 57 M 8 0 0.00 0.0 0 12.5 28 190 M M 1 33 190
18 63 48 56 M 9 0 0.43 M 0 7.7 16 250 M M 5 29 250
19 63 39 51 M 14 0 0.00 0.0 M 8.8 21 250 M M 0 25 230
20 64 36 50 M 15 0 0.00 0.0 0 7.8 20 190 M M 1 25 190
21 68 41 55 M 10 0 0.00 0.0 0 8.6 18 200 M M 0 28 190
22 72 45 59 M 6 0 0.00 0.0 0 6.0 10 210 M M 0 16 200
23 73 50 62 M 3 0 0.00 0.0 0 11.1 33 240 M M 0 40 240
24 70 45 58 M 7 0 0.00 0.0 0 6.2 13 20 M M 0 20 360
25 81 46 64 M 1 0 0.00 0.0 0 8.9 17 250 M M 0 23 190
26 77 52 65 M 0 0 0.00 0.0 0 10.8 18 160 M M 0 27 160
27 72 43 58 M 7 0 0.01 M 0 15.1 32 220 M M 4 44 220
28 59 37 48 M 17 0 0.00 0.0 0 7.8 16 340 M M 0 22 340
29 66 37 52 M 13 0 0.00 0.0 0 7.6 15 160 M M 0 24 160
30 68 46 57 M 8 0 0.00 0.0 0 10.0 22 300 M M 0 29 310
31 73 37 55 M 10 0 0.00 0.0 0 5.3 12 160 M M 0 M M
================================================================================
SM 2100 1340 285 0 1.18 0.0 247.6 M 48
================================================================================
AV 67.7 43.2 8.0 FASTST M M 2 MAX(MPH)
MISC ----> # 33 240 # 44 220
================================================================================
NOTES:
# LAST OF SEVERAL OCCURRENCES
COLUMN 17 PEAK WIND IN M.P.H.
PRELIMINARY LOCAL CLIMATOLOGICAL DATA (WS FORM: F-6) , PAGE 2
STATION: ALAMOGORDO
MONTH: MARCH
YEAR: 2020
LATITUDE: 32 49 N
LONGITUDE: 106 0 W
[TEMPERATURE DATA] [PRECIPITATION DATA] SYMBOLS USED IN COLUMN 16
AVERAGE MONTHLY: 55.5 TOTAL FOR MONTH: 1.18 1 = FOG OR MIST
DPTR FM NORMAL: M DPTR FM NORMAL: M 2 = FOG REDUCING VISIBILITY
HIGHEST: 81 ON 25 GRTST 24HR 0.43 ON 18-18 TO 1/4 MILE OR LESS
LOWEST: 32 ON 5 3 = THUNDER
SNOW, ICE PELLETS, HAIL 4 = ICE PELLETS
TOTAL MONTH: 0.0 INCH 5 = HAIL
GRTST 24HR 0.0 6 = FREEZING RAIN OR DRIZZLE
GRTST DEPTH: 0 7 = DUSTSTORM OR SANDSTORM:
VSBY 1/2 MILE OR LESS
8 = SMOKE OR HAZE
[NO. OF DAYS WITH] [WEATHER - DAYS WITH] 9 = BLOWING SNOW
X = TORNADO
MAX 32 OR BELOW: 0 0.01 INCH OR MORE: 7
MAX 90 OR ABOVE: 0 0.10 INCH OR MORE: 4
MIN 32 OR BELOW: 1 0.50 INCH OR MORE: 0
MIN 0 OR BELOW: 0 1.00 INCH OR MORE: 0
[HDD (BASE 65) ]
TOTAL THIS MO. 285 CLEAR (SCALE 0-3) 23
DPTR FM NORMAL M PTCLDY (SCALE 4-7) 7
TOTAL FM JUL 1 2744 CLOUDY (SCALE 8-10) 1
DPTR FM NORMAL M
[CDD (BASE 65) ]
TOTAL THIS MO. 0
DPTR FM NORMAL M [PRESSURE DATA]
TOTAL FM JAN 1 0 HIGHEST SLP M ON M
DPTR FM NORMAL M LOWEST SLP M ON M
[REMARKS]
#FINAL-03-20#