000
CXUS55 KPUB 081457 CCA
CF6ALS
PRELIMINARY LOCAL CLIMATOLOGICAL DATA (WS FORM: F-6)
STATION: ALAMOSA CO
MONTH: FEBRUARY
YEAR: 2023
LATITUDE: 37 27 N
LONGITUDE: 105 52 W
TEMPERATURE IN F: :PCPN: SNOW: WIND :SUNSHINE: SKY :PK WND
================================================================================
1 2 3 4 5 6A 6B 7 8 9 10 11 12 13 14 15 16 17 18
12Z AVG MX 2MIN
DY MAX MIN AVG DEP HDD CDD WTR SNW DPTH SPD SPD DIR MIN PSBL S-S WX SPD DR
================================================================================
1 40 -3 19 -1 46 0 0.00 0.0 0 4.3 10 30 M M 0 12 280
2 45 -3 21 1 44 0 0.00 0.0 0 3.0 10 340 M M 0 16 350
3 46 -2 22 2 43 0 0.00 0.0 0 2.3 10 340 M M 0 13 340
4 49 1 25 5 40 0 0.00 0.0 0 4.4 13 100 M M 0 17 110
5 54 3 29 8 36 0 0.00 0.0 0 9.4 26 240 M M 0 35 230
6 40 15 28 7 37 0 0.00 0.0 0 11.2 22 230 M M 4 31 220
7 42 2 22 1 43 0 0.00 0.0 0 4.0 12 150 M M 1 13 140
8 44 -1 22 0 43 0 0.00 0.0 0 4.2 12 20 M M 2 12 15 20
9 33 3 18 -4 47 0 0.06 0.6 T 12.3 26 350 M M 6 1 38 360
10 34 -8 13 -9 52 0 0.00 0.0 0 3.0 8 160 M M 0 12 240
11 46 -4 21 -2 44 0 0.00 0.0 0 2.3 10 220 M M 0 11 220
12 51 8 30 7 35 0 0.00 0.0 0 4.1 10 80 M M 0 14 90
13 53 6 30 6 35 0 T 0.1 0 6.9 28 180 M M 5 18 36 180
14 44 16 30 6 35 0 0.00 0.0 T 11.5 37 240 M M 3 1 46 240
15 27 -5 11 -13 54 0 0.27 5.2 T 16.9 35 100 M M 9 1289 49 90
16 17 -23 -3 -28 68 0 T T 5 3.5 9 70 M M 1 1 11 10
17 25 -24 1 -24 64 0 0.00 0.0 3 2.2 7 290 M M 3 128 9 160
18 33 -12 11 -15 54 0 0.00 0.0 2 4.4 26 240 M M 3 12 33 250
19 44 7 26 0 39 0 0.00 0.0 2 14.4 31 240 M M 0 41 240
20 53 10 32 6 33 0 0.00 0.0 1 4.9 16 180 M M 0 21 180
21 51 12 32 5 33 0 T T T 7.0 31 230 M M 2 43 240
22 40 16 28 1 37 0 0.05 1.4 0 20.4 40 210 M M 6 12 59 210
23 33 11 22 -6 43 0 T 0.2 1 16.5 32 220 M M 4 44 210
24 41 21 31 3 34 0 0.00 0.0 0 16.5 38 200 M M 3 53 200
25 52 18 35 7 30 0 0.00 0.0 0 9.6 23 200 M M 0 31 200
26 47 19 33 4 32 0 T T 0 13.5 32 230 M M 3 48 230
27 45 10 28 -1 37 0 0.00 0.0 0 11.3 30 250 M M 0 41 250
28 39 17 28 -2 37 0 0.00 0.0 0 20.7 39 230 M M 0 53 250
================================================================================
SM 1168 110 1175 0 0.38 7.5 244.7 M 55
================================================================================
AV 41.7 3.9 8.7 FASTST M M 2 MAX(MPH)
MISC ----> 40 210 59 210
================================================================================
NOTES:
COLUMN 7; USED OFFICIAL SNOW OBS AND BACKUP COOP SITE (05-0128) TO SUPPLEMENT
PRECIPITATION ON 2/16 AND 2/23 FOR PRECIPITATION THAT WAS TO LIGHT FOR ASOS TO
DETECT.
COLUMN 17 PEAK WIND IN M.P.H.
PRELIMINARY LOCAL CLIMATOLOGICAL DATA (WS FORM: F-6) , PAGE 2
STATION: ALAMOSA CO
MONTH: FEBRUARY
YEAR: 2023
LATITUDE: 37 27 N
LONGITUDE: 105 52 W
[TEMPERATURE DATA] [PRECIPITATION DATA] SYMBOLS USED IN COLUMN 16
AVERAGE MONTHLY: 22.8 TOTAL FOR MONTH: 0.38 1 = FOG OR MIST
DPTR FM NORMAL: -1.5 DPTR FM NORMAL: 0.10 2 = FOG REDUCING VISIBILITY
HIGHEST: 54 ON 5 GRTST 24HR 0.27 ON 15 TO 1/4 MILE OR LESS
LOWEST: -24 ON 17 3 = THUNDER
SNOW, ICE PELLETS, HAIL 4 = ICE PELLETS
TOTAL MONTH: 7.5 INCHES 5 = HAIL
GRTST 24HR 5.2 ON 15 6 = FREEZING RAIN OR DRIZZLE
GRTST DEPTH: 5 ON 15,16 7 = DUSTSTORM OR SANDSTORM:
VSBY 1/2 MILE OR LESS
8 = SMOKE OR HAZE
[NO. OF DAYS WITH] [WEATHER - DAYS WITH] 9 = BLOWING SNOW
X = TORNADO
MAX 32 OR BELOW: 3 0.01 INCH OR MORE: 3
MAX 90 OR ABOVE: 0 0.10 INCH OR MORE: 1
MIN 32 OR BELOW: 28 0.50 INCH OR MORE: 0
MIN 0 OR BELOW: 10 1.00 INCH OR MORE: 0
[HDD (BASE 65) ]
TOTAL THIS MO. 1175 CLEAR (SCALE 0-3) 22
DPTR FM NORMAL 35 PTCLDY (SCALE 4-7) 5
TOTAL FM JUL 1 5807 CLOUDY (SCALE 8-10) 1
DPTR FM NORMAL -361
[CDD (BASE 65) ]
TOTAL THIS MO. 0
DPTR FM NORMAL 0 [PRESSURE DATA]
TOTAL FM JAN 1 0 HIGHEST SLP 30.90 ON 17
DPTR FM NORMAL 0 LOWEST SLP 29.10 ON 22
[REMARKS]
#FINAL-02-23#