000
CXUS55 KPUB 022152 CCA
CLAALS
CLIMATE REPORT...COR SNOWFALL
NATIONAL WEATHER SERVICE
735 AM MST MON JAN 02 2023
...................................
...THE ALAMOSA CO CLIMATE SUMMARY FOR THE YEAR OF 2022...
CLIMATE NORMAL PERIOD 1991 TO 2020
CLIMATE RECORD PERIOD 1932 TO 2023
WEATHER OBSERVED NORMAL DEPART
VALUE DATE(S) VALUE FROM
NORMAL
................................................
TEMPERATURE (F)
RECORD
HIGH 96 07/05/1989
LOW -50 01/28/1948
HIGHEST 92 06/11
LOWEST -27 02/04
AVG. MAXIMUM 61.9 60.3 1.6
AVG. MINIMUM 24.0 24.3 -0.3
MEAN 43.0 42.3 0.7
DAYS MAX >= 90 9
DAYS MAX <= 32 19
DAYS MIN <= 32 217
DAYS MIN <= 0 52
PRECIPITATION (INCHES)
RECORD
MAXIMUM 11.55 1969
MINIMUM 3.40 1956
TOTALS 9.97 7.39 2.58
DAILY AVG. 0.03 0.02 0.01
DAYS >= .01 62
DAYS >= .10 26
DAYS >= .50 3
DAYS >= 1.00 1
GREATEST
24 HR. TOTAL 1.60 08/22 TO 08/22
SNOWFALL (INCHES)
RECORDS
MAXIMUM 97.5 1973
MINIMUM 6.4 1934
TOTALS 23.6 MM MM
SINCE 7/1 4.9 MM MM
SNOWDEPTH AVG. T
DAYS >= TRACE 33 MM MM
DAYS >= 1.0 8 MM MM
GREATEST
SNOW DEPTH 4 02/02
02/03
02/04
24 HR TOTAL 3.7 02/02 TO 02/02
DEGREE DAYS
HEATING TOTAL 8033 8321 -288
SINCE 7/1 3283 3533 -250
COOLING TOTAL 134 71 63
SINCE 1/1 134 71 63
FREEZE DATES
RECORD
EARLIEST 08/09/2009
LATEST 07/02/1997
EARLIEST 10/01
LATEST 06/15
................................................
WIND (MPH)
AVERAGE WIND SPEED 7.5
RESULTANT WIND SPEED/DIRECTION 3/210
HIGHEST WIND SPEED/DIRECTION 49/210 DATE 04/22
HIGHEST GUST SPEED/DIRECTION 80/190 DATE 04/22
SKY COVER
POSSIBLE SUNSHINE (PERCENT) MM
AVERAGE SKY COVER 0.19
NUMBER OF DAYS FAIR 289
NUMBER OF DAYS PC 59
NUMBER OF DAYS CLOUDY 17
AVERAGE RH (PERCENT) 54
WEATHER CONDITIONS. NUMBER OF DAYS WITH
THUNDERSTORM 42 MIXED PRECIP 1
HEAVY RAIN 17 RAIN 29
LIGHT RAIN 74 FREEZING RAIN 0
LT FREEZING RAIN 0 HAIL 0
HEAVY SNOW 3 SNOW 14
LIGHT SNOW 33 SLEET 0
FOG 76 FOG W/VIS <= 1/4 MILE 24
HAZE 27
- INDICATES NEGATIVE NUMBERS.
R INDICATES RECORD WAS SET OR TIED.
MM INDICATES DATA IS MISSING.
T INDICATES TRACE AMOUNT.
$$