000
CXUS52 KJAX 011407
CF6AMG
PRELIMINARY LOCAL CLIMATOLOGICAL DATA (WS FORM: F-6)
STATION: ALMA
MONTH: DECEMBER
YEAR: 2022
LATITUDE: 31 32 N
LONGITUDE: 82 30 W
TEMPERATURE IN F: :PCPN: SNOW: WIND :SUNSHINE: SKY :PK WND
================================================================================
1 2 3 4 5 6A 6B 7 8 9 10 11 12 13 14 15 16 17 18
12Z AVG MX 2MIN
DY MAX MIN AVG DEP HDD CDD WTR SNW DPTH SPD SPD DIR MIN PSBL S-S WX SPD DR
================================================================================
1 63 39 51 -5 14 0 0.00 0.0 0 4.2 12 90 M M 0 19 60
2 73 44 59 4 6 0 0.00 0.0 0 2.7 9 90 M M 1 1 16 40
3 80 48 64 9 1 0 0.00 0.0 0 2.3 14 190 M M 7 12 20 190
4 76 56 66 11 0 1 0.00 0.0 0 2.5 10 300 M M 5 17 330
5 70 55 63 8 2 0 0.00 0.0 0 2.2 9 150 M M 8 1 13 130
6 79 61 70 15 0 5 0.00 0.0 0 3.0 8 190 M M 8 1 13 170
7 83 56 70 15 0 5 0.00 0.0 0 1.8 9 230 M M 4 12 17 270
8 83 57 70 16 0 5 0.00 0.0 0 2.2 13 310 M M 0 1 18 310
9 81 54 68 14 0 3 0.00 0.0 0 3.0 10 310 M M 4 12 15 310
10 64 56 60 6 5 0 0.00 0.0 0 3.5 8 10 M M 10 1 14 10
11 62 54 58 4 7 0 T 0.0 0 1.1 7 320 M M 10 1 10 270
12 60 56 58 4 7 0 0.04 0.0 0 0.7 6 40 M M 10 1 10 20
13 62 52 57 3 8 0 0.00 0.0 0 5.4 12 120 M M 9 20 110
14 70 50 60 7 5 0 T 0.0 0 5.3 10 110 M M 8 16 110
15 70 48 59 6 6 0 0.65 0.0 0 7.9 21 180 M M 4 1 34 140
16 63 37 50 -3 15 0 0.00 0.0 0 3.8 14 270 M M 1 1 22 310
17 65 36 51 -2 14 0 T 0.0 0 2.7 13 320 M M 3 19 310
18 57 31 44 -9 21 0 0.00 0.0 0 6.4 17 320 M M 1 24 300
19 62 30 46 -7 19 0 0.00 0.0 0 3.9 10 90 M M 2 16 120
20 50 43 47 -6 18 0 0.26 0.0 0 5.5 10 360 M M 10 1 16 50
21 51 43 47 -5 18 0 0.05 0.0 0 5.7 12 10 M M 10 1 18 20
22 51 44 48 -4 17 0 0.09 0.0 0 3.9 10 300 M M 10 1 16 310
23 57 26 42 -10 23 0 0.00 0.0 0 13.8 28 300 M M 2 1 41 290
24 33 19 26 -26 39 0 0.00 0.0 0 9.9 16 300 M M 0 24 300
25 45 24 35 -17 30 0 0.00 0.0 0 6.9 16 310 M M 0 24 310
26 50 20 35 -17 30 0 0.00 0.0 0 1.6 10 240 M M 0 13 240
27 57 24 41 -11 24 0 0.00 0.0 0 1.9 8 340 M M 0 1 13 310
28 64 25 45 -7 20 0 0.00 0.0 0 1.9 8 140 M M 0 13 70
29 74 35 55 3 10 0 0.00 0.0 0 2.6 10 130 M M 3 1 15 100
30 76 48 62 11 3 0 0.00 0.0 0 2.8 9 150 M M 3 1 16 110
31 73 58 66 15 0 1 0.03 0.0 0 6.0 22 150 M M 6 12 35 150
================================================================================
SM 2004 1329 362 20 1.12 0.0 127.1 M 139
================================================================================
AV 64.6 42.9 4.1 FASTST M M 4 MAX(MPH)
MISC ----> 28 300 41 290
================================================================================
NOTES:
# LAST OF SEVERAL OCCURRENCES
COLUMN 17 PEAK WIND IN M.P.H.
PRELIMINARY LOCAL CLIMATOLOGICAL DATA (WS FORM: F-6) , PAGE 2
STATION: ALMA
MONTH: DECEMBER
YEAR: 2022
LATITUDE: 31 32 N
LONGITUDE: 82 30 W
[TEMPERATURE DATA] [PRECIPITATION DATA] SYMBOLS USED IN COLUMN 16
AVERAGE MONTHLY: 53.8 TOTAL FOR MONTH: 1.12 1 = FOG OR MIST
DPTR FM NORMAL: 0.6 DPTR FM NORMAL: -1.91 2 = FOG REDUCING VISIBILITY
HIGHEST: 83 ON 8, 7 GRTST 24HR 0.65 ON 15-15 TO 1/4 MILE OR LESS
LOWEST: 19 ON 24 3 = THUNDER
SNOW, ICE PELLETS, HAIL 4 = ICE PELLETS
TOTAL MONTH: 0.0 INCH 5 = HAIL
GRTST 24HR 0.0 6 = FREEZING RAIN OR DRIZZLE
GRTST DEPTH: 0 7 = DUSTSTORM OR SANDSTORM:
VSBY 1/2 MILE OR LESS
8 = SMOKE OR HAZE
[NO. OF DAYS WITH] [WEATHER - DAYS WITH] 9 = BLOWING SNOW
X = TORNADO
MAX 32 OR BELOW: 0 0.01 INCH OR MORE: 6
MAX 90 OR ABOVE: 0 0.10 INCH OR MORE: 2
MIN 32 OR BELOW: 8 0.50 INCH OR MORE: 1
MIN 0 OR BELOW: 0 1.00 INCH OR MORE: 0
[HDD (BASE 65) ]
TOTAL THIS MO. 362 CLEAR (SCALE 0-3) 14
DPTR FM NORMAL -15 PTCLDY (SCALE 4-7) 10
TOTAL FM JUL 1 554 CLOUDY (SCALE 8-10) 7
DPTR FM NORMAL -85
[CDD (BASE 65) ]
TOTAL THIS MO. 20
DPTR FM NORMAL 8 [PRESSURE DATA]
TOTAL FM JAN 1 2735 HIGHEST SLP 30.45 ON 2
DPTR FM NORMAL 192 LOWEST SLP 29.75 ON 15
[REMARKS]
#FINAL-12-22#