000
CXUS52 KJAX 092213
CF6AMG
PRELIMINARY LOCAL CLIMATOLOGICAL DATA (WS FORM: F-6)
STATION: ALMA
MONTH: JUNE
YEAR: 2021
LATITUDE: 31 32 N
LONGITUDE: 82 30 W
TEMPERATURE IN F: :PCPN: SNOW: WIND :SUNSHINE: SKY :PK WND
================================================================================
1 2 3 4 5 6A 6B 7 8 9 10 11 12 13 14 15 16 17 18
12Z AVG MX 2MIN
DY MAX MIN AVG DEP HDD CDD WTR SNW DPTH SPD SPD DIR MIN PSBL S-S WX SPD DR
================================================================================
1 86 54 70 -8 0 5 0.00 0.0 0 3.1 10 100 M M 1 16 100
2 87 64 76 -2 0 11 T 0.0 0 2.8 10 150 M M 6 12 14 160
3 88 70 79 1 0 14 T 0.0 0 4.7 16 190 M M 6 13 22 190
4 93 69 81 3 0 16 0.00 0.0 0 4.3 10 160 M M 2 18 200
5 91 70 81 2 0 16 0.02 0.0 0 3.8 18 140 M M 2 3 24 150
6 92 71 82 3 0 17 T 0.0 0 4.9 13 150 M M 3 13 20 110
7 94 71 83 4 0 18 1.08 0.0 0 5.2 21 150 M M 4 13 31 170
8 90 72 81 2 0 16 0.00 0.0 0 4.5 13 170 M M 4 13 20 200
9 94 69 82 3 0 17 T 0.0 0 3.7 14 160 M M 3 13 18 180
10 93 71 82 3 0 17 0.00 0.0 0 5.5 14 240 M M 2 19 270
11 93 71 82 2 0 17 T 0.0 0 6.4 17 300 M M 3 23 270
12 92 68 80 0 0 15 0.93 0.0 0 6.3 20 330 M M 5 13 33 320
13 86 69 78 -2 0 13 0.02 0.0 0 3.0 13 360 M M 5 1 19 360
14 91 70 81 1 0 16 0.00 0.0 0 1.9 10 150 M M 5 12 15 130
15 97 73 85 5 0 20 0.47 0.0 0 7.6 16 210 M M 1 13 25 190
16 91 69 80 0 0 15 0.00 0.0 0 4.3 16 320 M M 1 24 330
17 92 67 80 0 0 15 0.00 0.0 0 3.1 8 150 M M 2 16 360
18 91 71 81 0 0 16 0.10 0.0 0 3.4 15 180 M M 4 13 21 160
19 84 70 77 -4 0 12 0.15 0.0 0 2.7 10 140 M M 6 13 15 100
20 86 74 80 -1 0 15 0.16 0.0 0 11.5 24 200 M M 7 39 210
21 89 72 81 0 0 16 T 0.0 0 8.7 20 210 M M 4 29 180
22 78 69 74 -7 0 9 1.40 0.0 0 5.5 17 200 M M 7 1 30 200
23 89 71 80 -1 0 15 0.00 0.0 0 2.6 14 140 M M 7 13 23 110
24 81 68 75 -6 0 10 0.88 0.0 0 4.9 15 100 M M 8 13 25 80
25 88 65 77 -4 0 12 0.00 0.0 0 2.9 14 150 M M 2 20 90
26 88 70 79 -2 0 14 0.26 0.0 0 3.8 15 110 M M 3 13 26 130
27 89 72 81 0 0 16 0.43 0.0 0 4.6 16 150 M M 5 13 24 120
28 86 72 79 -3 0 14 T 0.0 0 2.4 10 330 M M 5 1 15 320
29 90 67 79 -3 0 14 T 0.0 0 3.2 15 140 M M 2 13 24 140
30 87 73 80 -2 0 15 0.18 0.0 0 2.3 15 120 M M 3 13 22 110
================================================================================
SM 2676 2082 0 436 6.08 0.0 133.6 M 118
================================================================================
AV 89.2 69.4 4.5 FASTST M M 4 MAX(MPH)
MISC ----> 24 200 39 210
================================================================================
NOTES:
# LAST OF SEVERAL OCCURRENCES
COLUMN 17 PEAK WIND IN M.P.H.
PRELIMINARY LOCAL CLIMATOLOGICAL DATA (WS FORM: F-6) , PAGE 2
STATION: ALMA
MONTH: JUNE
YEAR: 2021
LATITUDE: 31 32 N
LONGITUDE: 82 30 W
[TEMPERATURE DATA] [PRECIPITATION DATA] SYMBOLS USED IN COLUMN 16
AVERAGE MONTHLY: 79.3 TOTAL FOR MONTH: 6.08 1 = FOG OR MIST
DPTR FM NORMAL: -0.7 DPTR FM NORMAL: 0.74 2 = FOG REDUCING VISIBILITY
HIGHEST: 97 ON 15 GRTST 24HR 1.40 ON 22-22 TO 1/4 MILE OR LESS
LOWEST: 54 ON 1 3 = THUNDER
SNOW, ICE PELLETS, HAIL 4 = ICE PELLETS
TOTAL MONTH: 0.0 INCH 5 = HAIL
GRTST 24HR 0.0 6 = FREEZING RAIN OR DRIZZLE
GRTST DEPTH: 0 7 = DUSTSTORM OR SANDSTORM:
VSBY 1/2 MILE OR LESS
8 = SMOKE OR HAZE
[NO. OF DAYS WITH] [WEATHER - DAYS WITH] 9 = BLOWING SNOW
X = TORNADO
MAX 32 OR BELOW: 0 0.01 INCH OR MORE: 13
MAX 90 OR ABOVE: 15 0.10 INCH OR MORE: 11
MIN 32 OR BELOW: 0 0.50 INCH OR MORE: 4
MIN 0 OR BELOW: 0 1.00 INCH OR MORE: 2
[HDD (BASE 65) ]
TOTAL THIS MO. 0 CLEAR (SCALE 0-3) 11
DPTR FM NORMAL 0 PTCLDY (SCALE 4-7) 19
TOTAL FM JUL 1 1599 CLOUDY (SCALE 8-10) 0
DPTR FM NORMAL -46
[CDD (BASE 65) ]
TOTAL THIS MO. 436
DPTR FM NORMAL -14 [PRESSURE DATA]
TOTAL FM JAN 1 824 HIGHEST SLP 30.26 ON 1
DPTR FM NORMAL -80 LOWEST SLP 29.72 ON 12
[REMARKS]
#FINAL-06-21#