000
CXUS53 KDMX 221925
CF6AMW
PRELIMINARY LOCAL CLIMATOLOGICAL DATA (WS FORM: F-6)
STATION: AMES IA
MONTH: FEBRUARY
YEAR: 2023
LATITUDE: 41 59 N
LONGITUDE: 93 37 W
TEMPERATURE IN F: :PCPN: SNOW: WIND :SUNSHINE: SKY :PK WND
================================================================================
1 2 3 4 5 6A 6B 7 8 9 10 11 12 13 14 15 16 17 18
12Z AVG MX 2MIN
DY MAX MIN AVG DEP HDD CDD WTR SNW DPTH SPD SPD DIR MIN PSBL S-S WX SPD DR
================================================================================
1 31 1 16 -4 49 0 0.00 0.0 M 4.0 13 220 M M 0 16 220
2 25 -3 11 -10 54 0 0.00 0.0 M 13.4 31 340 M M 0 40 350
3 12 -5 4 -17 61 0 0.00 0.0 M 9.4 17 150 M M 5 24 150
4 43 7 25 4 40 0 0.00 0.0 M 6.9 14 210 M M 0 17 210
5 37 21 29 8 36 0 0.00 0.0 M 6.9 17 290 M M 0 12 22 290
6 48 21 35 13 30 0 0.00 0.0 M 9.8 25 120 M M 3 1 39 130
7 39 25 32 10 33 0 0.00 0.0 M 10.3 23 310 M M 3 33 300
8 48 22 35 13 30 0 0.00 0.0 M 4.6 14 180 M M 0 18 190
9 38 20 29 7 36 0 0.05 M M 14.9 26 330 M M 9 18 37 330
10 35 13 24 1 41 0 0.00 0.0 M 8.4 23 330 M M 0 32 330
11 48 21 35 12 30 0 0.00 0.0 M 9.6 18 220 M M 0 24 220
12 47 21 34 11 31 0 0.00 0.0 M 6.5 13 330 M M 0 17 330
13 55 25 40 16 25 0 0.00 0.0 M 7.2 14 180 M M 0 18 190
14 48 30 39 15 26 0 0.91 0.0 M 11.5 30 210 M M 8 1 41 210
15 42 20 31 7 34 0 0.00 0.0 M 19.4 33 280 M M 8 1 47 290
16 25 12 19 -6 46 0 M M M 15.8 24 340 M M 8 128 32 330
17 29 -6 12 -13 53 0 0.00 0.0 M 7.9 14 180 M M 0 1 18 180
18 45 13 29 4 36 0 0.00 0.0 M 7.8 17 200 M M 0 25 200
19 45 29 37 11 28 0 0.00 0.0 M 10.1 20 210 M M 2 27 210
20 49 23 36 10 29 0 0.00 0.0 M 10.2 20 260 M M 2 1 27 300
21 32 16 24 -2 41 0 0.00 0.0 M 11.0 29 310 M M 5 41 310
22 31 28 30 3 35 0 0.26 M M 14.9 23 50 M M 8 16 35 80
23 30 6 18 -9 47 0 M M M 16.9 29 260 M M 8 1 38 270
24 22 3 13 -15 52 0 M M M 6.2 15 350 M M 7 18 19 350
25 41 10 26 -2 39 0 0.00 0.0 M 7.0 18 220 M M 0 23 210
26 55 20 38 9 27 0 0.21 0.0 M 8.4 18 140 M M 3 13 27 120
27 46 33 40 11 25 0 1.19 0.0 M 13.6 29 330 M M 9 13 37 350
28 42 25 34 4 31 0 T 0.0 M 7.3 15 80 M M 4 22 330
================================================================================
SM 1088 451 1045 0 2.62 0.0 279.9 M 92
================================================================================
AV 38.9 16.1 10.0 FASTST M M 3 MAX(MPH)
MISC ----> 33 280 47 290
================================================================================
NOTES:
# LAST OF SEVERAL OCCURRENCES
COLUMN 17 PEAK WIND IN M.P.H.
PRELIMINARY LOCAL CLIMATOLOGICAL DATA (WS FORM: F-6) , PAGE 2
STATION: AMES IA
MONTH: FEBRUARY
YEAR: 2023
LATITUDE: 41 59 N
LONGITUDE: 93 37 W
[TEMPERATURE DATA] [PRECIPITATION DATA] SYMBOLS USED IN COLUMN 16
AVERAGE MONTHLY: 27.5 TOTAL FOR MONTH: 2.62 1 = FOG OR MIST
DPTR FM NORMAL: 3.1 DPTR FM NORMAL: 1.84 2 = FOG REDUCING VISIBILITY
HIGHEST: 55 ON 26,13 GRTST 24HR 1.40 ON 26-27 TO 1/4 MILE OR LESS
LOWEST: -6 ON 17 3 = THUNDER
SNOW, ICE PELLETS, HAIL 4 = ICE PELLETS
TOTAL MONTH: 0.0 INCH 5 = HAIL
GRTST 24HR 0.0 6 = FREEZING RAIN OR DRIZZLE
GRTST DEPTH: M ON M 7 = DUSTSTORM OR SANDSTORM:
VSBY 1/2 MILE OR LESS
8 = SMOKE OR HAZE
[NO. OF DAYS WITH] [WEATHER - DAYS WITH] 9 = BLOWING SNOW
X = TORNADO
MAX 32 OR BELOW: 9 0.01 INCH OR MORE: 5
MAX 90 OR ABOVE: 0 0.10 INCH OR MORE: 4
MIN 32 OR BELOW: 27 0.50 INCH OR MORE: 2
MIN 0 OR BELOW: 3 1.00 INCH OR MORE: 1
[HDD (BASE 65) ]
TOTAL THIS MO. 1045 CLEAR (SCALE 0-3) 17
DPTR FM NORMAL -92 PTCLDY (SCALE 4-7) 6
TOTAL FM JUL 1 4980 CLOUDY (SCALE 8-10) 5
DPTR FM NORMAL -220
[CDD (BASE 65) ]
TOTAL THIS MO. 0
DPTR FM NORMAL 0 [PRESSURE DATA]
TOTAL FM JAN 1 0 HIGHEST SLP 30.75 ON 24
DPTR FM NORMAL 0 LOWEST SLP 28.97 ON 27
[REMARKS]
#FINAL-02-23#