000
CXUS53 KDMX 050307
CF6AMW
PRELIMINARY LOCAL CLIMATOLOGICAL DATA (WS FORM: F-6)
STATION: AMES IA
MONTH: NOVEMBER
YEAR: 2021
LATITUDE: 41 59 N
LONGITUDE: 93 37 W
TEMPERATURE IN F: :PCPN: SNOW: WIND :SUNSHINE: SKY :PK WND
================================================================================
1 2 3 4 5 6A 6B 7 8 9 10 11 12 13 14 15 16 17 18
12Z AVG MX 2MIN
DY MAX MIN AVG DEP HDD CDD WTR SNW DPTH SPD SPD DIR MIN PSBL S-S WX SPD DR
================================================================================
1 47 28 38 -5 27 0 0.00 0.0 M 7.2 17 320 M M 2 22 320
2 49 21 35 -8 30 0 0.00 0.0 M 4.8 18 320 M M 1 25 300
3 49 25 37 -5 28 0 T 0.0 M 4.7 13 230 M M 9 17 230
4 55 34 45 3 20 0 0.00 0.0 M 8.5 20 190 M M 7 27 180
5 59 32 46 4 19 0 0.00 0.0 M 13.0 28 190 M M 1 36 180
6 66 39 53 12 12 0 0.00 0.0 M 6.9 13 220 M M 0 17 220
7 66 39 53 12 12 0 0.00 0.0 M 8.2 20 170 M M 0 27 160
8 65 35 50 10 15 0 0.00 0.0 M 7.9 18 40 M M 1 18 26 30
9 61 37 49 9 16 0 0.00 0.0 M 6.4 15 40 M M 0 22 30
10 54 37 46 7 19 0 1.35 0.0 M 9.8 20 310 M M 8 138 31 310
11 50 36 43 4 22 0 0.28 M M 20.7 35 280 M M 6 1 48 280
12 36 32 34 -4 31 0 0.01 M M 21.9 31 290 M M 10 18 44 280
13 44 30 37 -1 28 0 0.03 M M 11.9 23 280 M M 9 34 290
14 44 29 37 -1 28 0 0.00 0.0 M 14.5 36 310 M M 7 51 300
15 46 30 38 1 27 0 0.00 0.0 M 8.1 15 110 M M 4 19 110
16 60 30 45 8 20 0 0.00 0.0 M 11.1 23 150 M M 0 1 32 150
17 48 28 38 2 27 0 0.00 0.0 M 14.5 25 300 M M 1 36 310
18 37 19 28 -8 37 0 0.00 0.0 M 13.5 28 300 M M 1 37 310
19 46 16 31 -4 34 0 0.00 0.0 M 10.7 28 170 M M 0 39 170
20 58 33 46 11 19 0 0.00 0.0 M 6.7 15 30 M M 3 19 40
21 50 23 37 3 28 0 0.00 0.0 M 12.3 30 350 M M 3 39 350
22 40 18 29 -5 36 0 0.00 0.0 M 5.8 14 220 M M 3 17 230
23 60 22 41 7 24 0 0.00 0.0 M 11.5 22 170 M M 0 30 180
24 59 28 44 11 21 0 0.00 0.0 M 15.3 31 330 M M 2 42 340
25 30 11 21 -12 44 0 T M M 13.4 32 340 M M 3 45 330
26 43 12 28 -4 37 0 0.00 0.0 M 8.7 20 170 M M 2 27 140
27 60 25 43 11 22 0 0.02 0.0 M 12.3 29 320 M M 1 38 330
28 45 24 35 3 30 0 0.00 0.0 M 6.5 15 320 M M 0 21 310
29 64 28 46 15 19 0 0.00 0.0 M 10.5 18 340 M M 1 26 330
30 56 33 45 14 20 0 T 0.0 M 5.9 16 340 M M 1 25 350
================================================================================
SM 1547 834 752 0 1.69 0.0 313.2 M 86
================================================================================
AV 51.6 27.8 10.4 FASTST M M 3 MAX(MPH)
MISC ----> 36 310 51 300
================================================================================
NOTES:
# LAST OF SEVERAL OCCURRENCES
COLUMN 17 PEAK WIND IN M.P.H.
PRELIMINARY LOCAL CLIMATOLOGICAL DATA (WS FORM: F-6) , PAGE 2
STATION: AMES IA
MONTH: NOVEMBER
YEAR: 2021
LATITUDE: 41 59 N
LONGITUDE: 93 37 W
[TEMPERATURE DATA] [PRECIPITATION DATA] SYMBOLS USED IN COLUMN 16
AVERAGE MONTHLY: 39.7 TOTAL FOR MONTH: 1.69 1 = FOG OR MIST
DPTR FM NORMAL: 2.8 DPTR FM NORMAL: -0.19 2 = FOG REDUCING VISIBILITY
HIGHEST: 66 ON 7, 6 GRTST 24HR 1.60 ON 10-11 TO 1/4 MILE OR LESS
LOWEST: 11 ON 25 3 = THUNDER
SNOW, ICE PELLETS, HAIL 4 = ICE PELLETS
TOTAL MONTH: 0.0 INCH 5 = HAIL
GRTST 24HR 0.0 6 = FREEZING RAIN OR DRIZZLE
GRTST DEPTH: 0 7 = DUSTSTORM OR SANDSTORM:
VSBY 1/2 MILE OR LESS
8 = SMOKE OR HAZE
[NO. OF DAYS WITH] [WEATHER - DAYS WITH] 9 = BLOWING SNOW
X = TORNADO
MAX 32 OR BELOW: 1 0.01 INCH OR MORE: 5
MAX 90 OR ABOVE: 0 0.10 INCH OR MORE: 2
MIN 32 OR BELOW: 21 0.50 INCH OR MORE: 1
MIN 0 OR BELOW: 0 1.00 INCH OR MORE: 1
[HDD (BASE 65) ]
TOTAL THIS MO. 752 CLEAR (SCALE 0-3) 20
DPTR FM NORMAL -91 PTCLDY (SCALE 4-7) 7
TOTAL FM JUL 1 1093 CLOUDY (SCALE 8-10) 3
DPTR FM NORMAL -336
[CDD (BASE 65) ]
TOTAL THIS MO. 0
DPTR FM NORMAL 0 [PRESSURE DATA]
TOTAL FM JAN 1 1083 HIGHEST SLP 30.47 ON 19
DPTR FM NORMAL 297 LOWEST SLP 29.55 ON 16
[REMARKS]
#FINAL-11-21#