000
CXUS54 KBMX 041548
CLMANB
CLIMATE REPORT
NATIONAL WEATHER SERVICE BIRMINGHAM AL
948 AM CST MON DEC 04 2023
...................................
...THE ANNISTON CLIMATE SUMMARY FOR THE MONTH OF NOVEMBER 2023...
CLIMATE NORMAL PERIOD 1991 TO 2020
CLIMATE RECORD PERIOD 1903 TO 2023
WEATHER OBSERVED NORMAL DEPART LAST YEAR`S
VALUE DATE(S) VALUE FROM VALUE DATE(S)
NORMAL
................................................................
TEMPERATURE (F)
RECORD
HIGH 88 11/01/2016
11/02/1974
08/29/2000
LOW 5 11/25/1950
HIGHEST 82 11/07 MM MM 85 11/08
LOWEST 21 11/29 MM MM 21 11/18
AVG. MAXIMUM 66.4 65.1 1.3 66.3
AVG. MINIMUM 41.5 41.3 0.2 42.1
MEAN 53.9 54.2
DAYS MAX >= 90 0 0.0 0.0 0
DAYS MAX <= 32 0 0.0 0.0 0
DAYS MIN <= 32 6 6.8 -0.8 8
DAYS MIN <= 0 0 0.0 0.0 0
PRECIPITATION (INCHES)
RECORD
MAXIMUM 15.10 1948
MINIMUM 0.00 2017
TOTALS 1.03 4.53 -3.50 2.70
DAILY AVG. 0.03 0.15 -0.12
DAYS >= .01 6 8.5 -2.5
DAYS >= .10 4 5.7 -1.7
DAYS >= .50 0 2.8 -2.8
DAYS >= 1.00 0 1.6 -1.6
DEGREE DAYS
HEATING TOTAL 326 365 -39 344
SINCE 7/1 414 489 -75 MM
COOLING TOTAL 3 11 -8 28
SINCE 1/1 1969 1969 0 MM
................................................................
WIND (MPH)
AVERAGE WIND SPEED 4.5
HIGHEST WIND SPEED/DIRECTION 20/160 DATE 11/21
HIGHEST GUST SPEED/DIRECTION 36/210 DATE 11/21
AVERAGE RH (PERCENT) 68
WEATHER CONDITIONS. NUMBER OF DAYS WITH
THUNDERSTORM 0 MIXED PRECIP 0
HEAVY RAIN 1 RAIN 4
LIGHT RAIN 7 FREEZING RAIN 0
LT FREEZING RAIN 0 HAIL 0
HEAVY SNOW 0 SNOW 0
LIGHT SNOW 0 SLEET 0
FOG 7 FOG W/VIS <= 1/4 MILE 1
HAZE 1
- INDICATES NEGATIVE NUMBERS.
R INDICATES RECORD WAS SET OR TIED.
MM INDICATES DATA IS MISSING.
T INDICATES TRACE AMOUNT.
$$