000
CXUS54 KBMX 051522
CLMANB
CLIMATE REPORT
NATIONAL WEATHER SERVICE BIRMINGHAM AL
922 AM CST SUN NOV 05 2023
...................................
...THE ANNISTON CLIMATE SUMMARY FOR THE MONTH OF OCTOBER 2023...
CLIMATE NORMAL PERIOD 1991 TO 2020
CLIMATE RECORD PERIOD 1903 TO 2023
WEATHER OBSERVED NORMAL DEPART LAST YEAR`S
VALUE DATE(S) VALUE FROM VALUE DATE(S)
NORMAL
................................................................
TEMPERATURE (F)
RECORD
HIGH 100 10/03/2019
LOW 22 10/30/1952
HIGHEST 85 10/02 MM MM 85 10/07
10/03
10/04
LOWEST 37 10/31 MM MM 28 10/19
10/20
AVG. MAXIMUM 76.5 75.6 0.9 74.8
AVG. MINIMUM 51.7 52.2 -0.5 45.4
MEAN 64.1 60.1
DAYS MAX >= 90 0 0.5 -0.5 0
DAYS MAX <= 32 0 0.0 0.0 0
DAYS MIN <= 32 0 0.6 -0.6 2
DAYS MIN <= 0 0 0.0 0.0 0
PRECIPITATION (INCHES)
RECORD
MAXIMUM 9.35 1995
MINIMUM 0.00 1963
TOTALS 0.84 3.25 -2.41 2.01
DAILY AVG. 0.03 0.10 -0.07
DAYS >= .01 7 7.6 -0.6
DAYS >= .10 1 4.5 -3.5
DAYS >= .50 1 2.1 -1.1
DAYS >= 1.00 0 0.9 -0.9
DEGREE DAYS
HEATING TOTAL 88 118 -30 150
SINCE 7/1 88 125 -37 MM
COOLING TOTAL 67 84 -17 8
SINCE 1/1 1966 1958 8 MM
................................................................
WIND (MPH)
AVERAGE WIND SPEED 4.7
HIGHEST WIND SPEED/DIRECTION 21/270 DATE 10/20
HIGHEST GUST SPEED/DIRECTION 34/280 DATE 10/20
AVERAGE RH (PERCENT) 70
WEATHER CONDITIONS. NUMBER OF DAYS WITH
THUNDERSTORM 1 MIXED PRECIP 0
HEAVY RAIN 1 RAIN 1
LIGHT RAIN 8 FREEZING RAIN 0
LT FREEZING RAIN 0 HAIL 0
HEAVY SNOW 0 SNOW 0
LIGHT SNOW 0 SLEET 0
FOG 11 FOG W/VIS <= 1/4 MILE 1
HAZE 1
- INDICATES NEGATIVE NUMBERS.
R INDICATES RECORD WAS SET OR TIED.
MM INDICATES DATA IS MISSING.
T INDICATES TRACE AMOUNT.
$$