957
CXUS52 KGSP 010817
CF6AND
PRELIMINARY LOCAL CLIMATOLOGICAL DATA (WS FORM: F-6)
STATION: ANDERSON SC
MONTH: MARCH
YEAR: 2021
LATITUDE: 34 30 N
LONGITUDE: 82 43 W
TEMPERATURE IN F: :PCPN: SNOW: WIND :SUNSHINE: SKY :PK WND
================================================================================
1 2 3 4 5 6A 6B 7 8 9 10 11 12 13 14 15 16 17 18
12Z AVG MX 2MIN
DY MAX MIN AVG DEP HDD CDD WTR SNW DPTH SPD SPD DIR MIN PSBL S-S WX SPD DR
================================================================================
1 66 49 58 9 7 0 0.14 M M 9.6 25 320 M M 7 1 33 310
2 51 43 47 -2 18 0 T M M 8.1 16 70 M M 3 21 70
3 65 37 51 2 14 0 0.01 M M 3.5 12 260 M M 4 15 220
4 71 34 53 3 12 0 0.00 M M 5.0 15 310 M M 0 22 320
5 65 36 51 1 14 0 0.00 M M 6.4 16 70 M M 1 22 70
6 53 36 45 -5 20 0 0.00 M M 7.5 18 70 M M 5 23 90
7 59 28 44 -6 21 0 0.00 M M 3.4 13 340 M M 0 19 40
8 66 28 47 -3 18 0 0.00 M M 3.8 14 220 M M 0 18 220
9 71 32 52 1 13 0 0.00 M M 4.0 16 220 M M 0 19 230
10 73 35 54 3 11 0 0.00 M M 5.2 14 210 M M 0 20 190
11 74 45 60 9 5 0 0.00 M M 4.3 15 230 M M 0 19 230
12 80 45 63 11 2 0 0.00 M M 7.5 17 260 M M 0 23 220
13 74 52 63 11 2 0 0.00 M M 4.9 17 60 M M 6 20 60
14 74 54 64 12 1 0 0.00 M M 4.6 17 60 M M 7 24 60
15 64 54 59 7 6 0 0.00 M M 11.4 21 70 M M 8 27 90
16 54 43 49 -4 16 0 0.48 M M 6.3 17 70 M M 10 1 21 60
17 55 47 51 -2 14 0 0.31 M M 5.3 12 80 M M 10 1 14 70
18 75 52 64 11 1 0 0.65 M M 12.7 31 270 M M 7 13 40 260
19 62 43 53 0 12 0 0.00 M M 11.3 22 80 M M 4 32 280
20 57 37 47 -7 18 0 0.00 M M 13.2 24 70 M M 2 32 70
21 64 46 55 1 10 0 T M M 11.1 25 60 M M 7 31 40
22 70 50 60 6 5 0 0.00 M M 9.2 20 60 M M 0 28 50
23 70 52 61 7 4 0 0.00 M M 8.1 18 60 M M 1 23 50
24 70 57 64 9 1 0 0.01 M M 4.0 13 110 M M 6 1 16 90
25 71 54 63 8 2 0 0.71 M M 6.5 22 310 M M 8 13 29 310
26 79 62 71 16 0 6 0.12 M M 7.5 18 200 M M 3 13 23 220
27 82 55 69 14 0 4 0.02 M M 5.5 22 190 M M 6 8 39 200
28 73 53 63 7 2 0 0.20 M M 10.3 28 290 M M 4 13 35 290
29 67 37 52 -4 13 0 0.00 M M 3.2 17 320 M M 0 20 320
30 74 41 58 2 7 0 0.00 M M 4.0 13 160 M M 4 17 170
31 67 54 61 5 4 0 0.45 M M 7.4 17 120 M M 9 1 20 120
================================================================================
SM 2096 1391 273 10 3.10 M 214.8 M 122
================================================================================
AV 67.6 44.9 6.9 FASTST M M 4 MAX(MPH)
MISC ----> 31 270 40 260
================================================================================
NOTES:
# LAST OF SEVERAL OCCURRENCES
COLUMN 17 PEAK WIND IN M.P.H.
PRELIMINARY LOCAL CLIMATOLOGICAL DATA (WS FORM: F-6) , PAGE 2
STATION: ANDERSON SC
MONTH: MARCH
YEAR: 2021
LATITUDE: 34 30 N
LONGITUDE: 82 43 W
[TEMPERATURE DATA] [PRECIPITATION DATA] SYMBOLS USED IN COLUMN 16
AVERAGE MONTHLY: 56.2 TOTAL FOR MONTH: 3.10 1 = FOG OR MIST
DPTR FM NORMAL: 3.6 DPTR FM NORMAL: -1.25 2 = FOG REDUCING VISIBILITY
HIGHEST: 82 ON 27 GRTST 24HR 0.96 ON 17-18 TO 1/4 MILE OR LESS
LOWEST: 28 ON 8, 7 3 = THUNDER
SNOW, ICE PELLETS, HAIL 4 = ICE PELLETS
TOTAL MONTH: M 5 = HAIL
GRTST 24HR M ON M 6 = FREEZING RAIN OR DRIZZLE
GRTST DEPTH: M ON M 7 = DUSTSTORM OR SANDSTORM:
VSBY 1/2 MILE OR LESS
8 = SMOKE OR HAZE
[NO. OF DAYS WITH] [WEATHER - DAYS WITH] 9 = BLOWING SNOW
X = TORNADO
MAX 32 OR BELOW: 0 0.01 INCH OR MORE: 11
MAX 90 OR ABOVE: 0 0.10 INCH OR MORE: 8
MIN 32 OR BELOW: 3 0.50 INCH OR MORE: 2
MIN 0 OR BELOW: 0 1.00 INCH OR MORE: 0
[HDD (BASE 65) ]
TOTAL THIS MO. 273 CLEAR (SCALE 0-3) 14
DPTR FM NORMAL -118 PTCLDY (SCALE 4-7) 13
TOTAL FM JUL 1 2427 CLOUDY (SCALE 8-10) 4
DPTR FM NORMAL -459
[CDD (BASE 65) ]
TOTAL THIS MO. 10
DPTR FM NORMAL 5 [PRESSURE DATA]
TOTAL FM JAN 1 10 HIGHEST SLP 30.57 ON 8
DPTR FM NORMAL 5 LOWEST SLP 29.58 ON 18
[REMARKS]
#FINAL-03-21#