000
CXUS55 KBOU 010900
CF6APA
PRELIMINARY LOCAL CLIMATOLOGICAL DATA (WS FORM: F-6)
STATION: CENTENNIAL CO
MONTH: MARCH
YEAR: 2023
LATITUDE: 39 33 N
LONGITUDE: 104 51 W
TEMPERATURE IN F: :PCPN: SNOW: WIND :SUNSHINE: SKY :PK WND
================================================================================
1 2 3 4 5 6A 6B 7 8 9 10 11 12 13 14 15 16 17 18
12Z AVG MX 2MIN
DY MAX MIN AVG DEP HDD CDD WTR SNW DPTH SPD SPD DIR MIN PSBL S-S WX SPD DR
================================================================================
1 38 18 28 -8 37 0 T M M 9.0 24 150 M M 6 33 150
2 44 20 32 -4 33 0 0.00 M M 5.1 13 110 M M 5 1 19 140
3 47 23 35 -2 30 0 T M M 5.9 18 360 M M 6 1 26 10
4 45 19 32 -5 33 0 0.00 M M 12.5 25 190 M M 4 36 200
5 56 17 37 -1 28 0 0.00 M M 9.8 35 230 M M 3 46 230
6 48 19 34 -4 31 0 0.00 M M 9.5 25 350 M M 5 31 350
7 30 23 27 -11 38 0 T M M 5.5 13 330 M M 9 12 16 340
8 39 26 33 -5 32 0 0.00 M M 6.1 16 330 M M 9 20 330
9 51 18 35 -4 30 0 0.00 M M 8.2 22 170 M M 5 18 30 180
10 64 21 43 4 22 0 0.00 M M 9.8 30 250 M M 6 1 46 250
11 51 30 41 1 24 0 T M M 10.1 21 360 M M 6 27 350
12 45 23 34 -6 31 0 0.00 M M 7.2 20 10 M M 7 26 10
13 55 18 37 -3 28 0 0.00 M M 5.5 14 160 M M 3 18 160
14 61 27 44 4 21 0 0.00 M M 7.3 15 210 M M 5 19 200
15 68 33 51 10 14 0 0.12 M M 8.9 21 30 M M 6 1 31 50
16 34 24 29 -12 36 0 0.09 M M 8.1 22 30 M M 9 1 30 30
17 38 21 30 -11 35 0 0.00 M M 6.0 17 30 M M 6 25 20
18 43 14 29 -13 36 0 0.00 M M 6.6 18 20 M M 1 26 30
19 54 19 37 -5 28 0 0.00 M M 8.2 18 240 M M 4 24 240
20 53 31 42 0 23 0 0.00 M M 5.4 14 270 M M 8 22 350
21 56 27 42 0 23 0 0.00 M M 7.8 22 280 M M 5 34 310
22 44 24 34 -9 31 0 T M M 6.5 17 350 M M 6 1 21 330
23 50 27 39 -4 26 0 0.02 M M 10.8 22 340 M M 5 1 29 40
24 48 21 35 -8 30 0 T M M 4.9 24 280 M M 5 1 29 280
25 37 17 27 -16 38 0 0.03 M M 13.4 31 310 M M 4 1 44 310
26 39 13 26 -18 39 0 T M M 6.4 16 30 M M 5 22 60
27 32 15 24 -20 41 0 0.02 M M 10.7 25 360 M M 7 1 34 360
28 54 13 34 -10 31 0 0.00 M M 7.1 16 360 M M 2 22 170
29 59 20 40 -4 25 0 0.00 M M 5.1 32 350 M M 4 43 340
30 65 23 44 0 21 0 0.00 M M 16.6 39 230 M M 3 56 240
31 49 27 38 -6 27 0 0.00 M M 14.6 40 300 M M 4 54 300
================================================================================
SM 1497 671 922 0 0.28 M 258.6 M 163
================================================================================
AV 48.3 21.6 8.3 FASTST M M 5 MAX(MPH)
MISC ----> 40 300 56 240
================================================================================
NOTES:
# LAST OF SEVERAL OCCURRENCES
COLUMN 17 PEAK WIND IN M.P.H.
PRELIMINARY LOCAL CLIMATOLOGICAL DATA (WS FORM: F-6) , PAGE 2
STATION: CENTENNIAL CO
MONTH: MARCH
YEAR: 2023
LATITUDE: 39 33 N
LONGITUDE: 104 51 W
[TEMPERATURE DATA] [PRECIPITATION DATA] SYMBOLS USED IN COLUMN 16
AVERAGE MONTHLY: 35.0 TOTAL FOR MONTH: 0.28 1 = FOG OR MIST
DPTR FM NORMAL: -5.8 DPTR FM NORMAL: -0.76 2 = FOG REDUCING VISIBILITY
HIGHEST: 68 ON 15 GRTST 24HR 0.21 ON 15-16 TO 1/4 MILE OR LESS
LOWEST: 13 ON 26,28 3 = THUNDER
SNOW, ICE PELLETS, HAIL 4 = ICE PELLETS
TOTAL MONTH: M 5 = HAIL
GRTST 24HR M ON M 6 = FREEZING RAIN OR DRIZZLE
GRTST DEPTH: M ON M 7 = DUSTSTORM OR SANDSTORM:
VSBY 1/2 MILE OR LESS
8 = SMOKE OR HAZE
[NO. OF DAYS WITH] [WEATHER - DAYS WITH] 9 = BLOWING SNOW
X = TORNADO
MAX 32 OR BELOW: 2 0.01 INCH OR MORE: 5
MAX 90 OR ABOVE: 0 0.10 INCH OR MORE: 1
MIN 32 OR BELOW: 30 0.50 INCH OR MORE: 0
MIN 0 OR BELOW: 0 1.00 INCH OR MORE: 0
[HDD (BASE 65) ]
TOTAL THIS MO. 922 CLEAR (SCALE 0-3) 5
DPTR FM NORMAL 172 PTCLDY (SCALE 4-7) 23
TOTAL FM JUL 1 5249 CLOUDY (SCALE 8-10) 3
DPTR FM NORMAL 149
[CDD (BASE 65) ]
TOTAL THIS MO. 0
DPTR FM NORMAL 0 [PRESSURE DATA]
TOTAL FM JAN 1 0 HIGHEST SLP M ON M
DPTR FM NORMAL 0 LOWEST SLP 29.34 ON 30
[REMARKS]
#FINAL-03-23#