000
CXUS55 KBOU 011000
CF6APA
PRELIMINARY LOCAL CLIMATOLOGICAL DATA (WS FORM: F-6)
STATION: CENTENNIAL CO
MONTH: JANUARY
YEAR: 2022
LATITUDE: 39 33 N
LONGITUDE: 104 51 W
TEMPERATURE IN F: :PCPN: SNOW: WIND :SUNSHINE: SKY :PK WND
================================================================================
1 2 3 4 5 6A 6B 7 8 9 10 11 12 13 14 15 16 17 18
12Z AVG MX 2MIN
DY MAX MIN AVG DEP HDD CDD WTR SNW DPTH SPD SPD DIR MIN PSBL S-S WX SPD DR
================================================================================
1 13 -3 5 -26 60 0 0.03 M M 5.4 12 360 M M 7 1 14 360
2 41 4 23 -8 42 0 0.00 M M 7.9 15 180 M M 1 21 170
3 51 22 37 6 28 0 0.00 M M 6.9 21 200 M M 6 27 200
4 47 23 35 4 30 0 0.00 M M 10.7 25 290 M M 5 40 280
5 45 2 24 -7 41 0 0.07 M M 8.1 26 360 M M 6 1 31 360
6 35 1 18 -14 47 0 0.03 M M 4.1 15 290 M M 8 1 21 170
7 61 28 45 13 20 0 0.00 M M 7.5 17 200 M M 6 23 230
8 43 24 34 2 31 0 T M M 7.6 23 240 M M 7 30 240
9 40 16 28 -4 37 0 0.00 M M 3.4 13 200 M M 2 1 15 200
10 54 20 37 5 28 0 0.00 M M 7.1 15 170 M M 1 19 180
11 57 24 41 9 24 0 0.00 M M 5.6 14 160 M M 3 18 150
12 56 29 43 11 22 0 0.00 M M 5.8 14 320 M M 5 19 320
13 61 32 47 15 18 0 0.00 M M 7.3 15 160 M M 6 20 160
14 45 23 34 2 31 0 0.01 M M 11.9 28 20 M M 7 12 40 10
15 47 12 30 -2 35 0 T M M 6.6 16 260 M M 3 19 250
16 57 26 42 10 23 0 0.00 M M 7.6 21 340 M M 5 29 330
17 62 27 45 13 20 0 0.00 M M 6.4 12 20 M M 5 17 30
18 51 27 39 7 26 0 0.00 M M 4.3 16 50 M M 7 23 50
19 41 17 29 -3 36 0 T M M 6.3 15 330 M M 9 16 19 320
20 44 17 31 -1 34 0 0.00 M M 4.0 10 350 M M 2 14 200
21 36 24 30 -2 35 0 0.05 M M 4.3 13 350 M M 8 1 16 220
22 46 20 33 1 32 0 0.00 M M 4.5 17 170 M M 3 21 170
23 50 22 36 4 29 0 0.00 M M 5.2 10 160 M M 2 13 140
24 44 23 34 2 31 0 0.00 M M 6.5 15 60 M M 4 21 60
25 30 11 21 -11 44 0 0.07 M M 9.3 20 360 M M 7 12 27 350
26 42 7 25 -7 40 0 0.00 M M 7.0 15 160 M M 3 21 140
27 28 9 19 -13 46 0 0.03 M M 7.2 21 10 M M 7 18 25 10
28 43 10 27 -5 38 0 0.00 M M 7.0 14 170 M M 0 17 170
29 60 22 41 9 24 0 0.00 M M 5.3 14 360 M M 1 17 250
30 58 18 38 6 27 0 0.00 M M 5.4 14 240 M M 2 16 240
31 61 20 41 9 24 0 0.00 M M 9.0 22 330 M M 3 30 340
================================================================================
SM 1449 557 1003 0 0.29 M 205.2 M 141
================================================================================
AV 46.7 18.0 6.6 FASTST M M 5 MAX(MPH)
MISC ----> 28 20 # 40 280
================================================================================
NOTES:
# LAST OF SEVERAL OCCURRENCES
COLUMN 17 PEAK WIND IN M.P.H.
PRELIMINARY LOCAL CLIMATOLOGICAL DATA (WS FORM: F-6) , PAGE 2
STATION: CENTENNIAL CO
MONTH: JANUARY
YEAR: 2022
LATITUDE: 39 33 N
LONGITUDE: 104 51 W
[TEMPERATURE DATA] [PRECIPITATION DATA] SYMBOLS USED IN COLUMN 16
AVERAGE MONTHLY: 32.4 TOTAL FOR MONTH: 0.29 1 = FOG OR MIST
DPTR FM NORMAL: 0.6 DPTR FM NORMAL: -0.12 2 = FOG REDUCING VISIBILITY
HIGHEST: 62 ON 17 GRTST 24HR 0.23 ON 25-25 TO 1/4 MILE OR LESS
LOWEST: -3 ON 1 3 = THUNDER
SNOW, ICE PELLETS, HAIL 4 = ICE PELLETS
TOTAL MONTH: M 5 = HAIL
GRTST 24HR M ON M 6 = FREEZING RAIN OR DRIZZLE
GRTST DEPTH: M ON M 7 = DUSTSTORM OR SANDSTORM:
VSBY 1/2 MILE OR LESS
8 = SMOKE OR HAZE
[NO. OF DAYS WITH] [WEATHER - DAYS WITH] 9 = BLOWING SNOW
X = TORNADO
MAX 32 OR BELOW: 3 0.01 INCH OR MORE: 7
MAX 90 OR ABOVE: 0 0.10 INCH OR MORE: 0
MIN 32 OR BELOW: 31 0.50 INCH OR MORE: 0
MIN 0 OR BELOW: 1 1.00 INCH OR MORE: 0
[HDD (BASE 65) ]
TOTAL THIS MO. 1003 CLEAR (SCALE 0-3) 13
DPTR FM NORMAL -26 PTCLDY (SCALE 4-7) 16
TOTAL FM JUL 1 2838 CLOUDY (SCALE 8-10) 2
DPTR FM NORMAL -616
[CDD (BASE 65) ]
TOTAL THIS MO. 0
DPTR FM NORMAL 0 [PRESSURE DATA]
TOTAL FM JAN 1 0 HIGHEST SLP 30.65 ON 28
DPTR FM NORMAL 0 LOWEST SLP 29.54 ON 31
[REMARKS]
#FINAL-01-22#