000
CXUS56 KMTR 011000
CF6APC
PRELIMINARY LOCAL CLIMATOLOGICAL DATA (WS FORM: F-6)
STATION: NAPA AIRPORT
MONTH: FEBRUARY
YEAR: 2024
LATITUDE: 38 13 N
LONGITUDE: 122 17 W
TEMPERATURE IN F: :PCPN: SNOW: WIND :SUNSHINE: SKY :PK WND
================================================================================
1 2 3 4 5 6A 6B 7 8 9 10 11 12 13 14 15 16 17 18
12Z AVG MX 2MIN
DY MAX MIN AVG DEP HDD CDD WTR SNW DPTH SPD SPD DIR MIN PSBL S-S WX SPD DR
================================================================================
1 59 47 53 4 12 0 0.34 M M 2.5 16 290 M M 7 1 18 290
2 57 39 48 -1 17 0 0.15 M M 4.2 18 290 M M 4 1 22 270
3 54 39 47 -2 18 0 0.27 M M 8.8 20 90 M M 7 1 26 90
4 64 48 56 7 9 0 1.20 M M 24.8 38 90 M M 10 1 52 90
5 59 45 52 3 13 0 0.12 M M 9.2 22 200 M M 8 30 190
6 58 41 50 0 15 0 0.00 M M 3.6 10 250 M M 5 13 250
7 54 37 46 -4 19 0 0.50 M M 6.3 24 290 M M 7 128 30 280
8 56 33 45 -5 20 0 0.00 M M 3.6 12 90 M M 1 14 70
9 56 34 45 -5 20 0 0.00 M M 4.0 9 350 M M 1 12 200
10 65 40 53 3 12 0 0.00 M M 7.8 21 340 M M 0 26 340
11 60 38 49 -1 16 0 0.00 M M 3.8 10 360 M M 3 13 90
12 61 36 49 -1 16 0 0.00 M M 2.4 10 290 M M 0 1 13 290
13 59 38 49 -1 16 0 0.00 M M 3.7 12 230 M M 3 12 16 210
14 58 47 53 3 12 0 0.14 M M 5.9 21 180 M M 9 1 26 260
15 61 47 54 3 11 0 0.00 M M 3.9 12 210 M M 6 13 210
16 60 45 53 2 12 0 0.00 M M 6.6 15 80 M M 1 1 19 90
17 57 46 52 1 13 0 0.61 M M 9.1 21 210 M M 8 1 28 210
18 64 43 54 3 11 0 0.57 M M 10.3 23 90 M M 6 1 30 90
19 62 50 56 5 9 0 0.14 M M 12.1 29 200 M M 9 18 39 200
20 58 49 54 3 11 0 0.61 M M 4.4 18 210 M M 9 1 24 200
21 57 44 51 0 14 0 0.02 M M 3.5 12 210 M M 7 12 M M
22 63 40 52 1 13 0 0.00 M M 3.4 9 90 M M 4 12 12 90
23 70 38 54 3 11 0 0.00 M M 4.0 12 90 M M 0 16 80
24 72 44 58 6 7 0 0.00 M M 5.9 14 90 M M 0 17 90
25 65 40 53 1 12 0 0.00 M M 5.4 17 270 M M 0 21 270
26 64 43 54 2 11 0 0.00 M M 8.0 20 280 M M 4 1 22 280
27 63 36 50 -2 15 0 0.00 M M 3.9 13 210 M M 0 15 270
28 65 37 51 -1 14 0 0.00 M M 5.2 10 200 M M 0 12 290
29 58 47 53 1 12 0 0.24 M M 14.0 31 200 M M 9 18 40 200
================================================================================
SM 1759 1211 391 0 4.91 M 190.3 M 128
================================================================================
AV 60.7 41.8 6.6 FASTST M M 4 MAX(MPH)
MISC ----> 38 90 52 90
================================================================================
NOTES:
# LAST OF SEVERAL OCCURRENCES
COLUMN 17 PEAK WIND IN M.P.H.
PRELIMINARY LOCAL CLIMATOLOGICAL DATA (WS FORM: F-6) , PAGE 2
STATION: NAPA AIRPORT
MONTH: FEBRUARY
YEAR: 2024
LATITUDE: 38 13 N
LONGITUDE: 122 17 W
[TEMPERATURE DATA] [PRECIPITATION DATA] SYMBOLS USED IN COLUMN 16
AVERAGE MONTHLY: 51.2 TOTAL FOR MONTH: 4.91 1 = FOG OR MIST
DPTR FM NORMAL: 0.8 DPTR FM NORMAL: 0.96 2 = FOG REDUCING VISIBILITY
HIGHEST: 72 ON 24 GRTST 24HR 1.83 ON 31- 1 TO 1/4 MILE OR LESS
LOWEST: 33 ON 8 3 = THUNDER
SNOW, ICE PELLETS, HAIL 4 = ICE PELLETS
TOTAL MONTH: M 5 = HAIL
GRTST 24HR M ON M 6 = FREEZING RAIN OR DRIZZLE
GRTST DEPTH: M ON M 7 = DUSTSTORM OR SANDSTORM:
VSBY 1/2 MILE OR LESS
8 = SMOKE OR HAZE
[NO. OF DAYS WITH] [WEATHER - DAYS WITH] 9 = BLOWING SNOW
X = TORNADO
MAX 32 OR BELOW: 0 0.01 INCH OR MORE: 13
MAX 90 OR ABOVE: 0 0.10 INCH OR MORE: 12
MIN 32 OR BELOW: 0 0.50 INCH OR MORE: 5
MIN 0 OR BELOW: 0 1.00 INCH OR MORE: 1
[HDD (BASE 65) ]
TOTAL THIS MO. 391 CLEAR (SCALE 0-3) 11
DPTR FM NORMAL -16 PTCLDY (SCALE 4-7) 13
TOTAL FM JUL 1 1648 CLOUDY (SCALE 8-10) 5
DPTR FM NORMAL -474
[CDD (BASE 65) ]
TOTAL THIS MO. 0
DPTR FM NORMAL 0 [PRESSURE DATA]
TOTAL FM JAN 1 0 HIGHEST SLP M ON M
DPTR FM NORMAL 0 LOWEST SLP 29.25 ON 4
[REMARKS]
#FINAL-02-24#