000
CXUS53 KAPX 010730
CF6APN
PRELIMINARY LOCAL CLIMATOLOGICAL DATA (WS FORM: F-6)
STATION: ALPENA MI
MONTH: MAY
YEAR: 2022
LATITUDE: 45 4 N
LONGITUDE: 83 34 W
TEMPERATURE IN F: :PCPN: SNOW: WIND :SUNSHINE: SKY :PK WND
================================================================================
1 2 3 4 5 6A 6B 7 8 9 10 11 12 13 14 15 16 17 18
12Z AVG MX 2MIN
DY MAX MIN AVG DEP HDD CDD WTR SNW DPTH SPD SPD DIR MIN PSBL S-S WX SPD DR
================================================================================
1 51 40 46 -2 19 0 0.66 0.0 0 8.7 21 120 M M 10 1 29 110
2 57 43 50 2 15 0 0.01 0.0 0 6.1 14 250 M M 10 19 250
3 47 39 43 -5 22 0 0.20 0.0 0 7.5 16 340 M M 10 1 23 340
4 59 34 47 -2 18 0 0.00 0.0 0 6.3 15 10 M M 1 20 20
5 62 30 46 -3 19 0 0.00 0.0 0 4.6 15 100 M M 0 22 120
6 61 33 47 -3 18 0 0.00 0.0 0 8.6 21 50 M M 0 32 50
7 57 32 45 -5 20 0 0.00 0.0 0 7.9 15 110 M M 0 22 70
8 60 28 44 -6 21 0 0.00 0.0 0 7.7 20 100 M M 0 24 120
9 70 37 54 3 11 0 0.00 0.0 0 12.8 26 140 M M 0 38 120
10 77 52 65 14 0 0 0.00 0.0 0 11.4 24 150 M M 4 31 160
11 79 53 66 14 0 1 0.53 0.0 0 4.8 16 170 M M 2 138 22 160
12 89 48 69 17 0 4 0.00 0.0 0 7.4 23 160 M M 0 30 160
13 83 52 68 16 0 3 0.00 0.0 0 7.3 21 120 M M 0 29 130
14 84 54 69 16 0 4 1.59 0.0 0 5.8 26 330 M M 2 1238 36 200
15 75 54 65 12 0 0 T 0.0 0 6.0 18 20 M M 5 12 23 40
16 70 46 58 4 7 0 T 0.0 0 10.1 22 360 M M 6 28 280
17 61 42 52 -2 13 0 0.00 0.0 0 9.1 18 350 M M 2 28 320
18 65 34 50 -4 15 0 0.00 0.0 0 6.2 15 180 M M 0 20 190
19 76 46 61 6 4 0 0.01 0.0 0 4.9 14 100 M M 5 20 260
20 88 53 71 16 0 6 0.01 0.0 0 10.0 26 180 M M 5 13 39 210
21 70 43 57 2 8 0 0.06 0.0 0 7.7 17 350 M M 5 1 22 360
22 58 41 50 -6 15 0 0.22 0.0 0 7.2 15 320 M M 8 1 22 320
23 60 37 49 -7 16 0 0.00 0.0 0 6.2 13 330 M M 1 18 10
24 62 33 48 -8 17 0 0.00 0.0 0 3.9 13 130 M M 0 19 120
25 58 39 49 -8 16 0 0.36 0.0 0 8.3 16 120 M M 6 1 24 130
26 83 51 67 10 0 2 0.02 0.0 0 8.5 20 220 M M 8 1 31 230
27 66 52 59 2 6 0 0.01 0.0 0 7.5 17 330 M M 8 23 340
28 68 45 57 -1 8 0 T 0.0 0 3.3 13 130 M M 3 17 130
29 79 51 65 7 0 0 T 0.0 0 7.7 18 110 M M 4 24 110
30 91 61 76 18 0 11 0.00 0.0 0 9.7 21 180 M M 0 31 180
31 91 60 76 17 0 11 T 0.0 0 9.6 22 210 M M 2 31 220
================================================================================
SM 2157 1363 288 42 3.68 0.0 232.8 M 107
================================================================================
AV 69.6 44.0 7.5 FASTST M M 3 MAX(MPH)
MISC ----> # 26 140 39 210
================================================================================
NOTES:
# LAST OF SEVERAL OCCURRENCES
COLUMN 17 PEAK WIND IN M.P.H.
PRELIMINARY LOCAL CLIMATOLOGICAL DATA (WS FORM: F-6) , PAGE 2
STATION: ALPENA MI
MONTH: MAY
YEAR: 2022
LATITUDE: 45 4 N
LONGITUDE: 83 34 W
[TEMPERATURE DATA] [PRECIPITATION DATA] SYMBOLS USED IN COLUMN 16
AVERAGE MONTHLY: 56.8 TOTAL FOR MONTH: 3.68 1 = FOG OR MIST
DPTR FM NORMAL: 3.4 DPTR FM NORMAL: 0.90 2 = FOG REDUCING VISIBILITY
HIGHEST: 91 ON 31,30 GRTST 24HR 1.59 ON 14-14 TO 1/4 MILE OR LESS
LOWEST: 28 ON 8 3 = THUNDER
SNOW, ICE PELLETS, HAIL 4 = ICE PELLETS
TOTAL MONTH: 0.0 INCH 5 = HAIL
GRTST 24HR 0.0 6 = FREEZING RAIN OR DRIZZLE
GRTST DEPTH: 0 7 = DUSTSTORM OR SANDSTORM:
VSBY 1/2 MILE OR LESS
8 = SMOKE OR HAZE
[NO. OF DAYS WITH] [WEATHER - DAYS WITH] 9 = BLOWING SNOW
X = TORNADO
MAX 32 OR BELOW: 0 0.01 INCH OR MORE: 12
MAX 90 OR ABOVE: 2 0.10 INCH OR MORE: 6
MIN 32 OR BELOW: 3 0.50 INCH OR MORE: 3
MIN 0 OR BELOW: 0 1.00 INCH OR MORE: 1
[HDD (BASE 65) ]
TOTAL THIS MO. 288 CLEAR (SCALE 0-3) 16
DPTR FM NORMAL -89 PTCLDY (SCALE 4-7) 10
TOTAL FM JUL 1 7500 CLOUDY (SCALE 8-10) 5
DPTR FM NORMAL -224
[CDD (BASE 65) ]
TOTAL THIS MO. 42
DPTR FM NORMAL 27 [PRESSURE DATA]
TOTAL FM JAN 1 42 HIGHEST SLP 30.43 ON 23
DPTR FM NORMAL 26 LOWEST SLP 29.31 ON 20
[REMARKS]
#FINAL-05-22#