000
CXUS53 KAPX 010631
CF6APX
PRELIMINARY LOCAL CLIMATOLOGICAL DATA (WS FORM: F-6)
STATION: GAYLORD WFO
MONTH: MAY
YEAR: 2020
LATITUDE: 45 4 N
LONGITUDE: 84 43 W
TEMPERATURE IN F: :PCPN: SNOW: WIND :SUNSHINE: SKY :PK WND
================================================================================
1 2 3 4 5 6A 6B 7 8 9 10 11 12 13 14 15 16 17 18
12Z AVG MX 2MIN
DY MAX MIN AVG DEP HDD CDD WTR SNW DPTH SPD SPD DIR MIN PSBL S-S WX SPD DR
================================================================================
1 66 31 49 1 16 0 0.00 0.0 0 M M M M M M M M
2 69 46 58 10 7 0 0.04 0.0 0 M M M M M M M M
3 60 35 48 0 17 0 0.00 0.0 0 M M M M M M M M
4 48 34 41 -8 24 0 T T 0 M M M M M M M M
5 51 30 41 -8 24 0 0.00 0.0 0 M M M M M M M M
6 58 30 44 -5 21 0 0.00 0.0 0 M M M M M M M M
7 47 27 37 -13 28 0 T T 0 M M M M M M M M
8 34 25 30 -20 35 0 0.01 0.2 0 M M M M M M M M
9 44 25 35 -15 30 0 0.03 0.8 1 M M M M M M M M
10 41 30 36 -15 29 0 0.05 1.0 T M M M M M M M M
11 40 28 34 -17 31 0 T 0.1 T M M M M M M M M
12 43 26 35 -16 30 0 0.00 0.0 0 M M M M M M M M
13 61 25 43 -9 22 0 0.00 0.0 0 M M M M M M M M
14 52 41 47 -5 18 0 0.11 0.0 0 M M M M M M M M
15 68 45 57 5 8 0 0.01 0.0 0 M M M M M M M M
16 65 41 53 0 12 0 0.00 0.0 0 M M M M M M M M
17 57 44 51 -2 14 0 1.14 0.0 0 M M M M M M M M
18 52 47 50 -3 15 0 1.10 0.0 0 M M M M M M M M
19 66 47 57 3 8 0 0.03 0.0 0 M M M M M M M M
20 75 47 61 7 4 0 0.00 0.0 0 M M M M M M M M
21 80 46 63 9 2 0 0.00 0.0 0 M M M M M M M M
22 78 54 66 11 0 1 0.00 0.0 0 M M M M M M M M
23 77 50 64 9 1 0 0.00 0.0 0 M M M M M M M M
24 73 58 66 11 0 1 0.05 0.0 0 M M M M M M M M
25 86 57 72 16 0 7 0.05 0.0 0 M M M M M M M M
26 88 63 76 20 0 11 0.28 0.0 0 M M M M M M M M
27 88 65 77 21 0 12 T 0.0 0 M M M M M M M M
28 78 59 69 12 0 4 0.93 0.0 0 M M M M M M M M
29 69 48 59 2 6 0 0.08 0.0 0 M M M M M M M M
30 54 35 45 -12 20 0 T 0.0 0 M M M M M M M M
31 61 32 47 -11 18 0 0.00 0.0 0 M M M M M M M M
================================================================================
SM 1929 1271 440 36 3.91 2.1 M M M
================================================================================
AV 62.2 41.0 M FASTST M M 4 MAX(MPH)
MISC ----> M M M M
================================================================================
NOTES:
# LAST OF SEVERAL OCCURRENCES
COLUMN 17 PEAK WIND IN M.P.H.
PRELIMINARY LOCAL CLIMATOLOGICAL DATA (WS FORM: F-6) , PAGE 2
STATION: GAYLORD WFO
MONTH: MAY
YEAR: 2020
LATITUDE: 45 4 N
LONGITUDE: 84 43 W
[TEMPERATURE DATA] [PRECIPITATION DATA] SYMBOLS USED IN COLUMN 16
AVERAGE MONTHLY: 51.6 TOTAL FOR MONTH: 3.91 1 = FOG OR MIST
DPTR FM NORMAL: -1.1 DPTR FM NORMAL: 0.86 2 = FOG REDUCING VISIBILITY
HIGHEST: 88 ON 27,26 GRTST 24HR 1.14 ON 17-17 TO 1/4 MILE OR LESS
LOWEST: 25 ON 13, 9 3 = THUNDER
SNOW, ICE PELLETS, HAIL 4 = ICE PELLETS
TOTAL MONTH: 2.1 INCHES 5 = HAIL
GRTST 24HR 1.0 ON 10-10 6 = FREEZING RAIN OR DRIZZLE
GRTST DEPTH: 1 ON 9 7 = DUSTSTORM OR SANDSTORM:
VSBY 1/2 MILE OR LESS
8 = SMOKE OR HAZE
[NO. OF DAYS WITH] [WEATHER - DAYS WITH] 9 = BLOWING SNOW
X = TORNADO
MAX 32 OR BELOW: 0 0.01 INCH OR MORE: 14
MAX 90 OR ABOVE: 0 0.10 INCH OR MORE: 5
MIN 32 OR BELOW: 11 0.50 INCH OR MORE: 3
MIN 0 OR BELOW: 0 1.00 INCH OR MORE: 2
[HDD (BASE 65) ]
TOTAL THIS MO. 440 CLEAR (SCALE 0-3) 0
DPTR FM NORMAL 45 PTCLDY (SCALE 4-7) 0
TOTAL FM JUL 1 7814 CLOUDY (SCALE 8-10) 0
DPTR FM NORMAL -498
[CDD (BASE 65) ]
TOTAL THIS MO. 36
DPTR FM NORMAL 24 [PRESSURE DATA]
TOTAL FM JAN 1 36 HIGHEST SLP M ON M
DPTR FM NORMAL 23 LOWEST SLP M ON M
[REMARKS]
#FINAL-05-20#