000
CXUS54 KEWX 011110
CF6AQO
PRELIMINARY LOCAL CLIMATOLOGICAL DATA (WS FORM: F-6)
STATION: LLANO MUNICIPAL AIRPORT
MONTH: NOVEMBER
YEAR: 2022
LATITUDE: 30 47 N
LONGITUDE: 98 40 W
TEMPERATURE IN F: :PCPN: SNOW: WIND :SUNSHINE: SKY :PK WND
================================================================================
1 2 3 4 5 6A 6B 7 8 9 10 11 12 13 14 15 16 17 18
12Z AVG MX 2MIN
DY MAX MIN AVG DEP HDD CDD WTR SNW DPTH SPD SPD DIR MIN PSBL S-S WX SPD DR
================================================================================
1 77 52 65 M 0 0 0.00 M M 4.0 10 130 M M 6 15 150
2 77 50 64 M 1 0 0.00 M M 4.0 12 150 M M 6 12 18 150
3 81 64 73 M 0 8 0.00 M M 7.5 17 160 M M 10 1 27 190
4 88 48 68 M 0 3 0.00 M M 11.6 20 210 M M 8 38 210
5 79 37 58 M 7 0 0.00 M M 3.1 7 99 M M 1 18 190
6 88 43 66 M 0 1 0.00 M M 2.3 7 190 M M 1 18 210
7 82 61 72 M 0 7 0.00 M M 3.8 10 70 M M 9 23 17 350
8 81 63 72 M 0 7 0.00 M M 5.0 10 110 M M 6 1 16 99
9 82 66 74 M 0 9 0.00 M M 7.2 14 140 M M 8 21 150
10 81 66 74 M 0 9 0.00 M M 5.9 12 180 M M 10 17 160
11 68 41 55 M 10 0 0.00 M M 8.3 16 340 M M 10 1 32 99
12 55 36 46 M 19 0 0.00 M M 6.9 14 10 M M 4 20 10
13 57 28 43 M 22 0 0.00 M M 4.3 10 130 M M 4 16 120
14 64 43 54 M 11 0 0.00 M M 5.9 17 340 M M 8 18 29 340
15 50 32 41 M 24 0 0.00 M M 6.9 13 330 M M 4 18 300
16 55 34 45 M 20 0 0.00 M M 3.5 10 50 M M 5 17 50
17 59 36 48 M 17 0 0.00 M M 2.8 9 210 M M 8 13 0
18 55 45 50 M 15 0 0.00 M M 2.1 7 50 M M 9 14 0
19 43 37 40 M 25 0 0.00 M M 6.7 12 10 M M 10 18 18 10
20 43 32 38 M 27 0 0.00 M M 0.7 5 360 M M 10 18 M M
21 45 37 41 M 24 0 0.00 M M 0.3 5 90 M M 10 1 M M
22 55 45 50 M 15 0 0.00 M M 0.5 5 140 M M 10 1 M M
23 55 50 53 M 12 0 0.00 M M 2.9 7 110 M M 10 1 M M
24 64 55 60 M 5 0 0.00 0.0 0 3.5 10 40 M M 10 13 25 40
25 57 46 52 M 13 0 0.00 M M 7.9 14 320 M M 10 1 22 30
26 55 39 47 M 18 0 0.00 M M 8.9 18 270 M M 8 1 29 260
27 66 34 50 M 15 0 0.00 M M 2.3 7 290 M M 4 1 M M
28 77 34 56 M 9 0 0.00 M M 3.8 13 190 M M 4 20 180
29 82 50 66 M 0 1 0.00 0.0 M 6.1 17 200 M M 5 24 350
30 54 36 45 M 20 0 0.00 0.0 M 8.7 17 360 M M 5 35 360
================================================================================
SM 1975 1340 329 45 0.00 0.0 147.2 M 213
================================================================================
AV 65.8 44.7 4.9 FASTST M M 7 MAX(MPH)
MISC ----> 20 210 38 210
================================================================================
NOTES:
# LAST OF SEVERAL OCCURRENCES
COLUMN 17 PEAK WIND IN M.P.H.
PRELIMINARY LOCAL CLIMATOLOGICAL DATA (WS FORM: F-6) , PAGE 2
STATION: LLANO MUNICIPAL AIRPORT
MONTH: NOVEMBER
YEAR: 2022
LATITUDE: 30 47 N
LONGITUDE: 98 40 W
[TEMPERATURE DATA] [PRECIPITATION DATA] SYMBOLS USED IN COLUMN 16
AVERAGE MONTHLY: 55.3 TOTAL FOR MONTH: 0.00 1 = FOG OR MIST
DPTR FM NORMAL: 0.0 DPTR FM NORMAL: M 2 = FOG REDUCING VISIBILITY
HIGHEST: 88 ON 6, 4 GRTST 24HR 0.00 ON 1- 1 TO 1/4 MILE OR LESS
LOWEST: 28 ON 13 3 = THUNDER
SNOW, ICE PELLETS, HAIL 4 = ICE PELLETS
TOTAL MONTH: 0.0 INCH 5 = HAIL
GRTST 24HR 0.0 6 = FREEZING RAIN OR DRIZZLE
GRTST DEPTH: 0 7 = DUSTSTORM OR SANDSTORM:
VSBY 1/2 MILE OR LESS
8 = SMOKE OR HAZE
[NO. OF DAYS WITH] [WEATHER - DAYS WITH] 9 = BLOWING SNOW
X = TORNADO
MAX 32 OR BELOW: 0 0.01 INCH OR MORE: 0
MAX 90 OR ABOVE: 0 0.10 INCH OR MORE: 0
MIN 32 OR BELOW: 3 0.50 INCH OR MORE: 0
MIN 0 OR BELOW: 0 1.00 INCH OR MORE: 0
[HDD (BASE 65) ]
TOTAL THIS MO. 329 CLEAR (SCALE 0-3) 2
DPTR FM NORMAL M PTCLDY (SCALE 4-7) 16
TOTAL FM JUL 1 375 CLOUDY (SCALE 8-10) 12
DPTR FM NORMAL M
[CDD (BASE 65) ]
TOTAL THIS MO. 45
DPTR FM NORMAL M [PRESSURE DATA]
TOTAL FM JAN 1 3400 HIGHEST SLP M ON M
DPTR FM NORMAL M LOWEST SLP M ON M
[REMARKS]
#FINAL-11-22#