000
CXUS54 KEWX 051820
CF6AQO
PRELIMINARY LOCAL CLIMATOLOGICAL DATA (WS FORM: F-6)
STATION: LLANO MUNICIPAL AIRPORT
MONTH: JULY
YEAR: 2022
LATITUDE: 30 47 N
LONGITUDE: 98 40 W
TEMPERATURE IN F: :PCPN: SNOW: WIND :SUNSHINE: SKY :PK WND
================================================================================
1 2 3 4 5 6A 6B 7 8 9 10 11 12 13 14 15 16 17 18
12Z AVG MX 2MIN
DY MAX MIN AVG DEP HDD CDD WTR SNW DPTH SPD SPD DIR MIN PSBL S-S WX SPD DR
================================================================================
1 99 73 86 M 0 21 0.00 M M 4.6 12 110 M M 1 17 70
2 100 73 87 M 0 22 0.00 M M 4.8 10 170 M M 1 18 130
3 100 75 88 M 0 23 0.00 M M 6.6 12 200 M M 4 20 140
4 99 73 86 M 0 21 0.00 M M 7.8 14 170 M M 2 21 180
5 102 75 89 M 0 24 0.00 M M 6.9 13 160 M M 2 21 150
6 102 73 88 M 0 23 0.00 M M 6.2 10 140 M M 3 21 160
7 102 75 89 M 0 24 0.00 0.0 M 5.8 10 210 M M 1 16 99
8 104 75 90 M 0 25 0.00 0.0 M 4.6 12 120 M M 1 17 99
9 106 77 92 M 0 27 0.00 M M 3.8 10 40 M M 2 17 90
10 108 77 93 M 0 28 0.00 M M 4.4 10 200 M M 1 22 60
11 108 73 91 M 0 26 0.00 M M 4.3 12 250 M M 3 22 150
12 106 77 92 M 0 27 0.00 0.0 M 4.9 13 100 M M 3 3 28 320
13 106 73 90 M 0 25 0.00 0.0 M 4.5 12 120 M M 3 18 120
14 104 70 87 M 0 22 0.00 M M 3.8 25 40 M M 4 13 44 40
15 97 70 84 M 0 19 0.00 M M 4.0 13 160 M M 2 21 90
16 99 72 86 M 0 21 0.00 M M 3.4 8 100 M M 5 15 140
17 100 72 86 M 0 21 0.00 M M 2.9 9 160 M M 3 15 160
18 104 72 88 M 0 23 0.00 M M 5.3 13 200 M M 3 17 150
19 104 75 90 M 0 25 0.00 M M 7.3 14 190 M M 1 17 99
20 104 75 90 M 0 25 0.00 M M 6.5 13 150 M M 1 21 90
21 100 79 90 M 0 25 0.00 M M 7.4 15 120 M M 5 28 120
22 100 77 89 M 0 24 0.00 M M 6.8 12 180 M M 3 20 99
23 100 72 86 M 0 21 0.00 M M 6.4 13 160 M M 3 24 150
24 102 75 89 M 0 24 0.00 M M 8.0 14 190 M M 3 23 190
25 102 73 88 M 0 23 0.00 M M 7.8 13 160 M M 1 23 180
26 104 72 88 M 0 23 0.00 M M 6.6 13 190 M M 2 18 170
27 100 73 87 M 0 22 0.00 M M 6.2 10 150 M M 2 22 150
28 100 77 89 M 0 24 0.00 M M 6.8 10 130 M M 3 17 160
29 102 73 88 M 0 23 0.00 M M 6.8 14 140 M M 3 18 140
30 102 73 88 M 0 23 0.00 M M 7.7 14 190 M M 3 24 160
31 102 75 89 M 0 24 0.00 M M 6.4 13 140 M M 3 23 150
================================================================================
SM 3168 2294 0 728 0.00 0.0 179.0 M 77
================================================================================
AV102.2 74.0 5.8 FASTST M M 2 MAX(MPH)
MISC ----> 25 40 44 40
================================================================================
NOTES:
# LAST OF SEVERAL OCCURRENCES
COLUMN 17 PEAK WIND IN M.P.H.
PRELIMINARY LOCAL CLIMATOLOGICAL DATA (WS FORM: F-6) , PAGE 2
STATION: LLANO MUNICIPAL AIRPORT
MONTH: JULY
YEAR: 2022
LATITUDE: 30 47 N
LONGITUDE: 98 40 W
[TEMPERATURE DATA] [PRECIPITATION DATA] SYMBOLS USED IN COLUMN 16
AVERAGE MONTHLY: 88.1 TOTAL FOR MONTH: 0.00 1 = FOG OR MIST
DPTR FM NORMAL: 0.0 DPTR FM NORMAL: M 2 = FOG REDUCING VISIBILITY
HIGHEST: 108 ON 10,11 GRTST 24HR 0.00 ON 3- 3 TO 1/4 MILE OR LESS
LOWEST: 70 ON 15,14 3 = THUNDER
SNOW, ICE PELLETS, HAIL 4 = ICE PELLETS
TOTAL MONTH: 0.0 INCH 5 = HAIL
GRTST 24HR 0.0 6 = FREEZING RAIN OR DRIZZLE
GRTST DEPTH: M ON M 7 = DUSTSTORM OR SANDSTORM:
VSBY 1/2 MILE OR LESS
8 = SMOKE OR HAZE
[NO. OF DAYS WITH] [WEATHER - DAYS WITH] 9 = BLOWING SNOW
X = TORNADO
MAX 32 OR BELOW: 0 0.01 INCH OR MORE: 0
MAX 90 OR ABOVE: 31 0.10 INCH OR MORE: 0
MIN 32 OR BELOW: 0 0.50 INCH OR MORE: 0
MIN 0 OR BELOW: 0 1.00 INCH OR MORE: 0
[HDD (BASE 65) ]
TOTAL THIS MO. 0 CLEAR (SCALE 0-3) 24
DPTR FM NORMAL M PTCLDY (SCALE 4-7) 7
TOTAL FM JUL 1 0 CLOUDY (SCALE 8-10) 0
DPTR FM NORMAL M
[CDD (BASE 65) ]
TOTAL THIS MO. 728
DPTR FM NORMAL M [PRESSURE DATA]
TOTAL FM JAN 1 2136 HIGHEST SLP M ON M
DPTR FM NORMAL M LOWEST SLP M ON M
[REMARKS]
#FINAL-07-22#