000
CXUS54 KLCH 010952
CLMARA
CLIMATE REPORT
NATIONAL WEATHER SERVICE LAKE CHARLES, LA
452 AM CDT TUE AUG 01 2023
...................................
...THE NEW IBERIA CLIMATE SUMMARY FOR THE MONTH OF JULY 2023...
CLIMATE NORMAL PERIOD: 1991 TO 2020
CLIMATE RECORD PERIOD: 1948 TO 2023
WEATHER OBSERVED NORMAL DEPART LAST YEAR`S
VALUE DATE(S) VALUE FROM VALUE DATE(S)
NORMAL
................................................................
TEMPERATURE (F)
RECORD
HIGH 104 07/31/2023
LOW 60 07/15/1967
HIGHEST 104R 07/31 MM MM 97 07/12
LOWEST 72 07/24 MM MM 72 07/22
AVG. MAXIMUM 96.5 91.5 5.0 91.5
AVG. MINIMUM 76.7 74.3 2.4 75.7
MEAN 86.6 82.9 3.7 83.6
DAYS MAX >= 90 31 23.1 7.9 24
DAYS MAX <= 32 0 0.0 0.0 0
DAYS MIN <= 32 0 0.0 0.0 0
DAYS MIN <= 0 0 0.0 0.0 0
PRECIPITATION (INCHES)
RECORD
MAXIMUM 17.89 1986
MINIMUM 1.91 1956
TOTALS 2.35 6.71 -4.36 6.52
DAILY AVG. 0.08 0.22 -0.14 0.21
DAYS >= .01 10 15.4 -5.4 17
DAYS >= .10 4 9.9 -5.9 11
DAYS >= .50 2 4.1 -2.1 4
DAYS >= 1.00 1 1.4 -0.4 2
GREATEST
24 HR. TOTAL 1.10 07/05 TO 07/05
SNOWFALL (INCHES)
RECORDS
TOTAL 0.0 5
TOTALS 0.0 MM MM MM
SINCE 7/1 MM MM MM MM
SNOWDEPTH AVG. 0 MM
DAYS >= 1.0 0 MM MM MM
GREATEST
SNOW DEPTH MM MM MM
24 HR TOTAL MM
DEGREE DAYS
HEATING TOTAL 0 0 0 0
SINCE 7/1 0 0 0 MM
COOLING TOTAL 680 555 125 584
SINCE 1/1 2087 1650 437 MM
................................................................
WIND (MPH)
AVERAGE WIND SPEED 5.2
HIGHEST WIND SPEED/DIRECTION 32/360 DATE 07/10
HIGHEST GUST SPEED/DIRECTION 41/360 DATE 07/10
SKY COVER
POSSIBLE SUNSHINE (PERCENT) MM
AVERAGE SKY COVER 0.14
NUMBER OF DAYS FAIR 30
NUMBER OF DAYS PC 1
NUMBER OF DAYS CLOUDY 0
AVERAGE RH (PERCENT) 71
WEATHER CONDITIONS. NUMBER OF DAYS WITH
THUNDERSTORM 11 MIXED PRECIP 0
HEAVY RAIN 5 RAIN 4
LIGHT RAIN 12 FREEZING RAIN 0
LT FREEZING RAIN 0 HAIL 0
HEAVY SNOW 0 SNOW 0
LIGHT SNOW 0 SLEET 0
FOG 13 FOG W/VIS <= 1/4 MILE 0
HAZE 2
- INDICATES NEGATIVE NUMBERS.
R INDICATES RECORD WAS SET OR TIED.
MM INDICATES DATA IS MISSING.
T INDICATES TRACE AMOUNT.
$$