000
CXUS54 KHGX 021411
CF6ARM
PRELIMINARY LOCAL CLIMATOLOGICAL DATA (WS FORM: F-6)
STATION: Wharton
MONTH: MARCH
YEAR: 2022
LATITUDE: 29 15 N
LONGITUDE: 96 9 W
TEMPERATURE IN F: :PCPN: SNOW: WIND :SUNSHINE: SKY :PK WND
================================================================================
1 2 3 4 5 6A 6B 7 8 9 10 11 12 13 14 15 16 17 18
12Z AVG MX 2MIN
DY MAX MIN AVG DEP HDD CDD WTR SNW DPTH SPD SPD DIR MIN PSBL S-S WX SPD DR
================================================================================
1 70 32 51 M 14 0 0.00 0.0 0 2.7 8 210 M M 0 1 M M
2 74 37 56 M 9 0 0.00 0.0 0 3.5 13 170 M M 2 12 M M
3 79 48 64 M 1 0 0.00 0.0 0 4.3 12 160 M M 4 12 M M
4 79 56 68 M 0 3 0.00 0.0 0 9.4 18 160 M M 8 1 23 160
5 81 65 73 M 0 8 T 0.0 0 13.9 25 170 M M 8 33 170
6 82 67 75 M 0 10 0.00 0.0 0 14.8 24 150 M M 9 31 160
7 71 48 60 M 5 0 0.07 0.0 0 14.5 25 350 M M 10 30 350
8 49 43 46 M 19 0 0.01 0.0 0 11.4 17 10 M M 10 1 24 10
9 58 40 49 M 16 0 0.01 0.0 0 6.1 13 10 M M 5 21 20
10 75 35 55 M 10 0 M 0.0 0 5.0 14 150 M M 2 1 18 150
11 62 38 50 M 15 0 M M M 15.1 30 340 M M 8 39 340
12 57 27 42 M 23 0 M 0.0 0 6.8 21 360 M M 0 32 360
13 66 27 47 M 18 0 M 0.0 0 7.2 16 140 M M 5 24 160
14 79 54 67 M 0 2 0.64 0.0 0 10.3 21 180 M M 7 3 32 200
15 75 52 64 M 1 0 0.08 0.0 0 9.4 17 300 M M 2 1 36 290
16 77 44 61 M 4 0 0.00 0.0 0 4.7 14 170 M M 0 M M
17 77 53 65 M 0 0 0.15 0.0 0 10.5 22 140 M M 6 18 27 140
18 72 52 62 M 3 0 0.00 0.0 0 12.9 24 340 M M 2 1 32 340
19 76 44 60 M 5 0 0.00 0.0 0 4.9 12 70 M M 0 20 30
20 76 39 58 M 7 0 M 0.0 0 7.2 17 110 M M 1 23 110
21 75 61 68 M 0 3 0.11 0.0 0 19.4 31 150 M M 10 1 40 150
22 72 49 61 M 4 0 0.60 0.0 0 13.8 21 300 M M 4 13 36 300
23 68 44 56 M 9 0 M M M 7.8 17 300 M M 0 22 340
24 70 46 58 M 7 0 0.00 0.0 0 8.5 21 290 M M 0 29 290
25 83 42 63 M 2 0 0.00 0.0 0 3.1 8 210 M M 0 18 M M
26 84 53 69 M 0 4 0.00 0.0 0 7.6 16 180 M M 1 1 20 190
27 81 56 69 M 0 4 0.00 0.0 0 9.4 17 160 M M 2 12 28 160
28 82 58 70 M 0 5 0.00 0.0 0 11.2 20 170 M M 7 27 170
29 82 67 75 M 0 10 M 0.0 0 18.4 29 170 M M 8 36 150
30 84 59 72 M 0 7 0.07 0.0 0 15.8 24 160 M M 5 1 32 250
31 76 46 61 M 4 0 M 0.0 0 4.6 10 30 M M 0 21 30
================================================================================
SM 2292 1482 176 56 1.74 0.0 294.2 M 126
================================================================================
AV 73.9 47.8 9.5 FASTST M M 4 MAX(MPH)
MISC ----> 31 150 40 150
================================================================================
NOTES:
# LAST OF SEVERAL OCCURRENCES
COLUMN 17 PEAK WIND IN M.P.H.
PRELIMINARY LOCAL CLIMATOLOGICAL DATA (WS FORM: F-6) , PAGE 2
STATION: Wharton
MONTH: MARCH
YEAR: 2022
LATITUDE: 29 15 N
LONGITUDE: 96 9 W
[TEMPERATURE DATA] [PRECIPITATION DATA] SYMBOLS USED IN COLUMN 16
AVERAGE MONTHLY: 60.9 TOTAL FOR MONTH: 1.74 1 = FOG OR MIST
DPTR FM NORMAL: 0.0 DPTR FM NORMAL: M 2 = FOG REDUCING VISIBILITY
HIGHEST: 84 ON 30,26 GRTST 24HR 0.64 ON 14-14 TO 1/4 MILE OR LESS
LOWEST: 27 ON 13,12 3 = THUNDER
SNOW, ICE PELLETS, HAIL 4 = ICE PELLETS
TOTAL MONTH: 0.0 INCH 5 = HAIL
GRTST 24HR 0.0 6 = FREEZING RAIN OR DRIZZLE
GRTST DEPTH: 0 7 = DUSTSTORM OR SANDSTORM:
VSBY 1/2 MILE OR LESS
8 = SMOKE OR HAZE
[NO. OF DAYS WITH] [WEATHER - DAYS WITH] 9 = BLOWING SNOW
X = TORNADO
MAX 32 OR BELOW: 0 0.01 INCH OR MORE: 9
MAX 90 OR ABOVE: 0 0.10 INCH OR MORE: 4
MIN 32 OR BELOW: 3 0.50 INCH OR MORE: 2
MIN 0 OR BELOW: 0 1.00 INCH OR MORE: 0
[HDD (BASE 65) ]
TOTAL THIS MO. 176 CLEAR (SCALE 0-3) 15
DPTR FM NORMAL M PTCLDY (SCALE 4-7) 12
TOTAL FM JUL 1 1256 CLOUDY (SCALE 8-10) 4
DPTR FM NORMAL M
[CDD (BASE 65) ]
TOTAL THIS MO. 56
DPTR FM NORMAL M [PRESSURE DATA]
TOTAL FM JAN 1 82 HIGHEST SLP M ON M
DPTR FM NORMAL M LOWEST SLP M ON M
[REMARKS]
#FINAL-03-22#