464
CXUS54 KHGX 310709
CF6ARM
PRELIMINARY LOCAL CLIMATOLOGICAL DATA (WS FORM: F-6)
STATION: Wharton
MONTH: APRIL
YEAR: 2020
LATITUDE: 29 15 N
LONGITUDE: 96 9 W
TEMPERATURE IN F: :PCPN: SNOW: WIND :SUNSHINE: SKY :PK WND
================================================================================
1 2 3 4 5 6A 6B 7 8 9 10 11 12 13 14 15 16 17 18
12Z AVG MX 2MIN
DY MAX MIN AVG DEP HDD CDD WTR SNW DPTH SPD SPD DIR MIN PSBL S-S WX SPD DR
================================================================================
1 77 48 63 M 2 0 0.00 0.0 0 6.7 13 140 M M 1 18 120
2 76 58 67 M 0 2 0.00 0.0 0 7.9 17 130 M M 7 25 130
3 79 62 71 M 0 6 0.44 0.0 0 7.3 14 90 M M 8 3 20 100
4 65 49 57 M 8 0 0.35 M 0 11.5 17 360 M M 10 1 24 350
5 74 53 64 M 1 0 0.00 0.0 0 7.3 14 350 M M 8 1 17 70
6 78 62 70 M 0 5 0.00 0.0 0 4.5 9 120 M M 10 12 M M
7 85 72 79 M 0 14 0.00 0.0 0 6.2 9 170 M M 7 12 M M
8 87 72 80 M 0 15 0.00 0.0 0 5.5 9 160 M M 6 1 M M
9 88 68 78 M 0 13 0.15 0.0 0 5.2 24 350 M M 5 13 30 350
10 75 65 70 M 0 5 0.00 0.0 0 7.9 13 100 M M 3 18 40
11 82 60 71 M 0 6 0.00 0.0 0 9.6 20 140 M M 6 24 140
12 89 58 74 M 0 9 0.00 0.0 0 13.1 22 280 M M 5 8 30 280
13 68 48 58 M 7 0 0.00 0.0 0 12.5 20 350 M M 0 29 360
14 69 46 58 M 7 0 0.00 0.0 0 10.6 17 340 M M 2 22 10
15 69 45 57 M 8 0 0.00 0.0 0 6.1 14 360 M M 0 17 360
16 78 46 62 M 3 0 0.00 0.0 0 6.6 15 140 M M 0 20 130
17 80 62 71 M 0 6 0.14 0.0 0 5.2 12 140 M M 9 1 M M
18 71 56 64 M 1 0 0.02 0.0 0 7.3 15 350 M M 10 1 21 330
19 85 65 75 M 0 10 0.76 0.0 0 5.8 15 170 M M 7 1238 18 190
20 86 56 71 M 0 6 0.00 0.0 0 5.3 10 120 M M 4 128 M M
21 85 65 75 M 0 10 0.00 0.0 0 7.2 14 130 M M 6 1 18 130
22 83 71 77 M 0 12 0.00 0.0 0 12.2 22 180 M M 10 13 28 170
23 87 58 73 M 0 8 0.00 0.0 0 9.9 24 350 M M 3 1 30 350
24 89 56 73 M 0 8 0.00 0.0 0 7.6 16 200 M M 2 12 21 170
25 80 58 69 M 0 4 0.00 0.0 0 7.8 14 360 M M 3 20 10
26 85 54 70 M 0 5 0.00 0.0 0 5.0 10 70 M M 1 M M
27 83 55 69 M 0 4 0.00 0.0 0 10.6 20 140 M M 5 27 140
28 87 72 80 M 0 15 0.00 0.0 0 12.8 21 170 M M 8 3 27 180
29 80 59 70 M 0 5 1.01 0.0 0 10.3 17 170 M M 4 3 30 20
30 80 54 67 M 0 2 0.00 0.0 0 2.5 8 360 M M 0 M M
================================================================================
SM 2400 1753 37 170 2.87 0.0 238.0 M 150
================================================================================
AV 80.0 58.4 7.9 FASTST M M 5 MAX(MPH)
MISC ----> # 24 350 # 30 350
================================================================================
NOTES:
# LAST OF SEVERAL OCCURRENCES
COLUMN 17 PEAK WIND IN M.P.H.
PRELIMINARY LOCAL CLIMATOLOGICAL DATA (WS FORM: F-6) , PAGE 2
STATION: Wharton
MONTH: APRIL
YEAR: 2020
LATITUDE: 29 15 N
LONGITUDE: 96 9 W
[TEMPERATURE DATA] [PRECIPITATION DATA] SYMBOLS USED IN COLUMN 16
AVERAGE MONTHLY: 69.2 TOTAL FOR MONTH: 2.87 1 = FOG OR MIST
DPTR FM NORMAL: M DPTR FM NORMAL: M 2 = FOG REDUCING VISIBILITY
HIGHEST: 89 ON 24,12 GRTST 24HR 1.01 ON 29-29 TO 1/4 MILE OR LESS
LOWEST: 45 ON 15 3 = THUNDER
SNOW, ICE PELLETS, HAIL 4 = ICE PELLETS
TOTAL MONTH: 0.0 INCH 5 = HAIL
GRTST 24HR 0.0 6 = FREEZING RAIN OR DRIZZLE
GRTST DEPTH: 0 7 = DUSTSTORM OR SANDSTORM:
VSBY 1/2 MILE OR LESS
8 = SMOKE OR HAZE
[NO. OF DAYS WITH] [WEATHER - DAYS WITH] 9 = BLOWING SNOW
X = TORNADO
MAX 32 OR BELOW: 0 0.01 INCH OR MORE: 7
MAX 90 OR ABOVE: 0 0.10 INCH OR MORE: 6
MIN 32 OR BELOW: 0 0.50 INCH OR MORE: 2
MIN 0 OR BELOW: 0 1.00 INCH OR MORE: 1
[HDD (BASE 65) ]
TOTAL THIS MO. 37 CLEAR (SCALE 0-3) 11
DPTR FM NORMAL M PTCLDY (SCALE 4-7) 12
TOTAL FM JUL 1 1145 CLOUDY (SCALE 8-10) 7
DPTR FM NORMAL M
[CDD (BASE 65) ]
TOTAL THIS MO. 170
DPTR FM NORMAL M [PRESSURE DATA]
TOTAL FM JAN 1 405 HIGHEST SLP M ON M
DPTR FM NORMAL M LOWEST SLP M ON M
[REMARKS]
#FINAL-04-20#